{"id":8,"date":"2024-11-29T13:38:37","date_gmt":"2024-11-29T16:38:37","guid":{"rendered":"https:\/\/www.santafe.gob.ar\/ms\/apsv\/?page_id=8"},"modified":"2025-08-26T19:36:24","modified_gmt":"2025-08-26T17:36:24","slug":"pone-de-moda-usar-el-casco","status":"publish","type":"page","link":"https:\/\/www.santafe.gob.ar\/ms\/apsv\/pone-de-moda-usar-el-casco\/","title":{"rendered":"Pon\u00e9 de moda usar el casco"},"content":{"rendered":"\n<main class=\"wp-block-group data-page_single is-layout-constrained wp-block-group-is-layout-constrained\">\n<section class=\"wp-block-group data-section_hero is-layout-constrained wp-block-group-is-layout-constrained\">\n<div class=\"wp-block-group data-block_grid is-layout-constrained wp-block-group-is-layout-constrained\">\n<div class=\"wp-block-group data-area_container is-layout-constrained wp-block-group-is-layout-constrained\">\n<div class=\"wp-block-cover is-light\"><span aria-hidden=\"true\" class=\"wp-block-cover__background has-background-dim\" style=\"background-color:#FFF\"><\/span><div class=\"wp-block-cover__inner-container is-layout-constrained wp-block-cover-is-layout-constrained\">\n<div class=\"wp-block-group data-wrapper_data is-layout-constrained wp-block-group-is-layout-constrained\">\n<ul class=\"wp-block-list\">\n<li>Santa Fe Provincia<\/li>\n\n\n\n<li>APSV<\/li>\n<\/ul>\n\n\n\n<h2 class=\"wp-block-heading data-title_main\">Pone de moda <strong>usar casco<\/strong><\/h2>\n\n\n\n<p>Cuando estas seguro, todo te queda bien.<\/p>\n<\/div>\n\n\n\n<div class=\"wp-block-group data-wrapper_image is-layout-constrained wp-block-group-is-layout-constrained\">\n<figure class=\"wp-block-image size-large\"><img loading=\"lazy\" decoding=\"async\" width=\"993\" height=\"1024\" src=\"https:\/\/www.santafe.gob.ar\/ms\/apsv\/wp-content\/uploads\/sites\/51\/2024\/12\/image-01-993x1024.webp\" alt=\"\" class=\"wp-image-539\" srcset=\"https:\/\/www.santafe.gob.ar\/ms\/apsv\/wp-content\/uploads\/sites\/51\/2024\/12\/image-01-993x1024.webp 993w, https:\/\/www.santafe.gob.ar\/ms\/apsv\/wp-content\/uploads\/sites\/51\/2024\/12\/image-01-291x300.webp 291w, https:\/\/www.santafe.gob.ar\/ms\/apsv\/wp-content\/uploads\/sites\/51\/2024\/12\/image-01-768x792.webp 768w, https:\/\/www.santafe.gob.ar\/ms\/apsv\/wp-content\/uploads\/sites\/51\/2024\/12\/image-01.webp 1110w\" sizes=\"auto, (max-width: 993px) 100vw, 993px\" \/><\/figure>\n<\/div>\n<\/div><\/div>\n<\/div>\n<\/div>\n<\/section>\n\n\n\n<section class=\"wp-block-group data-section_banner is-layout-constrained wp-block-group-is-layout-constrained\">\n<div class=\"wp-block-group data-block_grid is-layout-constrained wp-block-group-is-layout-constrained\">\n<div class=\"wp-block-group data-area_container is-layout-constrained wp-block-group-is-layout-constrained\">\n<h3 class=\"wp-block-heading data-title_main\">La <strong>problematica<\/strong><\/h3>\n\n\n\n<p>Seg\u00fan el Observatorio Vial de la APSV, los motociclistas encabezan la tasa de fallecidos a causa de los siniestros viales.<\/p>\n\n\n\n<div class=\"wp-block-group data-component_text is-layout-constrained wp-block-group-is-layout-constrained\">\n<p>En la provincia de Santa Fe, seg\u00fan los datos 2023 de los siniestros viales fatales, el principal grupo fueron los usuarios de motos alcanzando el 51% del total de fallecidos. Son 15 las localidades que acumulan mas del 50% de estos hechos viales en moto, entre ellas se encuentran las zonas urbanas de Rosario, Santa Fe, Venado Tuerto, Reconquista y Rafaela.<\/p>\n\n\n\n<p>Seg\u00fan el Observatorio Vial, en lo que va de 2024 (datos preliminares) de las 163 personas fallecidas en siniestros viales a lo largo del territorio provincial, 67 eran motociclistas. Esta cifra representa el 41% del total y encabeza la n\u00f3mina, seguido por autos (27%) y pickups (12%).<\/p>\n\n\n\n<p>El informe 2023 del Observatorio Vial de la Agencia Provincial de Seguridad Vial (APSV) arroja una preocupante cifra: 7 de cada 10 motociclistas fallecidos en siniestros viales ocurridos en 2023 no llevaba casco al momento del siniestro.<\/p>\n<\/div>\n<\/div>\n<\/div>\n<\/section>\n\n\n\n<section class=\"wp-block-group data-section_banner is-layout-constrained wp-block-group-is-layout-constrained\">\n<div class=\"wp-block-group data-block_grid is-layout-constrained wp-block-group-is-layout-constrained\">\n<div class=\"wp-block-group data-area_container is-layout-constrained wp-block-group-is-layout-constrained\">\n<h3 class=\"wp-block-heading data-title_main\">Clinicas de <strong>conduccion segura<\/strong>de motos<\/h3>\n\n\n\n<div class=\"wp-block-group data-component_text is-layout-constrained wp-block-group-is-layout-constrained\">\n<p>Desde la Agencia estamos recorriendo la provincia con las Cl\u00ednicas de Conducci\u00f3n Segura de Motos a cargo de instructores certificados donde se forma a los conductores en t\u00e9cnicas para un manejo seguro. El Programa prev\u00e9 realizar estas instancias en las 12 ciudades m\u00e1s grandes de la provincia con problem\u00e1ticas de siniestralidad en moto graves durante este a\u00f1o. Se visitaron las ciudades de Santa Fe, Santo Tome, Avellaneda, Reconquista y Venado Tuerto, Firmat, Tostado, Rafaela,, Rosario, Villa Gobernador G\u00e1lvez, Sunchales y Frontera alcanzando a m\u00e1s de 700 motociclistas.<\/p>\n\n\n\n<p>Durante las Cl\u00ednicas se desarrollan contenidos sobre buenas pr\u00e1cticas de conducci\u00f3n, postura y gesti\u00f3n de la mirada, t\u00e9cnicas de frenado de emergencia, y el uso adecuado del casco y equipo de protecci\u00f3n. Al finalizar se canjean los cascos usados de los participantes por nuevos y homologados que entrega la APSV.<\/p>\n<\/div>\n<\/div>\n<\/div>\n<\/section>\n\n\n\n<section class=\"wp-block-group data-section_slider-01 is-layout-constrained wp-block-group-is-layout-constrained\">\n<div class=\"wp-block-group data-block_grid is-layout-constrained wp-block-group-is-layout-constrained\">\n<div class=\"wp-block-group data-area_container is-layout-constrained wp-block-group-is-layout-constrained\">\n<div class=\"wp-block-group swiper is-layout-constrained wp-block-group-is-layout-constrained\">\n<div class=\"wp-block-group swiper-wrapper is-layout-constrained wp-block-group-is-layout-constrained\">\n<div class=\"wp-block-group swiper-slide is-layout-constrained wp-block-group-is-layout-constrained\">\n<figure class=\"wp-block-image size-full\"><img loading=\"lazy\" decoding=\"async\" width=\"863\" height=\"647\" src=\"https:\/\/www.santafe.gob.ar\/ms\/apsv\/wp-content\/uploads\/sites\/51\/2024\/12\/banner-01.webp\" alt=\"\" class=\"wp-image-530\" srcset=\"https:\/\/www.santafe.gob.ar\/ms\/apsv\/wp-content\/uploads\/sites\/51\/2024\/12\/banner-01.webp 863w, https:\/\/www.santafe.gob.ar\/ms\/apsv\/wp-content\/uploads\/sites\/51\/2024\/12\/banner-01-300x225.webp 300w, https:\/\/www.santafe.gob.ar\/ms\/apsv\/wp-content\/uploads\/sites\/51\/2024\/12\/banner-01-768x576.webp 768w\" sizes=\"auto, (max-width: 863px) 100vw, 863px\" \/><\/figure>\n<\/div>\n\n\n\n<div class=\"wp-block-group swiper-slide is-layout-constrained wp-block-group-is-layout-constrained\">\n<figure class=\"wp-block-image size-full\"><img loading=\"lazy\" decoding=\"async\" width=\"993\" height=\"647\" src=\"https:\/\/www.santafe.gob.ar\/ms\/apsv\/wp-content\/uploads\/sites\/51\/2024\/12\/banner-02.webp\" alt=\"\" class=\"wp-image-531\" srcset=\"https:\/\/www.santafe.gob.ar\/ms\/apsv\/wp-content\/uploads\/sites\/51\/2024\/12\/banner-02.webp 993w, https:\/\/www.santafe.gob.ar\/ms\/apsv\/wp-content\/uploads\/sites\/51\/2024\/12\/banner-02-300x195.webp 300w, https:\/\/www.santafe.gob.ar\/ms\/apsv\/wp-content\/uploads\/sites\/51\/2024\/12\/banner-02-768x500.webp 768w\" sizes=\"auto, (max-width: 993px) 100vw, 993px\" \/><\/figure>\n<\/div>\n\n\n\n<div class=\"wp-block-group swiper-slide is-layout-constrained wp-block-group-is-layout-constrained\">\n<figure class=\"wp-block-image size-large\"><img loading=\"lazy\" decoding=\"async\" width=\"1024\" height=\"512\" src=\"https:\/\/www.santafe.gob.ar\/ms\/apsv\/wp-content\/uploads\/sites\/51\/2024\/12\/banner-03-1024x512.webp\" alt=\"\" class=\"wp-image-532\" srcset=\"https:\/\/www.santafe.gob.ar\/ms\/apsv\/wp-content\/uploads\/sites\/51\/2024\/12\/banner-03-1024x512.webp 1024w, https:\/\/www.santafe.gob.ar\/ms\/apsv\/wp-content\/uploads\/sites\/51\/2024\/12\/banner-03-300x150.webp 300w, https:\/\/www.santafe.gob.ar\/ms\/apsv\/wp-content\/uploads\/sites\/51\/2024\/12\/banner-03-768x384.webp 768w, https:\/\/www.santafe.gob.ar\/ms\/apsv\/wp-content\/uploads\/sites\/51\/2024\/12\/banner-03.webp 1293w\" sizes=\"auto, (max-width: 1024px) 100vw, 1024px\" \/><\/figure>\n<\/div>\n\n\n\n<div class=\"wp-block-group swiper-slide is-layout-constrained wp-block-group-is-layout-constrained\">\n<figure class=\"wp-block-image size-full\"><img loading=\"lazy\" decoding=\"async\" width=\"863\" height=\"647\" src=\"https:\/\/www.santafe.gob.ar\/ms\/apsv\/wp-content\/uploads\/sites\/51\/2024\/12\/banner-01.webp\" alt=\"\" class=\"wp-image-530\" srcset=\"https:\/\/www.santafe.gob.ar\/ms\/apsv\/wp-content\/uploads\/sites\/51\/2024\/12\/banner-01.webp 863w, https:\/\/www.santafe.gob.ar\/ms\/apsv\/wp-content\/uploads\/sites\/51\/2024\/12\/banner-01-300x225.webp 300w, https:\/\/www.santafe.gob.ar\/ms\/apsv\/wp-content\/uploads\/sites\/51\/2024\/12\/banner-01-768x576.webp 768w\" sizes=\"auto, (max-width: 863px) 100vw, 863px\" \/><\/figure>\n<\/div>\n\n\n\n<div class=\"wp-block-group swiper-slide is-layout-constrained wp-block-group-is-layout-constrained\">\n<figure class=\"wp-block-image size-full\"><img loading=\"lazy\" decoding=\"async\" width=\"993\" height=\"647\" src=\"https:\/\/www.santafe.gob.ar\/ms\/apsv\/wp-content\/uploads\/sites\/51\/2024\/12\/banner-02.webp\" alt=\"\" class=\"wp-image-531\" srcset=\"https:\/\/www.santafe.gob.ar\/ms\/apsv\/wp-content\/uploads\/sites\/51\/2024\/12\/banner-02.webp 993w, https:\/\/www.santafe.gob.ar\/ms\/apsv\/wp-content\/uploads\/sites\/51\/2024\/12\/banner-02-300x195.webp 300w, https:\/\/www.santafe.gob.ar\/ms\/apsv\/wp-content\/uploads\/sites\/51\/2024\/12\/banner-02-768x500.webp 768w\" sizes=\"auto, (max-width: 993px) 100vw, 993px\" \/><\/figure>\n<\/div>\n\n\n\n<div class=\"wp-block-group swiper-slide is-layout-constrained wp-block-group-is-layout-constrained\">\n<figure class=\"wp-block-image size-large\"><img loading=\"lazy\" decoding=\"async\" width=\"1024\" height=\"512\" src=\"https:\/\/www.santafe.gob.ar\/ms\/apsv\/wp-content\/uploads\/sites\/51\/2024\/12\/banner-03-1024x512.webp\" alt=\"\" class=\"wp-image-532\" srcset=\"https:\/\/www.santafe.gob.ar\/ms\/apsv\/wp-content\/uploads\/sites\/51\/2024\/12\/banner-03-1024x512.webp 1024w, https:\/\/www.santafe.gob.ar\/ms\/apsv\/wp-content\/uploads\/sites\/51\/2024\/12\/banner-03-300x150.webp 300w, https:\/\/www.santafe.gob.ar\/ms\/apsv\/wp-content\/uploads\/sites\/51\/2024\/12\/banner-03-768x384.webp 768w, https:\/\/www.santafe.gob.ar\/ms\/apsv\/wp-content\/uploads\/sites\/51\/2024\/12\/banner-03.webp 1293w\" sizes=\"auto, (max-width: 1024px) 100vw, 1024px\" \/><\/figure>\n<\/div>\n<\/div>\n<\/div>\n<\/div>\n<\/div>\n<\/section>\n\n\n\n<section class=\"wp-block-group data-section_slider-02 is-layout-constrained wp-block-group-is-layout-constrained\">\n<div class=\"wp-block-group data-block_grid is-layout-constrained wp-block-group-is-layout-constrained\">\n<div class=\"wp-block-group data-area_container is-layout-constrained wp-block-group-is-layout-constrained\">\n<div class=\"wp-block-group is-layout-constrained wp-block-group-is-layout-constrained\" style=\"margin-bottom:0\">\n<h2 class=\"wp-block-heading data-title_main\"><strong>Sumate<\/strong>vos tambien<\/h2>\n\n\n\n<p>Descarg\u00e1 las im\u00e1genes y compart\u00ed en redes<\/p>\n<\/div>\n\n\n\n<div class=\"wp-block-group swiper is-layout-constrained wp-block-group-is-layout-constrained\">\n<div class=\"wp-block-group swiper-wrapper is-layout-constrained wp-block-group-is-layout-constrained\">\n<div class=\"wp-block-group swiper-slide is-layout-constrained wp-block-group-is-layout-constrained\">\n<figure class=\"wp-block-image size-full\"><img loading=\"lazy\" decoding=\"async\" width=\"536\" height=\"536\" src=\"https:\/\/www.santafe.gob.ar\/ms\/apsv\/wp-content\/uploads\/sites\/51\/2024\/12\/banner-alt-01.webp\" alt=\"\" class=\"wp-image-533\" srcset=\"https:\/\/www.santafe.gob.ar\/ms\/apsv\/wp-content\/uploads\/sites\/51\/2024\/12\/banner-alt-01.webp 536w, https:\/\/www.santafe.gob.ar\/ms\/apsv\/wp-content\/uploads\/sites\/51\/2024\/12\/banner-alt-01-300x300.webp 300w, https:\/\/www.santafe.gob.ar\/ms\/apsv\/wp-content\/uploads\/sites\/51\/2024\/12\/banner-alt-01-150x150.webp 150w\" sizes=\"auto, (max-width: 536px) 100vw, 536px\" \/><\/figure>\n\n\n\n<div class=\"wp-block-buttons is-layout-flex wp-block-buttons-is-layout-flex\">\n<div class=\"wp-block-button\"><a class=\"wp-block-button__link wp-element-button\" href=\"http:\/\/web-builder.local\/wp-content\/themes\/agencia-provincial-seguridad-vial\/images\/banner-alt-01.webp\">Descargar<\/a><\/div>\n<\/div>\n<\/div>\n\n\n\n<div class=\"wp-block-group swiper-slide is-layout-constrained wp-block-group-is-layout-constrained\">\n<figure class=\"wp-block-image size-full\"><img loading=\"lazy\" decoding=\"async\" width=\"537\" height=\"536\" src=\"https:\/\/www.santafe.gob.ar\/ms\/apsv\/wp-content\/uploads\/sites\/51\/2024\/12\/banner-alt-02.webp\" alt=\"\" class=\"wp-image-534\" srcset=\"https:\/\/www.santafe.gob.ar\/ms\/apsv\/wp-content\/uploads\/sites\/51\/2024\/12\/banner-alt-02.webp 537w, https:\/\/www.santafe.gob.ar\/ms\/apsv\/wp-content\/uploads\/sites\/51\/2024\/12\/banner-alt-02-300x300.webp 300w, https:\/\/www.santafe.gob.ar\/ms\/apsv\/wp-content\/uploads\/sites\/51\/2024\/12\/banner-alt-02-150x150.webp 150w\" sizes=\"auto, (max-width: 537px) 100vw, 537px\" \/><\/figure>\n\n\n\n<div class=\"wp-block-buttons is-layout-flex wp-block-buttons-is-layout-flex\">\n<div class=\"wp-block-button\"><a class=\"wp-block-button__link wp-element-button\" href=\"http:\/\/web-builder.local\/wp-content\/themes\/agencia-provincial-seguridad-vial\/images\/banner-alt-02.webp\">Descargar<\/a><\/div>\n<\/div>\n<\/div>\n\n\n\n<div class=\"wp-block-group swiper-slide is-layout-constrained wp-block-group-is-layout-constrained\">\n<figure class=\"wp-block-image size-full\"><img loading=\"lazy\" decoding=\"async\" width=\"537\" height=\"536\" src=\"https:\/\/www.santafe.gob.ar\/ms\/apsv\/wp-content\/uploads\/sites\/51\/2024\/12\/banner-alt-03.webp\" alt=\"\" class=\"wp-image-535\" srcset=\"https:\/\/www.santafe.gob.ar\/ms\/apsv\/wp-content\/uploads\/sites\/51\/2024\/12\/banner-alt-03.webp 537w, https:\/\/www.santafe.gob.ar\/ms\/apsv\/wp-content\/uploads\/sites\/51\/2024\/12\/banner-alt-03-300x300.webp 300w, https:\/\/www.santafe.gob.ar\/ms\/apsv\/wp-content\/uploads\/sites\/51\/2024\/12\/banner-alt-03-150x150.webp 150w\" sizes=\"auto, (max-width: 537px) 100vw, 537px\" \/><\/figure>\n\n\n\n<div class=\"wp-block-buttons is-layout-flex wp-block-buttons-is-layout-flex\">\n<div class=\"wp-block-button\"><a class=\"wp-block-button__link wp-element-button\" href=\"http:\/\/web-builder.local\/wp-content\/themes\/agencia-provincial-seguridad-vial\/images\/banner-alt-03.webp\">Descargar<\/a><\/div>\n<\/div>\n<\/div>\n\n\n\n<div class=\"wp-block-group swiper-slide is-layout-constrained wp-block-group-is-layout-constrained\">\n<figure class=\"wp-block-image size-full\"><img loading=\"lazy\" decoding=\"async\" width=\"537\" height=\"536\" src=\"https:\/\/www.santafe.gob.ar\/ms\/apsv\/wp-content\/uploads\/sites\/51\/2024\/12\/banner-alt-04.webp\" alt=\"\" class=\"wp-image-536\" srcset=\"https:\/\/www.santafe.gob.ar\/ms\/apsv\/wp-content\/uploads\/sites\/51\/2024\/12\/banner-alt-04.webp 537w, https:\/\/www.santafe.gob.ar\/ms\/apsv\/wp-content\/uploads\/sites\/51\/2024\/12\/banner-alt-04-300x300.webp 300w, https:\/\/www.santafe.gob.ar\/ms\/apsv\/wp-content\/uploads\/sites\/51\/2024\/12\/banner-alt-04-150x150.webp 150w\" sizes=\"auto, (max-width: 537px) 100vw, 537px\" \/><\/figure>\n\n\n\n<div class=\"wp-block-buttons is-layout-flex wp-block-buttons-is-layout-flex\">\n<div class=\"wp-block-button\"><a class=\"wp-block-button__link wp-element-button\" href=\"http:\/\/web-builder.local\/wp-content\/themes\/agencia-provincial-seguridad-vial\/images\/banner-alt-04.webp\">Descargar<\/a><\/div>\n<\/div>\n<\/div>\n\n\n\n<div class=\"wp-block-group swiper-slide is-layout-constrained wp-block-group-is-layout-constrained\">\n<figure class=\"wp-block-image size-full\"><img loading=\"lazy\" decoding=\"async\" width=\"536\" height=\"536\" src=\"https:\/\/www.santafe.gob.ar\/ms\/apsv\/wp-content\/uploads\/sites\/51\/2024\/12\/banner-alt-05.webp\" alt=\"\" class=\"wp-image-537\" srcset=\"https:\/\/www.santafe.gob.ar\/ms\/apsv\/wp-content\/uploads\/sites\/51\/2024\/12\/banner-alt-05.webp 536w, https:\/\/www.santafe.gob.ar\/ms\/apsv\/wp-content\/uploads\/sites\/51\/2024\/12\/banner-alt-05-300x300.webp 300w, https:\/\/www.santafe.gob.ar\/ms\/apsv\/wp-content\/uploads\/sites\/51\/2024\/12\/banner-alt-05-150x150.webp 150w\" sizes=\"auto, (max-width: 536px) 100vw, 536px\" \/><\/figure>\n\n\n\n<div class=\"wp-block-buttons is-layout-flex wp-block-buttons-is-layout-flex\">\n<div class=\"wp-block-button\"><a class=\"wp-block-button__link wp-element-button\" href=\"http:\/\/web-builder.local\/wp-content\/themes\/agencia-provincial-seguridad-vial\/images\/banner-alt-05.webp\">Descargar<\/a><\/div>\n<\/div>\n<\/div>\n\n\n\n<div class=\"wp-block-group swiper-slide is-layout-constrained wp-block-group-is-layout-constrained\">\n<figure class=\"wp-block-image size-full\"><img loading=\"lazy\" decoding=\"async\" width=\"536\" height=\"536\" src=\"https:\/\/www.santafe.gob.ar\/ms\/apsv\/wp-content\/uploads\/sites\/51\/2024\/12\/banner-alt-06.webp\" alt=\"\" class=\"wp-image-538\" srcset=\"https:\/\/www.santafe.gob.ar\/ms\/apsv\/wp-content\/uploads\/sites\/51\/2024\/12\/banner-alt-06.webp 536w, https:\/\/www.santafe.gob.ar\/ms\/apsv\/wp-content\/uploads\/sites\/51\/2024\/12\/banner-alt-06-300x300.webp 300w, https:\/\/www.santafe.gob.ar\/ms\/apsv\/wp-content\/uploads\/sites\/51\/2024\/12\/banner-alt-06-150x150.webp 150w\" sizes=\"auto, (max-width: 536px) 100vw, 536px\" \/><\/figure>\n\n\n\n<div class=\"wp-block-buttons is-layout-flex wp-block-buttons-is-layout-flex\">\n<div class=\"wp-block-button\"><a class=\"wp-block-button__link wp-element-button\" href=\"http:\/\/web-builder.local\/wp-content\/themes\/agencia-provincial-seguridad-vial\/images\/banner-alt-06.webp\">Descargar<\/a><\/div>\n<\/div>\n<\/div>\n<\/div>\n<\/div>\n\n\n\n<div class=\"wp-block-buttons is-layout-flex wp-block-buttons-is-layout-flex\">\n<div class=\"wp-block-button data-button_main\"><a class=\"wp-block-button__link wp-element-button\">Ver m\u00e1s<\/a><\/div>\n<\/div>\n<\/div>\n<\/div>\n<\/section>\n\n\n\n<section class=\"wp-block-group data-section_apsv is-layout-constrained wp-block-group-is-layout-constrained\">\n<div class=\"wp-block-group data-block_grid is-layout-constrained wp-block-group-is-layout-constrained\">\n<div class=\"wp-block-group data-area_container is-layout-constrained wp-block-group-is-layout-constrained\">\n<div class=\"wp-block-group data-wrapper_image is-layout-constrained wp-block-group-is-layout-constrained\">\n<figure class=\"wp-block-image size-full\"><img loading=\"lazy\" decoding=\"async\" width=\"867\" height=\"855\" src=\"https:\/\/www.santafe.gob.ar\/ms\/apsv\/wp-content\/uploads\/sites\/51\/2024\/12\/image-03.webp\" alt=\"\" class=\"wp-image-541\" srcset=\"https:\/\/www.santafe.gob.ar\/ms\/apsv\/wp-content\/uploads\/sites\/51\/2024\/12\/image-03.webp 867w, https:\/\/www.santafe.gob.ar\/ms\/apsv\/wp-content\/uploads\/sites\/51\/2024\/12\/image-03-300x296.webp 300w, https:\/\/www.santafe.gob.ar\/ms\/apsv\/wp-content\/uploads\/sites\/51\/2024\/12\/image-03-768x757.webp 768w\" sizes=\"auto, (max-width: 867px) 100vw, 867px\" \/><\/figure>\n<\/div>\n\n\n\n<div class=\"wp-block-group data-wrapper_data is-layout-constrained wp-block-group-is-layout-constrained\">\n<div class=\"wp-block-group data-block_logo is-layout-constrained wp-block-group-is-layout-constrained\">\n<figure class=\"wp-block-image size-full\"><img decoding=\"async\" src=\"https:\/\/www.santafe.gob.ar\/ms\/apsv\/wp-content\/uploads\/sites\/51\/2024\/12\/logo-light.svg\" alt=\"\" class=\"wp-image-559\" \/><\/figure>\n<\/div>\n\n\n\n<div class=\"wp-block-group data-component_text is-layout-constrained wp-block-group-is-layout-constrained\">\n<p>La Agencia Provincial de Seguridad Vial (APSV) es un organismo del Ministerio de Justicia y Seguridad enfocado en la reducci\u00f3n de la siniestralidad vial en la provincia de Santa Fe, a trav\u00e9s de la elaboraci\u00f3n y coordinaci\u00f3n de estrategias integrales de control, educaci\u00f3n, formaci\u00f3n y comunicaci\u00f3n para reducir la exposici\u00f3n a riesgos y trabajar en la prevenci\u00f3n.<\/p>\n\n\n\n<p>En este marco acompa\u00f1a, asesora y capacita a los gobiernos locales &nbsp;considerando sus particularidades y brindado las herramientas t\u00e9cnicas y de gesti\u00f3n necesarias para su adecuado desenvolvimiento.<\/p>\n<\/div>\n<\/div>\n<\/div>\n<\/div>\n<\/section>\n<\/main>\n","protected":false},"excerpt":{"rendered":"<p>La problematica Seg\u00fan el Observatorio Vial de la APSV, los motociclistas encabezan la tasa de fallecidos a causa de los siniestros viales. En la provincia de Santa Fe, seg\u00fan los datos 2023 de los siniestros viales fatales, el principal grupo fueron los usuarios de motos alcanzando el 51% del total de fallecidos. Son 15 las [&hellip;]<\/p>\n","protected":false},"author":2,"featured_media":0,"parent":0,"menu_order":0,"comment_status":"closed","ping_status":"closed","template":"","meta":{"_acf_changed":false,"footnotes":""},"class_list":["post-8","page","type-page","status-publish","hentry"],"acf":[],"_links":{"self":[{"href":"https:\/\/www.santafe.gob.ar\/ms\/apsv\/wp-json\/wp\/v2\/pages\/8","targetHints":{"allow":["GET"]}}],"collection":[{"href":"https:\/\/www.santafe.gob.ar\/ms\/apsv\/wp-json\/wp\/v2\/pages"}],"about":[{"href":"https:\/\/www.santafe.gob.ar\/ms\/apsv\/wp-json\/wp\/v2\/types\/page"}],"author":[{"embeddable":true,"href":"https:\/\/www.santafe.gob.ar\/ms\/apsv\/wp-json\/wp\/v2\/users\/2"}],"replies":[{"embeddable":true,"href":"https:\/\/www.santafe.gob.ar\/ms\/apsv\/wp-json\/wp\/v2\/comments?post=8"}],"version-history":[{"count":7,"href":"https:\/\/www.santafe.gob.ar\/ms\/apsv\/wp-json\/wp\/v2\/pages\/8\/revisions"}],"predecessor-version":[{"id":619,"href":"https:\/\/www.santafe.gob.ar\/ms\/apsv\/wp-json\/wp\/v2\/pages\/8\/revisions\/619"}],"wp:attachment":[{"href":"https:\/\/www.santafe.gob.ar\/ms\/apsv\/wp-json\/wp\/v2\/media?parent=8"}],"curies":[{"name":"wp","href":"https:\/\/api.w.org\/{rel}","templated":true}]}}