
{"id":28,"date":"2020-11-20T00:02:41","date_gmt":"2020-11-19T23:02:41","guid":{"rendered":"https:\/\/www.santafe.gob.ar\/ms\/cajajubilaciones\/?page_id=28"},"modified":"2025-10-27T11:37:58","modified_gmt":"2025-10-27T14:37:58","slug":"organismos-aportantes","status":"publish","type":"page","link":"https:\/\/www.santafe.gob.ar\/ms\/cajajubilaciones\/organismos-aportantes\/","title":{"rendered":"Organismos aportantes"},"content":{"rendered":"<div style=\"width: 100%;max-width: 100%;height: 300px;overflow: hidden;border-radius: 5px;margin-bottom: 20px\">\n  <img decoding=\"async\" src=\"https:\/\/www.santafe.gob.ar\/ms\/cajajubilaciones\/wp-content\/uploads\/sites\/42\/2025\/04\/banner-org-aportantes-color-chico.png\" alt=\"Organismos Aportantes\" style=\"width: 100%;height: 100%;object-fit: cover;object-position: center 30%\">\n<\/div>\n\n\n<p>En esta secci\u00f3n vas a encontrar todas las herramientas y recursos necesarios para la correcta presentaci\u00f3n de fojas de servicios y declaraciones juradas. Hemos dispuesto una serie de instructivos y documentaci\u00f3n detallada para facilitar este proceso.<\/p>\n\n\n\n<p><strong>CONSULTAS Y SOPORTE<\/strong><br>\nSi tenes alguna consulta o duda, te recomendamos dirigirte al \u00e1rea correspondiente, cuyos datos de contacto est\u00e1n disponibles al final de esta p\u00e1gina.<\/p>\n\n\n\n<p><strong>RECOMENDACI\u00d3N IMPORTANTE<\/strong><br>\nAntes de ponerte en contacto con cualquier \u00e1rea, te sugerimos revisar cuidadosamente la documentaci\u00f3n presentada en esta secci\u00f3n, ya que podr\u00e1s encontrar respuestas a la mayor\u00eda de las consultas.&nbsp;<\/p>\n\n\n<h2 class=\"wp-block-heading\" style=\"margin-top: 60px\"><i class=\"fa-solid fa-circle-question\" style=\"margin-right: 8px\"><\/i> Preguntas frecuentes<\/h2>\n\n\n<div style=\"height:10px\" aria-hidden=\"true\" class=\"wp-block-spacer\"><\/div>\n\n\n\n<h4 class=\"wp-block-heading\"><strong>1. \u00bfQu\u00e9 sistema debo usar para gestionar fojas de servicios y declaraciones juradas?<\/strong><\/h4>\n\n\n\n<p>La gesti\u00f3n de ambos m\u00f3dulos debe realizarse exclusivamente a trav\u00e9s del sistema SIAFCA: <a href=\"https:\/\/www.santafe.gob.ar\/siafca\" target=\"_blank\" rel=\"noreferrer noopener\" style=\"color: #e42153\">https:\/\/www.santafe.gob.ar\/siafca<\/a><\/p>\n\n\n<!-- \/wp:post-content -->\n\n\n\n<!-- wp:spacer {\"height\":\"40px\"} -->\n<div style=\"height:40px\" aria-hidden=\"true\" class=\"wp-block-spacer\"><\/div>\n<!-- \/wp:spacer -->\n\n<!-- wp:heading {\"level\":4} -->\n<h4 class=\"wp-block-heading\"><strong>2. \u00bfC\u00f3mo doy de alta un usuario en SIAFCA?<\/strong><\/h4>\n<!-- \/wp:heading -->\n\n<!-- wp:paragraph -->\n<p>La aplicaci\u00f3n requiere que se haya registrado al menos un usuario con el rol de&nbsp;<strong>ADMINISTRADOR<\/strong>. Un usuario&nbsp;<strong>ADMINISTRADOR<\/strong>&nbsp;puede dar de alta a usuarios con el rol de&nbsp;<strong>GESTI\u00d3N<\/strong>.<\/p>\n<!-- \/wp:paragraph -->\n\n<!-- wp:paragraph -->\n<p>Antes de solicitar\/realizar el alta de un usuario se deber\u00e1 cumplimentar el registro de la ID Ciudadan siguiendo las instrucciones detalladas en el siguiente enlace:<\/p>\n<!-- \/wp:paragraph -->\n\n<div class=\"wp-block-button is-style-fill\" style=\"width: 100%;max-width: 550px;margin-top: 10px\">\n  <a id=\"popup-button\" class=\"wp-block-button__link wp-element-button\" style=\"background-color: #e9ecef;border: 1pt solid #DEE2E6;border-radius: 5px;color: #4a4a4a;width: 100%;padding: 6px 10px;padding-left: 20px;align-items: center;justify-content: flex-start;text-align: left;flex-wrap: wrap\" href=\"https:\/\/www.santafe.gob.ar\/index.php\/tramites\/modul1\/index?m=descripcion&amp;id=253002\" target=\"_blank\" rel=\"noreferrer noopener\">\n    <i class=\"fa-solid fa-file-alt\" style=\"margin-right: 8px;color: #4a4a4a\"><\/i>\n    Registro de Identificaci\u00f3n Ciudadana\n  <\/a>\n<\/div>\n\n<p style=\"margin-top: 40px\">Alta de usuario&nbsp;<strong>ADMINISTRADOR<\/strong>: el organismo afiliado a esta Caja deber\u00e1 completar el siguiente formulario online:<\/p>\n\n<div class=\"wp-block-button is-style-fill\" style=\"width: 100%;max-width: 550px;margin-top: 10px\">\n  <a id=\"popup-button\" class=\"wp-block-button__link wp-element-button\" style=\"background-color: #e9ecef;border: 1pt solid #DEE2E6;border-radius: 5px;color: #4a4a4a;width: 100%;padding: 6px 10px;padding-left: 20px;align-items: center;justify-content: flex-start;text-align: left;flex-wrap: wrap\" href=\"https:\/\/docs.google.com\/forms\/d\/e\/1FAIpQLSdlWMqX0Ppi2xDw-a3j5syjTKSQZExS4FWNlnCgYtdUWYvSrw\/viewform\" target=\"_blank\" rel=\"noreferrer noopener\">\n    <i class=\"fa-solid fa-file-alt\" style=\"margin-right: 8px;color: #4a4a4a\"><\/i>\n    Formulario Solicitud de Alta de Usuario Administrador\n  <\/a>\n<\/div>\n\n<!-- wp:paragraph -->\n<p style=\"margin-top: 40px\">\n<p>Alta de usuario de&nbsp;<strong>GESTI\u00d3N<\/strong>: esta acci\u00f3n deber\u00e1 ser realizada por un usuario ADMINISTRADOR mediante la utilizaci\u00f3n de la funcionalidad incorporada en la aplicaci\u00f3n web.<\/p>\n<!-- \/wp:paragraph -->\n\n<!-- wp:paragraph -->\n<p>Finalizado el proceso de habilitaci\u00f3n, se informar\u00e1 el link de acceso a la aplicaci\u00f3n mediante el env\u00edo de un correo electr\u00f3nico que el usuario consign\u00f3 en el proceso de registro de la ID Ciudadana. Para ingresar a la aplicaci\u00f3n deber\u00e1 utilizar el usuario y la contrase\u00f1a registrados en la ID Ciudadana.<\/p>\n<!-- \/wp:paragraph -->\n\n<!-- wp:paragraph -->\n<p style=\"margin-top: 18px\">\n  <i class=\"fa-solid fa-circle-exclamation\" style=\"color: #494963;margin-right: 4px\"><\/i>\n  <strong>IMPORTANTE:&nbsp;<\/strong>&nbsp;Revise la carpeta de spam (carpeta de correo no deseado) ya que en ocasiones el correo podr\u00eda ser enviado all\u00ed.<\/p>\n<!-- \/wp:paragraph -->\n\n<!-- wp:spacer {\"height\":\"40px\"} -->\n<div style=\"height:40px\" aria-hidden=\"true\" class=\"wp-block-spacer\"><\/div>\n<!-- \/wp:spacer -->\n\n<!-- wp:heading {\"level\":4} -->\n<h4 class=\"wp-block-heading\"><strong>3. \u00bfC\u00f3mo gestiono declaraciones juradas?<\/strong><\/h4>\n<!-- \/wp:heading -->\n\n<!-- wp:paragraph -->\nEl sistema ofrece tres modalidades para confeccionar y presentar la\ndeclaraci\u00f3n jurada que se complementan entre s\u00ed:\n\n<ul>\n  <li>Carga manual desde el sistema.<\/li>\n  <li>Copia de una declaraci\u00f3n presentada anteriormente.<\/li>\n  <li>Importaci\u00f3n mediante archivo en formato JSON.<\/li>\n<\/ul>\n\nLos pasos necesarios para cada uno de estos m\u00e9todos se encuentran en el instructivo correspondiente:\n<!-- \/wp:paragraph -->\n\n<div class=\"wp-block-button is-style-fill\" style=\"width: 100%;max-width: 550px;margin-top: 10px\">\n  <a id=\"popup-button\" class=\"wp-block-button__link wp-element-button\" style=\"background-color: #e9ecef;border: 1pt solid #DEE2E6;border-radius: 5px;color: #4a4a4a;width: 100%;padding: 6px 10px;padding-left: 20px;align-items: center;justify-content: flex-start;text-align: left;flex-wrap: wrap\" href=\"https:\/\/drive.google.com\/file\/d\/1LFClq0j1oPcyEoeXBR0zO8XoHRMViRh7\/view?usp=sharing\" target=\"_blank\" rel=\"noreferrer noopener\">\n    <i class=\"fa-solid fa-file-alt\" style=\"margin-right: 8px;color: #4a4a4a\"><\/i>\n    Ver Instructivo Declaraciones Juradas de SIAFCA\n  <\/a>\n<\/div>\n\n<!-- wp:paragraph -->\n<p style=\"margin-top: 18px\">\n  <i class=\"fa-solid fa-circle-exclamation\" style=\"color: #494963;margin-right: 4px\"><\/i>\n  <strong>IMPORTANTE:&nbsp;<\/strong>Por favor&nbsp;<strong>LEER BIEN<\/strong>&nbsp;antes de realizar una consulta.\n<\/p>\n<!-- \/wp:paragraph -->\n\n<!-- wp:spacer {\"height\":\"40px\"} -->\n<div style=\"height:40px\" aria-hidden=\"true\" class=\"wp-block-spacer\"><\/div>\n<!-- \/wp:spacer -->\n\n<!-- wp:heading {\"level\":4} -->\n<h4 class=\"wp-block-heading\"><strong>4. \u00bfC\u00f3mo doy de alta un cargo que no aparece?<\/strong><\/h4>\n<!-- \/wp:heading -->\n\n<!-- wp:paragraph -->\n<p>Los pasos necesarios se encuentran en el instructivo correspondiente (p\u00e1gina 4):&nbsp;<\/p>\n<!-- \/wp:paragraph -->\n\n<div class=\"wp-block-button is-style-fill\" style=\"width: 100%;max-width: 550px;margin-top: 10px\">\n  <a id=\"popup-button\" class=\"wp-block-button__link wp-element-button\" style=\"background-color: #e9ecef;border: 1pt solid #DEE2E6;border-radius: 5px;color: #4a4a4a;width: 100%;padding: 6px 10px;padding-left: 20px;align-items: center;justify-content: flex-start;text-align: left;flex-wrap: wrap\" href=\"https:\/\/drive.google.com\/file\/d\/1akRRfhbTPK_6tUQC65Xlds69X7QoQq1c\/view?usp=drive_link\" target=\"_blank\" rel=\"noreferrer noopener\">\n    <i class=\"fa-solid fa-file-alt\" style=\"margin-right: 8px;color: #4a4a4a\"><\/i>\n    Ver Instructivo de ingreso al sistema SIAFCA\n  <\/a>\n<\/div>\n\n<!-- wp:paragraph -->\n<p style=\"margin-top: 18px\">\n  <i class=\"fa-solid fa-circle-exclamation\" style=\"color: #494963;margin-right: 4px\"><\/i>\nPara que los cargos est\u00e9n disponibles en el nuevo aporte de la declaraci\u00f3n jurada, previamente tiene que ir a la secci\u00f3n Cargos del panel izquierdo y darlo de alta, es decir asociar el cargo a su organismo. Luego en \u00abNuevo aporte\u00bb le va a aparecer los que se crearon. En caso de que el listado no corresponda a los que el organismo utiliza, enviar correo a C\u00f3mputo y Montos:&nbsp;<a href=\"mailto:cymjubi@santafe.gob.ar\">cymjubi@santafe.gob.ar<\/a>&nbsp;el listado detallando bien los datos del organismo y de los cargos para que el \u00e1rea los cree y luego el organismo podr\u00e1 asociarlos al organismo como lo indica el instructivo.<\/p>\n<!-- \/wp:paragraph -->\n\n<!-- wp:spacer {\"height\":\"40px\"} -->\n<div style=\"height:40px\" aria-hidden=\"true\" class=\"wp-block-spacer\"><\/div>\n<!-- \/wp:spacer -->\n\n<!-- wp:heading {\"level\":4} -->\n<h4 class=\"wp-block-heading\"><strong>5. \u00bfQu\u00e9 pasa si una persona no aparece al dar de alta un aporte?&nbsp;<\/strong><\/h4>\n<!-- \/wp:heading -->\n\n<!-- wp:paragraph -->\n<p>Desde marzo del 2025 se habilit\u00f3 una funcionalidad para dar de alta personas desde el SIAFCA. Los pasos se explican en la hoja 2 del siguiente instructivo:<\/p>\n\n<div class=\"wp-block-button is-style-fill\" style=\"width: 100%;max-width: 550px;margin-top: 10px\">\n  <a id=\"popup-button\" class=\"wp-block-button__link wp-element-button\" style=\"background-color: #e9ecef;border: 1pt solid #DEE2E6;border-radius: 5px;color: #4a4a4a;width: 100%;padding: 6px 10px;padding-left: 20px;align-items: center;justify-content: flex-start;text-align: left;flex-wrap: wrap\" href=\"https:\/\/docs.google.com\/document\/d\/15peBITq1hCOqSkdehzXW_kgBZQv_aYG0\/edit?tab=t.0\" target=\"_blank\" rel=\"noreferrer noopener\">\n    <i class=\"fa-solid fa-file-alt\" style=\"margin-right: 8px;color: #4a4a4a\"><\/i>\n    Ver Instructivo archivo JSON\n  <\/a>\n<\/div>\n\n<p style=\"margin-top: 18px\">\nEn caso de no poder dar de alta a la persona por sistema, comunicarse a&nbsp;<a href=\"mailto:sistemas.cajajubi@santafe.gov.ar\">sistemas.cajajubi@santafe.gov.ar<\/a>. Es importante mencionar nombre completo y CUIL de la persona..<\/p>\n<!-- \/wp:paragraph -->\n\n<!-- wp:spacer {\"height\":\"40px\"} -->\n<div style=\"height:40px\" aria-hidden=\"true\" class=\"wp-block-spacer\"><\/div>\n<!-- \/wp:spacer -->\n\n<!-- wp:heading {\"level\":4} -->\n<h4 class=\"wp-block-heading\"><strong>6. \u00bfC\u00f3mo dar de alta o cambiar un firmante?<\/strong><\/h4>\n<!-- \/wp:heading -->\n\n<!-- wp:paragraph -->\n<p>A partir de abril 2025, solo es posible realizar la gesti\u00f3n de firmante o representante legal desde el Siafca.\nUna vez designado el firmante en dicho sistema, deber\u00e1 descargar e imprimir el formulario FR-20 y enviarlo firmado al \u00e1rea de Contralor para su revisi\u00f3n y habilitaci\u00f3n en el sistema.<\/p>\n<!-- \/wp:paragraph -->\n\n<!-- wp:spacer {\"height\":\"37px\"} -->\n<div style=\"height:37px\" aria-hidden=\"true\" class=\"wp-block-spacer\"><\/div>\n<!-- \/wp:spacer -->\n\n\n<h2 class=\"wp-block-heading\" style=\"margin-top: 10px\"><i class=\"fa-regular fa-file-lines\" style=\"margin-right: 8px\">\n<\/i> Documentaci\u00f3n y tutoriales<\/h2>\n<!-- BOT\u00d3N: Carpeta documentaci\u00f3n -->\n<div style=\"justify-content: center;margin-top: 20px\">\n  <div class=\"wp-block-button is-style-fill\" style=\"width: 100%;max-width: 550px\">\n    <a class=\"wp-block-button__link wp-element-button\" style=\"background-color: #e9ecef;border: 1pt solid #DEE2E6;border-radius: 5px;color: #4a4a4a;width: 100%;padding: 6px 10px;padding-left: 20px;align-items: center;justify-content: flex-start;text-align: left;flex-wrap: wrap\" href=\"https:\/\/drive.google.com\/drive\/folders\/1Cigkn1q463ph9OyHRONEUYpUxcyGg7YA\" target=\"_blank\" rel=\"noreferrer noopener\">\n      <i class=\"fa-regular fa-file-lines\" style=\"margin-right: 8px;color: #4a4a4a\"><\/i>\n      Carpeta documentaci\u00f3n\n    <\/a>\n  <\/div>\n<\/div>\n\n<!-- BOT\u00d3N: Gesti\u00f3n declaraciones juradas -->\n<div style=\"justify-content: center;margin-top: 8px\">\n  <div class=\"wp-block-button is-style-fill\" style=\"width: 100%;max-width: 550px\">\n    <a class=\"wp-block-button__link wp-element-button\" style=\"background-color: #e9ecef;border: 1pt solid #DEE2E6;border-radius: 5px;color: #4a4a4a;width: 100%;padding: 6px 10px;padding-left: 20px;align-items: center;justify-content: flex-start;text-align: left;flex-wrap: wrap\" href=\"https:\/\/drive.google.com\/file\/d\/1LFClq0j1oPcyEoeXBR0zO8XoHRMViRh7\/view?usp=sharing\" target=\"_blank\" rel=\"noreferrer noopener\">\n      <i class=\"fa-regular fa-file-lines\" style=\"margin-right: 8px;color: #4a4a4a\"><\/i>\n      Gesti\u00f3n declaraciones juradas\n    <\/a>\n  <\/div>\n<\/div>\n\n<!-- BOT\u00d3N: Gesti\u00f3n fojas -->\n<div style=\"justify-content: center;margin-top: 8px\">\n  <div class=\"wp-block-button is-style-fill\" style=\"width: 100%;max-width: 550px\">\n    <a class=\"wp-block-button__link wp-element-button\" style=\"background-color: #e9ecef;border: 1pt solid #DEE2E6;border-radius: 5px;color: #4a4a4a;width: 100%;padding: 6px 10px;padding-left: 20px;align-items: center;justify-content: flex-start;text-align: left;flex-wrap: wrap\" href=\"https:\/\/drive.google.com\/file\/d\/1PPRpy6eTxRr2FKxKOyhlVXX6eS-tODBb\/view?usp=sharing\" target=\"_blank\" rel=\"noreferrer noopener\">\n      <i class=\"fa-regular fa-file-lines\" style=\"margin-right: 8px;color: #4a4a4a\"><\/i>\n      Gesti\u00f3n fojas\n    <\/a>\n  <\/div>\n<\/div>\n\n<!-- wp:spacer {\"height\":\"30px\"} -->\n<div style=\"height:30px\" aria-hidden=\"true\" class=\"wp-block-spacer\"><\/div>\n<!-- \/wp:spacer -->\n\n<h2 class=\"wp-block-heading\" style=\"margin-top: 40px\">\n  <i class=\"fa-solid fa-user\" style=\"margin-right: 8px\"><\/i> \n  V\u00edas de contacto\n<\/h2>\n\n<!-- wp:image {\"lightbox\":{\"enabled\":true},\"id\":5206,\"scale\":\"cover\",\"sizeSlug\":\"full\",\"linkDestination\":\"none\"} -->\n<figure class=\"wp-block-image size-full\" style=\"margin-top: 10px\">\n  <img decoding=\"async\" src=\"https:\/\/www.santafe.gob.ar\/ms\/cajajubilaciones\/wp-content\/uploads\/sites\/42\/2025\/10\/Contacto_ORGAportantes_NUEVO-27-10.png\" alt=\"\" class=\"wp-image-5206\" style=\"object-fit:cover\" \/>\n<\/figure>\n<!-- \/wp:image -->\n<!-- \/wp:post-content -->","protected":false},"excerpt":{"rendered":"<p>En esta secci\u00f3n vas a encontrar todas las herramientas y recursos necesarios para la correcta presentaci\u00f3n de fojas de servicios y declaraciones juradas. Hemos dispuesto una serie de instructivos y documentaci\u00f3n detallada para facilitar este proceso. CONSULTAS Y SOPORTE Si tenes alguna consulta o duda, te recomendamos dirigirte al \u00e1rea correspondiente, cuyos datos de contacto [&hellip;]<\/p>\n","protected":false},"author":20203,"featured_media":0,"parent":0,"menu_order":0,"comment_status":"closed","ping_status":"closed","template":"templates\/pagina_simple.php","meta":{"_acf_changed":false,"footnotes":""},"class_list":["post-28","page","type-page","status-publish","hentry"],"acf":[],"_links":{"self":[{"href":"https:\/\/www.santafe.gob.ar\/ms\/cajajubilaciones\/wp-json\/wp\/v2\/pages\/28","targetHints":{"allow":["GET"]}}],"collection":[{"href":"https:\/\/www.santafe.gob.ar\/ms\/cajajubilaciones\/wp-json\/wp\/v2\/pages"}],"about":[{"href":"https:\/\/www.santafe.gob.ar\/ms\/cajajubilaciones\/wp-json\/wp\/v2\/types\/page"}],"author":[{"embeddable":true,"href":"https:\/\/www.santafe.gob.ar\/ms\/cajajubilaciones\/wp-json\/wp\/v2\/users\/20203"}],"replies":[{"embeddable":true,"href":"https:\/\/www.santafe.gob.ar\/ms\/cajajubilaciones\/wp-json\/wp\/v2\/comments?post=28"}],"version-history":[{"count":32,"href":"https:\/\/www.santafe.gob.ar\/ms\/cajajubilaciones\/wp-json\/wp\/v2\/pages\/28\/revisions"}],"predecessor-version":[{"id":5789,"href":"https:\/\/www.santafe.gob.ar\/ms\/cajajubilaciones\/wp-json\/wp\/v2\/pages\/28\/revisions\/5789"}],"wp:attachment":[{"href":"https:\/\/www.santafe.gob.ar\/ms\/cajajubilaciones\/wp-json\/wp\/v2\/media?parent=28"}],"curies":[{"name":"wp","href":"https:\/\/api.w.org\/{rel}","templated":true}]}}