
{"id":2848,"date":"2023-03-28T12:53:31","date_gmt":"2023-03-28T10:53:31","guid":{"rendered":"https:\/\/www.santafe.gob.ar\/ms\/cajajubilaciones\/?page_id=2848"},"modified":"2025-04-07T08:58:54","modified_gmt":"2025-04-07T11:58:54","slug":"mi-caja","status":"publish","type":"page","link":"https:\/\/www.santafe.gob.ar\/ms\/cajajubilaciones\/mi-caja\/","title":{"rendered":"Mi Caja"},"content":{"rendered":"La Caja de Jubilaciones y Pensiones pone a disposici\u00f3n de sus beneficiarios el canal de atenci\u00f3n digital \u00abMi Caja\u00bb, el cual te permite realizar consultas personalizadas entre las que se destaca la obtenci\u00f3n de tu recibo de haberes previsionales.\r\n\r\nPara ingresar es necesario poseer Identificaci\u00f3n Ciudadana registrada en el portal de la provincia.\r\n\r\nSi no ten\u00e9s Identificaci\u00f3n Ciudadana deber\u00e1s obtenerla accediendo al bot\u00f3n \u00abRegistrarse\u00bb y luego seguir las instrucciones que te aparezcan.\r\n\r\n&nbsp;","protected":false},"excerpt":{"rendered":"<p>La Caja de Jubilaciones y Pensiones pone a disposici\u00f3n de sus beneficiarios el canal de atenci\u00f3n digital \u00abMi Caja\u00bb, el cual te permite realizar consultas personalizadas entre las que se destaca la obtenci\u00f3n de tu recibo de haberes previsionales. Para ingresar es necesario poseer Identificaci\u00f3n Ciudadana registrada en el portal de la provincia. Si no [&hellip;]<\/p>\n","protected":false},"author":16493,"featured_media":5272,"parent":0,"menu_order":0,"comment_status":"closed","ping_status":"closed","template":"templates\/micaja.php","meta":{"_acf_changed":false,"footnotes":""},"class_list":["post-2848","page","type-page","status-publish","has-post-thumbnail","hentry"],"acf":[],"_links":{"self":[{"href":"https:\/\/www.santafe.gob.ar\/ms\/cajajubilaciones\/wp-json\/wp\/v2\/pages\/2848","targetHints":{"allow":["GET"]}}],"collection":[{"href":"https:\/\/www.santafe.gob.ar\/ms\/cajajubilaciones\/wp-json\/wp\/v2\/pages"}],"about":[{"href":"https:\/\/www.santafe.gob.ar\/ms\/cajajubilaciones\/wp-json\/wp\/v2\/types\/page"}],"author":[{"embeddable":true,"href":"https:\/\/www.santafe.gob.ar\/ms\/cajajubilaciones\/wp-json\/wp\/v2\/users\/16493"}],"replies":[{"embeddable":true,"href":"https:\/\/www.santafe.gob.ar\/ms\/cajajubilaciones\/wp-json\/wp\/v2\/comments?post=2848"}],"version-history":[{"count":6,"href":"https:\/\/www.santafe.gob.ar\/ms\/cajajubilaciones\/wp-json\/wp\/v2\/pages\/2848\/revisions"}],"predecessor-version":[{"id":3524,"href":"https:\/\/www.santafe.gob.ar\/ms\/cajajubilaciones\/wp-json\/wp\/v2\/pages\/2848\/revisions\/3524"}],"wp:featuredmedia":[{"embeddable":true,"href":"https:\/\/www.santafe.gob.ar\/ms\/cajajubilaciones\/wp-json\/wp\/v2\/media\/5272"}],"wp:attachment":[{"href":"https:\/\/www.santafe.gob.ar\/ms\/cajajubilaciones\/wp-json\/wp\/v2\/media?parent=2848"}],"curies":[{"name":"wp","href":"https:\/\/api.w.org\/{rel}","templated":true}]}}