
{"id":38,"date":"2020-11-20T00:03:51","date_gmt":"2020-11-19T23:03:51","guid":{"rendered":"https:\/\/www.santafe.gob.ar\/ms\/cajajubilaciones\/?page_id=38"},"modified":"2025-07-23T11:07:14","modified_gmt":"2025-07-23T14:07:14","slug":"un-poco-de-historia","status":"publish","type":"page","link":"https:\/\/www.santafe.gob.ar\/ms\/cajajubilaciones\/un-poco-de-historia\/","title":{"rendered":"Un poco de historia"},"content":{"rendered":"<div class=\"text-justify\"><span style=\"font-weight: 400\">La historia del organismo ha sido sumamente din\u00e1mica en cuanto a las transformaciones por la que atraves\u00f3 en el otorgamiento de beneficios y la selecci\u00f3n de la poblaci\u00f3n destinataria de los mismos.<\/span><\/div>\n<div class=\"text-justify\"><span style=\"font-weight: 400\">La Ley de Pensiones para Empleados Civiles de la Provincia y Preceptores de Escuelas P\u00fablicas, sancionada el 22 de Noviembre de 1867 durante la gobernaci\u00f3n de Don Nicasio Oro\u00f1o, fij\u00f3 por primera vez en Sudam\u00e9rica una protecci\u00f3n legal para la vejez. Don Oro\u00f1o fue el inspirador de esta creaci\u00f3n jur\u00eddica y quien inici\u00f3 el camino a transitar por la Provincia en cuestiones de orden previsional social.<\/span><\/div>\n<div class=\"text-justify\"><span style=\"font-weight: 400\">El 3 de julio de 1906, mediante la Ley 1350, se crea la Caja de Jubilaciones y Pensiones de la Provincia de Santa Fe y se incorporan al sistema los empleados del Banco de la Provincia y los empleados de la Caja.<\/span><\/div>\n<div class=\"text-justify\"><span style=\"font-weight: 400\">En el a\u00f1o 1907, con la Ley 1438, se incorpora a los empleados del Consejo de Educaci\u00f3n y los extraordinarios, quienes contribuyen a la formaci\u00f3n del fondo com\u00fan desde su incorporaci\u00f3n al servicio.<\/span><\/div>\n<div class=\"text-justify\"><span style=\"font-weight: 400\">Con la Ley N\u00b0 1935, del a\u00f1o 1918, se agrega a los Magistrados de la Justicia, defensores de pobre y menores, Asesores, Fiscales y Jueces.<\/span><\/div>\n<div class=\"text-justify\"><span style=\"font-weight: 400\">El 30 de noviembre de 1926, se promulga la Ley N\u00b0 2092, en la que se establece extender los beneficios a Jefes y Empleados de la oficina del Registro Civil, adem\u00e1s de los Ministros de Estado, los que desempe\u00f1an cargos electivos, etc.<\/span><\/div>\n<div class=\"text-justify\"><span style=\"font-weight: 400\">Posteriormente, en el a\u00f1o 1938, la Ley N\u00b0 2722, es sancionada durante el gobierno constitucional del Dr. Manuel de Iriondo. Esta Ley integra a todos los sectores que estaban contemplados en una diversidad de reg\u00edmenes.<\/span><\/div>\n<div class=\"text-justify\"><span style=\"font-weight: 400\">Ya en el a\u00f1o 1958, la Ley N\u00b0 4800 sustituye a la anteriormente dicha, incluyendo al personal de la Polic\u00eda de la Provincia.<\/span><\/div>\n<div class=\"text-justify\"><span style=\"font-weight: 400\">El 8 de Octubre de 1972, se promulga la Ley N\u00b0 6830, que establece el r\u00e9gimen de Retiros y Pensiones para el personal policial.<\/span><\/div>\n<div class=\"text-justify\"><span style=\"font-weight: 400\">Luego, con la Ley 6915, creada el 28 de marzo de 1973, se instituye el r\u00e9gimen de Jubilaciones y Pensiones para el personal civil de la Provincia. La Caja es dirigida y administrada por un Director, designado por el Poder Ejecutivo. Se crea la C\u00e1mara Asesora de Previsi\u00f3n Social.<\/span><\/div>\n<div class=\"text-justify\"><span style=\"font-weight: 400\">Con la Ley 7322, del 18 de Diciembre de 1974, se establece el derecho de los pasivos a percibir las asignaciones familiares instituidas para el personal en actividad de la Administraci\u00f3n Publica de la Provincia por Ley 9022.<\/span><\/div>\n<div class=\"text-justify\"><span style=\"font-weight: 400\">En el a\u00f1o 1996, con la Ley N\u00b0 11373, se declara la Emergencia del R\u00e9gimen Previsional Provincial, se modifican las edades jubilatorias y el c\u00e1lculo del haber, y en el a\u00f1o 1999 se declara la Ley de Emergencia Econ\u00f3mica y Previsional Provincial (N\u00b0 11696).<\/span><\/div>\n<div class=\"text-justify\"><span style=\"font-weight: 400\">A partir del a\u00f1o 2005, se sale de la Emergencia Previsional y se promulga la Ley N\u00b0 12464, a trav\u00e9s de la cual se establece que cumpliendo los requisitos de edad y servicios (60 a\u00f1os de edad para la mujer y 65 para el hombre con 30 a\u00f1os de aportes cumplidos), se obtiene el beneficio de jubilaci\u00f3n ordinaria con el 72% del haber, llegando al m\u00e1ximo del 82% en caso de excedentes de a\u00f1os de edad y\/o servicios. Posteriormente, en el a\u00f1o 2011, la Ley N\u00b0 13201 extiende lo dispuesto por la ley anterior, estableciendo un r\u00e9gimen especial para el sector docente.<\/span><\/div>\n<!-- Subt\u00edtulo DELEGACIONES -->\n<h1 class=\"h2 font-weight-bold m-0 p-0\">DELEGACIONES<\/h1>\n\n<hr class=\"m-0 p-0\" \/>\n\n<div class=\"text-justify mb-0\"><span style=\"font-weight: 400\">Debido a la gran cantidad de personas que aspiraban a obtener los servicios de este Organismo, se fueron creando en puntos estrat\u00e9gicos de la Provincia, delegaciones de la Caja, en la b\u00fasqueda de simplificar los tr\u00e1mites para aquellos posibles beneficiarios que vivieran en zonas alejadas a la capital santafesina, a los fines de facilitar el acceso de nuestros beneficiarios y afiliados.<\/span><\/div>\n<h3 class=\"h4 font-weight-bold mt-2 mb-0\">Delegaci\u00f3n Rosario<\/h3>\n<div class=\"text-justify mb-0\"><span style=\"font-weight: 400\">Esta delegaci\u00f3n tuvo su primer domicilio en calle Pellegrini 1595. En el a\u00f1o 2008 se mudaron a la sede actual de calle Brown 2262.<\/span><\/div>\n<div class=\"text-justify mb-0\"><span style=\"font-weight: 400\">Atiende diversos tr\u00e1mites: asesoramiento e inicio de tr\u00e1mites de jubilaciones, pensiones y reconocimientos de servicios de todos los sectores de la Administraci\u00f3n Central, docentes y polic\u00edas. Asimismo, se recepcionan todos los tr\u00e1mites derivados de dichos beneficios, adecuando adem\u00e1s los procedimientos a las normas de calidad con las que cuenta la Mesa de Inicio de la sede Santa Fe.<\/span><\/div>\n<div class=\"text-justify mb-0\"><span style=\"font-weight: 400\">En esta Delegaci\u00f3n se elaboran dict\u00e1menes, realiza computo de servicios de los tramites de reconocimientos de servicios y algunas jubilaciones ordinarias, notificaciones, protocoliza Actos Administrativos, contando adem\u00e1s con su propio Archivo para todos aquellos expedientes o actuaciones que fueron iniciados en Rosario.<\/span><\/div>\n<h3 class=\"h4 font-weight-bold mt-2 mb-0\">Delegaci\u00f3n Venado Tuerto<\/h3>\n<div class=\"text-justify mb-0\"><span style=\"font-weight: 400\">Abri\u00f3 sus puertas en Marzo de 1987. En Mayo de 2008, se traslada al actual domicilio de Mitre 766, cerca de donde operan las oficinas de Anses y la Caja Municipal, para que los tr\u00e1mites sean \u00e1giles y f\u00e1ciles para los que viven en el sur de la provincia.<\/span><\/div>\n<div class=\"text-justify mt-0\"><span style=\"font-weight: 400\">Desde sus comienzos, se han realizado todos los tr\u00e1mites de inicio de beneficios, tanto de jubilaci\u00f3n como de pensi\u00f3n: reajuste de haberes, reclamos, asignaciones familiares, entre otros. Con el transcurso del tiempo se fueron incorporando los tr\u00e1mites de Cobros Indebidos, se toman Declaraciones Juradas a los solicitantes o testigos de pensiones y toma de vista y traslado de expedientes.<\/span><\/div>\n<h3 class=\"h4 font-weight-bold mt-2 mb-0\">Delegaci\u00f3n Capital Federal<\/h3>\n<div class=\"text-justify mb-0\"><span style=\"font-weight: 400\">Si bien se inici\u00f3 en Marzo de 1993, se cre\u00f3 formalmente el 1\u00b0 de Noviembre de 1995. En un principio, desde su creaci\u00f3n hasta el a\u00f1o 2004, funcionaba como oficina de recepci\u00f3n de documentaci\u00f3n, la cual se remit\u00eda a Santa Fe para su caratulaci\u00f3n y tramitaci\u00f3n, brind\u00e1ndose adem\u00e1s asesoramiento en general sobre tr\u00e1mites provisionales relativos a la Caja.<\/span><\/div>\n<div class=\"text-justify mb-0\"><span style=\"font-weight: 400\">A partir del a\u00f1o 2004, se da de alta en el Sistema de Informaci\u00f3n de Expedientes a la Mesa de Entrada de la Delegaci\u00f3n, comenzando de esta forma con el registro de los tr\u00e1mites, coincidiendo adem\u00e1s con el traslado e incorporaci\u00f3n de personal. Posteriormente se asignan mayor cantidad de tareas hasta la actualidad que en la misma se desarrollan: atenci\u00f3n y asesoramiento general de todo tipo de tr\u00e1mites previsionales de competencia de la Caja, elaboraci\u00f3n de dict\u00e1menes de tr\u00e1mites como pago de haberes, cobros indebidos, reinclusi\u00f3n de beneficios, etc., confecci\u00f3n y certificaci\u00f3n de Poderes para Tramitar y Percibir, confecci\u00f3n de oficios para otros organismos y diligenciamiento de actuaciones a la UDAI ANSES \u2013 Convenios Internacionales, an\u00e1lisis y calculo de reajustes de haberes previsionales, elaboraci\u00f3n de proyectos de resoluciones de Reajustes, Pago de Haberes, Recursos de Revocatoria, entre otros.<\/span><\/div>\n<div class=\"text-justify mb-0\"><span style=\"font-weight: 400\">Actualmente tienen su domicilio en la Casa de Santa Fe ubicada en calle 25 de Mayo N\u00ba 178 de Capital Federal.<\/span><\/div>\n<div class=\"text-justify mb-0\"><span style=\"font-weight: 400\">Desde sus comienzos, se han realizado todos los tr\u00e1mites de inicio de beneficios, tanto de jubilaci\u00f3n como de pensi\u00f3n: reajuste de haberes, reclamos, asignaciones familiares, entre otros. Con el transcurso del tiempo se fueron incorporando los tr\u00e1mites de Cobros Indebidos, se toman Declaraciones Juradas a los solicitantes o testigos de pensiones y toma de vista y traslado de expedientes.<\/span><\/div>\n<h3 class=\"h4 font-weight-bold mt-2 mb-0\">Delegaci\u00f3n San Justo<\/h3>\n<div class=\"text-justify mb-0\"><span style=\"font-weight: 400\">Fue creada a principios del a\u00f1o 1998 como Casa de la Seguridad Social, donde adem\u00e1s funcionaban IAPOS y Ley 5110. Desde ese momento contaba con un completo servicio de informaci\u00f3n y gu\u00eda de las consultas por tr\u00e1mites jubilatorios y pensiones provinciales.<\/span><\/div>\n<div class=\"text-justify mb-0\"><span style=\"font-weight: 400\">En dicha Delegaci\u00f3n se inician todos los tr\u00e1mites para la atenci\u00f3n integral del ciudadano, evitando as\u00ed su viaje a Santa Fe.<\/span><\/div>\n<div class=\"text-justify mb-0\"><span style=\"font-weight: 400\">En la actualidad, y a partir de Septiembre de 2021 muda su oficina al edificio municipal en calle Independencia 2525.<\/span><\/div>\n<h3 class=\"h4 font-weight-bold mt-2 mb-0\">Delegaci\u00f3n Reconquista<\/h3>\n<div class=\"text-justify mb-0\"><span style=\"font-weight: 400\">Se inaugur\u00f3 el 9 de Abril de 2013, en la calle Hip\u00f3lito Irigoyen 1415. En el a\u00f1o 2020, mud\u00f3 sus oficinas y actualmente se encuentra en calle Rivadavia 666.<\/span><\/div>\n<div class=\"text-justify mb-0\"><span style=\"font-weight: 400\">Se realizan todos los tr\u00e1mites de inicio de beneficios, tanto de jubilaci\u00f3n como de pensi\u00f3n: reajuste de haberes, reclamos, asignaciones familiares, entre otros. Con el transcurso del tiempo se fueron incorporando los tr\u00e1mites de Cobros Indebidos, se toman Declaraciones Juradas a los solicitantes o testigos de pensiones y toma de vista y traslado de expedientes.<\/span><\/div>\n<h3 class=\"h4 font-weight-bold mt-2 mb-0\">Delegaci\u00f3n Rafaela<\/h3>\n<div class=\"text-justify mb-0\"><span style=\"font-weight: 400\">Ubicada en Av. Santa Fe 2771, abre sus puertas el 30 de Julio de 2014. En un principio, esta delegaci\u00f3n realizaba pocos tr\u00e1mites, pero con el paso del tiempo, la comunidad fue conociendo de su existencia, y as\u00ed comenz\u00f3 a crecer la demanda de servicios de todas aquellas personas, que sin necesidad de trasladarse a la ciudad de Santa Fe, puedan iniciar todo tipo de tr\u00e1mites, a saber: jubilaciones ordinarias, r\u00e9gimen opcional docente, jubilaci\u00f3n por invalidez , retiros, reconocimiento de servicios, pensiones, pagos de haberes, subsidio por sepelio, reajustes de haberes, pronto despacho, como as\u00ed tambi\u00e9n vistas y traslados, oficios de embargo, solicitud de asignaciones familiares e inicios de notas ante cualquier pedido de informaci\u00f3n o reclamo.<\/span><\/div>\n<div class=\"text-justify mb-0\"><span style=\"font-weight: 400\">En el a\u00f1o 2020, muda sus oficinas a calle Boulevard Lehmann 583.<\/span><\/div>\n<div class=\"text-justify mb-0\"><span style=\"font-weight: 400\">En septiembre de 2021 se muda nuevamente a Boulevard Yrigoyen 421, donde funciona tambi\u00e9n la Coordinaci\u00f3n de Asuntos Vecinales, el Centro de Documentaci\u00f3n R\u00e1pida y una oficina de Informaci\u00f3n al Consumidor.<\/span><\/div>","protected":false},"excerpt":{"rendered":"<p>La historia del organismo ha sido sumamente din\u00e1mica en cuanto a las transformaciones por la que atraves\u00f3 en el otorgamiento de beneficios y la selecci\u00f3n de la poblaci\u00f3n destinataria de los mismos. La Ley de Pensiones para Empleados Civiles de la Provincia y Preceptores de Escuelas P\u00fablicas, sancionada el 22 de Noviembre de 1867 durante [&hellip;]<\/p>\n","protected":false},"author":20203,"featured_media":0,"parent":0,"menu_order":0,"comment_status":"closed","ping_status":"closed","template":"templates\/historia.php","meta":{"_acf_changed":false,"footnotes":""},"class_list":["post-38","page","type-page","status-publish","hentry"],"acf":[],"_links":{"self":[{"href":"https:\/\/www.santafe.gob.ar\/ms\/cajajubilaciones\/wp-json\/wp\/v2\/pages\/38","targetHints":{"allow":["GET"]}}],"collection":[{"href":"https:\/\/www.santafe.gob.ar\/ms\/cajajubilaciones\/wp-json\/wp\/v2\/pages"}],"about":[{"href":"https:\/\/www.santafe.gob.ar\/ms\/cajajubilaciones\/wp-json\/wp\/v2\/types\/page"}],"author":[{"embeddable":true,"href":"https:\/\/www.santafe.gob.ar\/ms\/cajajubilaciones\/wp-json\/wp\/v2\/users\/20203"}],"replies":[{"embeddable":true,"href":"https:\/\/www.santafe.gob.ar\/ms\/cajajubilaciones\/wp-json\/wp\/v2\/comments?post=38"}],"version-history":[{"count":37,"href":"https:\/\/www.santafe.gob.ar\/ms\/cajajubilaciones\/wp-json\/wp\/v2\/pages\/38\/revisions"}],"predecessor-version":[{"id":5665,"href":"https:\/\/www.santafe.gob.ar\/ms\/cajajubilaciones\/wp-json\/wp\/v2\/pages\/38\/revisions\/5665"}],"wp:attachment":[{"href":"https:\/\/www.santafe.gob.ar\/ms\/cajajubilaciones\/wp-json\/wp\/v2\/media?parent=38"}],"curies":[{"name":"wp","href":"https:\/\/api.w.org\/{rel}","templated":true}]}}