{"id":94,"date":"2024-10-01T19:59:35","date_gmt":"2024-10-01T17:59:35","guid":{"rendered":"https:\/\/www.santafe.gob.ar\/ms\/dengue\/?page_id=94"},"modified":"2024-10-01T20:22:37","modified_gmt":"2024-10-01T18:22:37","slug":"educacion","status":"publish","type":"page","link":"https:\/\/www.santafe.gob.ar\/ms\/dengue\/educacion\/","title":{"rendered":"Educaci\u00f3n"},"content":{"rendered":"<p>El Ministerio de Educaci\u00f3n estar\u00e1 encargado de brindar informaci\u00f3n certera a docentes, estudiantes y asistentes escolares sobre la enfermedad, medidas de prevenci\u00f3n, s\u00edntomas, asistencia y cuidados.<\/p>\n<p>Estaremos a cargo de concientizar a docentes, estudiantes y asistentes escolares en la adopci\u00f3n de medidas de prevenci\u00f3n, haciendo hincapi\u00e9 en las acciones de descacharrado.<\/p>\n<p>El eje principal ser\u00e1 promover el h\u00e1bito de descacharrado cotidiano en el \u00e1mbito de cada hogar de la provincia de Santa Fe, a partir de la pr\u00e1ctica cotidiana en los establecimientos educativos.<\/p>\n<p><em>Protocolo de Descacharreo:<\/em><\/p>\n<p>Desde el D\u00eda 30 de Septiembre implementaremos acciones de descacharrado en edificios y patios los d\u00edas lunes y viernes de cada semana, adoptando los par\u00e1metros de protocolo suministrados por el Ministerio de Salud.<\/p>\n<p>Cada grado o a\u00f1o, acompa\u00f1ado por docentes y asistentes escolares, rotar\u00e1n en la realizaci\u00f3n del descacharrado de toda la escuela, tomando 1 hora de clase de su jornada escolar. Para ello se elaborar\u00e1 un cronograma que permita ordenar y planificar la tarea.<\/p>\n<p>A partir del 23 de septiembre del 2024, las escuelas dispondr\u00e1n de material educativo para el trabajo en el aula, el cual estar\u00e1 disponible en la plataforma educativa de la provincia a trav\u00e9s del Link: <a href=\"https:\/\/educacion.santafe.gob.ar\/programas\/objetivodengue\/\" target=\"_blank\" rel=\"noopener\">\u201cObjetivo Dengue\u201d<\/a>.<\/p>\n","protected":false},"excerpt":{"rendered":"<p>El Ministerio de Educaci\u00f3n estar\u00e1 encargado de brindar informaci\u00f3n certera a docentes, estudiantes y asistentes escolares sobre la enfermedad, medidas de prevenci\u00f3n, s\u00edntomas, asistencia y cuidados. Estaremos a cargo de concientizar a docentes, estudiantes y asistentes escolares en la adopci\u00f3n de medidas de prevenci\u00f3n, haciendo hincapi\u00e9 en las acciones de descacharrado. El eje principal ser\u00e1 [&hellip;]<\/p>\n","protected":false},"author":82961,"featured_media":0,"parent":0,"menu_order":0,"comment_status":"closed","ping_status":"closed","template":"","meta":{"_acf_changed":false,"_et_pb_use_builder":"","_et_pb_old_content":"","_et_gb_content_width":"","footnotes":""},"class_list":["post-94","page","type-page","status-publish","hentry"],"acf":[],"_links":{"self":[{"href":"https:\/\/www.santafe.gob.ar\/ms\/dengue\/wp-json\/wp\/v2\/pages\/94","targetHints":{"allow":["GET"]}}],"collection":[{"href":"https:\/\/www.santafe.gob.ar\/ms\/dengue\/wp-json\/wp\/v2\/pages"}],"about":[{"href":"https:\/\/www.santafe.gob.ar\/ms\/dengue\/wp-json\/wp\/v2\/types\/page"}],"author":[{"embeddable":true,"href":"https:\/\/www.santafe.gob.ar\/ms\/dengue\/wp-json\/wp\/v2\/users\/82961"}],"replies":[{"embeddable":true,"href":"https:\/\/www.santafe.gob.ar\/ms\/dengue\/wp-json\/wp\/v2\/comments?post=94"}],"version-history":[{"count":2,"href":"https:\/\/www.santafe.gob.ar\/ms\/dengue\/wp-json\/wp\/v2\/pages\/94\/revisions"}],"predecessor-version":[{"id":105,"href":"https:\/\/www.santafe.gob.ar\/ms\/dengue\/wp-json\/wp\/v2\/pages\/94\/revisions\/105"}],"wp:attachment":[{"href":"https:\/\/www.santafe.gob.ar\/ms\/dengue\/wp-json\/wp\/v2\/media?parent=94"}],"curies":[{"name":"wp","href":"https:\/\/api.w.org\/{rel}","templated":true}]}}