{"id":98,"date":"2024-10-01T20:02:30","date_gmt":"2024-10-01T18:02:30","guid":{"rendered":"https:\/\/www.santafe.gob.ar\/ms\/dengue\/?page_id=98"},"modified":"2024-10-01T20:02:30","modified_gmt":"2024-10-01T18:02:30","slug":"igualdad-y-desarrollo-humano","status":"publish","type":"page","link":"https:\/\/www.santafe.gob.ar\/ms\/dengue\/igualdad-y-desarrollo-humano\/","title":{"rendered":"Igualdad y Desarrollo Humano"},"content":{"rendered":"<p>En el marco del programa Objetivo Dengue, el Ministerio de Igualdad y Desarrollo Humano tendr\u00e1 como trabajo espec\u00edfico el generar actividades que generen conciencia sobre las enfermedades transmitidas por el vector Aedes Aegypti y los riesgos asociados.<\/p>\n<p><strong>\u00bfC\u00f3mo?<\/strong><\/p>\n<p>Promoviendo a trav\u00e9s de distintas acciones la prevenci\u00f3n y cambios de h\u00e1bitos sostenibles en la poblaci\u00f3n.<\/p>\n<h3>\u00bfQu\u00e9 vamos a hacer?<\/h3>\n<p><strong>Charlas Informativas<\/strong><\/p>\n<p>Articulamos con las distintas direcciones y programas\u00a0 (Nueva Oportunidad, Seguridad Alimentaria, Centros de d\u00eda, Clubes, Prensa entre otros) del MIyDH para realizar charlas informativas y de capacitaci\u00f3n en diferentes actividades.<\/p>\n<p>Asimismo, se realizar\u00e1n capacitaciones a profesores,\u00a0 responsables y\/o referentes de instituciones y organizaciones sociales a fin de que puedan difundir la informaci\u00f3n a la comunidad<\/p>\n<p><strong>\u00a0Juegos de concientizaci\u00f3n<\/strong><\/p>\n<p>Confeccionamos diferentes juegos did\u00e1cticos sobre la tem\u00e1tica, con materiales reciclados preferentemente, que funcionen como dispositivos m\u00f3viles en espacios como sedes territoriales, eventos en espacios p\u00fablicos, etc. (\u201ccarrera del dengue\u201d, \u201cjuego del dengue\u201d, ruleta verdadero o falso)<\/p>\n<p><strong>Jornadas de Prevenci\u00f3n de Dengue en Espacios P\u00fablicos (Espacios Libres de Dengue)<\/strong><\/p>\n<p>En plazas, parques, playas, ferias y otros espacios abiertos, articulando con diferentes direcciones y programas, a trav\u00e9s de stands con juegos, informaci\u00f3n, capacitaciones y difusi\u00f3n que inviten a la participaci\u00f3n activa de los concurrentes.<\/p>\n<p>Tambi\u00e9n realizaremos \u201cAire Libre de Dengue\u201d en clubes y partidos de futbol.<\/p>\n<p><strong>Actividades L\u00fadica de Participaci\u00f3n Ciudadana<\/strong><\/p>\n<p>A trav\u00e9s de la creatividad musical e involucrando a ni\u00f1os y j\u00f3venes, realizaremos concursos, desaf\u00edos de TIK TOK, contenido viral donde se pueda difundir de manera l\u00fadica informaci\u00f3n para prevenir el Dengue.<\/p>\n<p><strong>Segunda Oportunidad<\/strong><\/p>\n<p>Reciclaremos el material obtenido en la campa\u00f1a de \u201cdescacharreo\u201d buscando crear nuevos elementos \u00fatiles para la comunidad. Para esto se colocar\u00e1n cestos de cart\u00f3n en puntos de recolecci\u00f3n distritales como UDT, MEP, La Redonda Esquina Encendida, Molinos, Ministerios entre otros.<\/p>\n","protected":false},"excerpt":{"rendered":"<p>En el marco del programa Objetivo Dengue, el Ministerio de Igualdad y Desarrollo Humano tendr\u00e1 como trabajo espec\u00edfico el generar actividades que generen conciencia sobre las enfermedades transmitidas por el vector Aedes Aegypti y los riesgos asociados. \u00bfC\u00f3mo? Promoviendo a trav\u00e9s de distintas acciones la prevenci\u00f3n y cambios de h\u00e1bitos sostenibles en la poblaci\u00f3n. \u00bfQu\u00e9 [&hellip;]<\/p>\n","protected":false},"author":82961,"featured_media":0,"parent":0,"menu_order":0,"comment_status":"closed","ping_status":"closed","template":"","meta":{"_acf_changed":false,"_et_pb_use_builder":"","_et_pb_old_content":"","_et_gb_content_width":"","footnotes":""},"class_list":["post-98","page","type-page","status-publish","hentry"],"acf":[],"_links":{"self":[{"href":"https:\/\/www.santafe.gob.ar\/ms\/dengue\/wp-json\/wp\/v2\/pages\/98","targetHints":{"allow":["GET"]}}],"collection":[{"href":"https:\/\/www.santafe.gob.ar\/ms\/dengue\/wp-json\/wp\/v2\/pages"}],"about":[{"href":"https:\/\/www.santafe.gob.ar\/ms\/dengue\/wp-json\/wp\/v2\/types\/page"}],"author":[{"embeddable":true,"href":"https:\/\/www.santafe.gob.ar\/ms\/dengue\/wp-json\/wp\/v2\/users\/82961"}],"replies":[{"embeddable":true,"href":"https:\/\/www.santafe.gob.ar\/ms\/dengue\/wp-json\/wp\/v2\/comments?post=98"}],"version-history":[{"count":1,"href":"https:\/\/www.santafe.gob.ar\/ms\/dengue\/wp-json\/wp\/v2\/pages\/98\/revisions"}],"predecessor-version":[{"id":99,"href":"https:\/\/www.santafe.gob.ar\/ms\/dengue\/wp-json\/wp\/v2\/pages\/98\/revisions\/99"}],"wp:attachment":[{"href":"https:\/\/www.santafe.gob.ar\/ms\/dengue\/wp-json\/wp\/v2\/media?parent=98"}],"curies":[{"name":"wp","href":"https:\/\/api.w.org\/{rel}","templated":true}]}}