{"id":1424,"date":"2022-06-22T12:49:38","date_gmt":"2022-06-22T15:49:38","guid":{"rendered":"https:\/\/www.santafe.gob.ar\/ms\/enerfe\/?page_id=1424"},"modified":"2022-12-16T08:48:38","modified_gmt":"2022-12-16T11:48:38","slug":"licitaciones-2022-2","status":"publish","type":"page","link":"https:\/\/www.santafe.gob.ar\/ms\/enerfe\/licitaciones-2022-2\/","title":{"rendered":"Licitaciones 2022"},"content":{"rendered":"\n<h2 class=\"wp-block-heading\"><a href=\"https:\/\/www.santafe.gob.ar\/ms\/enerfe\/2022\/01\/27\/licitacion-publica-no-1-22-gasoducto-metropolitano-1o-etapa-compra-de-caneria\/\">Licitaci\u00f3n P\u00fablica N\u00ba 1\/22: Gasoducto Metropolitano 1\u00ba ETAPA: COMPRA DE CA\u00d1ER\u00cdA<\/a><\/h2>\n\n\n\n<p class=\"wp-block-paragraph\"><\/p>\n\n\n\n<h2 class=\"wp-block-heading\"><a href=\"https:\/\/www.santafe.gob.ar\/ms\/enerfe\/2022\/01\/27\/licitacion-publica-no-2-22-gasoducto-metropolitano-2o-etapa-construccion\/\" data-type=\"URL\" data-id=\"https:\/\/www.santafe.gob.ar\/ms\/enerfe\/2022\/01\/27\/licitacion-publica-no-2-22-gasoducto-metropolitano-2o-etapa-construccion\/\">Licitaci\u00f3n P\u00fablica N\u00ba 2\/22: Gasoducto Metropolitano 2\u00ba ETAPA: CONSTRUCCI\u00d3N<\/a><\/h2>\n\n\n\n<p class=\"wp-block-paragraph\"><\/p>\n\n\n\n<h2 class=\"wp-block-heading\"><a href=\"https:\/\/www.santafe.gob.ar\/ms\/enerfe\/2022\/06\/22\/licitacion-publica-no-3-22-ampliacion-del-gasoducto-rosario-oeste-primera-etapa-compra-de-canerias\/\" data-type=\"URL\" data-id=\"https:\/\/www.santafe.gob.ar\/ms\/enerfe\/2022\/06\/22\/licitacion-publica-no-3-22-ampliacion-del-gasoducto-rosario-oeste-primera-etapa-compra-de-canerias\/\">Licitaci\u00f3n P\u00fablica N\u00ba 3\/22: Ampliaci\u00f3n del Gasoducto Rosario Oeste \u2013 Primera Etapa: Compra de Ca\u00f1er\u00edas<\/a><\/h2>\n\n\n\n<p class=\"wp-block-paragraph\"><\/p>\n\n\n\n<h2 class=\"wp-block-heading\"><a href=\"https:\/\/www.santafe.gob.ar\/ms\/enerfe\/2022\/05\/04\/licitacion-publica-no-4-22-ampliacion-del-gasoducto-rosario-oeste-segunda-etapa-construccion\/\" data-type=\"URL\" data-id=\"https:\/\/www.santafe.gob.ar\/ms\/enerfe\/2022\/05\/04\/licitacion-publica-no-4-22-ampliacion-del-gasoducto-rosario-oeste-segunda-etapa-construccion\/\">Licitaci\u00f3n P\u00fablica N\u00ba 4\/22: Ampliaci\u00f3n del Gasoducto Rosario Oeste \u2013 Segunda Etapa: Construcci\u00f3n<\/a><\/h2>\n\n\n\n<p class=\"wp-block-paragraph\"><\/p>\n\n\n\n<h2 class=\"wp-block-heading\"><a href=\"https:\/\/www.santafe.gob.ar\/ms\/enerfe\/2022\/03\/25\/licitacion-publica-no-5-22-gasoducto-metropolitano-1o-etapa-compra-de-caneria\/\" data-type=\"URL\" data-id=\"https:\/\/www.santafe.gob.ar\/ms\/enerfe\/2022\/03\/25\/licitacion-publica-no-5-22-gasoducto-metropolitano-1o-etapa-compra-de-caneria\/\">Licitaci\u00f3n P\u00fablica N\u00ba 5\/22: Gasoducto Metropolitano 1\u00ba ETAPA: COMPRA DE CA\u00d1ER\u00cdA<\/a><\/h2>\n\n\n\n<p class=\"wp-block-paragraph\"><\/p>\n\n\n\n<h2 class=\"wp-block-heading\"><a href=\"https:\/\/www.santafe.gob.ar\/ms\/enerfe\/2022\/05\/04\/licitacion-publica-no-6-22-ampliacion-del-gasoducto-rosario-oeste-primera-etapa-compra-de-canerias\/\" data-type=\"URL\" data-id=\"https:\/\/www.santafe.gob.ar\/ms\/enerfe\/2022\/05\/04\/licitacion-publica-no-6-22-ampliacion-del-gasoducto-rosario-oeste-primera-etapa-compra-de-canerias\/\">Licitaci\u00f3n P\u00fablica N\u00ba 6\/22: Ampliaci\u00f3n del Gasoducto Rosario Oeste \u2013 Primera Etapa: Compra de Ca\u00f1er\u00edas<\/a><\/h2>\n\n\n\n<p class=\"wp-block-paragraph\"><\/p>\n\n\n\n<h2 class=\"wp-block-heading\"><a href=\"https:\/\/www.santafe.gob.ar\/ms\/enerfe\/2022\/06\/15\/licitacion-publica-no-7-22-extension-de-suministro-de-gas-para-el-hospital-centenario-rosario\/\" data-type=\"URL\" data-id=\"https:\/\/www.santafe.gob.ar\/ms\/enerfe\/2022\/06\/15\/licitacion-publica-no-7-22-extension-de-suministro-de-gas-para-el-hospital-centenario-rosario\/\">Licitaci\u00f3n P\u00fablica N\u00ba 7\/22: Extensi\u00f3n de suministro de gas para el Hospital Centenario, Rosario<\/a><\/h2>\n\n\n\n<p class=\"wp-block-paragraph\"><\/p>\n\n\n\n<h2 class=\"wp-block-heading\"><a href=\"https:\/\/www.santafe.gob.ar\/ms\/enerfe\/2022\/06\/21\/licitacion-publica-no8-22-inspeccion-de-obra-ampliacion-gasoducto-regional-sur\/\" data-type=\"URL\" data-id=\"https:\/\/www.santafe.gob.ar\/ms\/enerfe\/2022\/06\/21\/licitacion-publica-no8-22-inspeccion-de-obra-ampliacion-gasoducto-regional-sur\/\">Licitaci\u00f3n p\u00fablica N\u00ba8\/22: Inspecci\u00f3n de obra \u2013 Ampliaci\u00f3n Gasoducto Regional Sur<\/a><\/h2>\n\n\n\n<p class=\"wp-block-paragraph\"><\/p>\n\n\n\n<h2 class=\"wp-block-heading\"><a href=\"https:\/\/www.santafe.gob.ar\/ms\/enerfe\/2022\/06\/21\/licitacion-publica-no9-22-inspeccion-de-obra-gasoducto-metropolitano\/\" data-type=\"URL\" data-id=\"https:\/\/www.santafe.gob.ar\/ms\/enerfe\/2022\/06\/21\/licitacion-publica-no9-22-inspeccion-de-obra-gasoducto-metropolitano\/\">Licitaci\u00f3n p\u00fablica N\u00ba9\/22: Inspecci\u00f3n de obra \u2013 Gasoducto Metropolitano<\/a><\/h2>\n\n\n\n<p class=\"wp-block-paragraph\"><\/p>\n\n\n\n<h2 class=\"wp-block-heading\"><a href=\"https:\/\/www.santafe.gob.ar\/ms\/enerfe\/2022\/09\/07\/licitacion-publica-no12-22-inspeccion-de-obra-gasoducto-rosario-oeste\/\" data-type=\"URL\" data-id=\"https:\/\/www.santafe.gob.ar\/ms\/enerfe\/2022\/09\/07\/licitacion-publica-no12-22-inspeccion-de-obra-gasoducto-rosario-oeste\/\">Licitaci\u00f3n p\u00fablica N\u00ba12\/22: Inspecci\u00f3n de obra &#8211; Gasoducto Rosario Oeste<\/a><\/h2>\n\n\n\n<p class=\"wp-block-paragraph\"><\/p>\n\n\n\n<h2 class=\"wp-block-heading\"><a href=\"https:\/\/www.santafe.gob.ar\/ms\/enerfe\/2022\/09\/08\/licitacion-publica-no13-22-sistema-de-gestion-de-obras\/\" data-type=\"URL\" data-id=\"https:\/\/www.santafe.gob.ar\/ms\/enerfe\/2022\/09\/08\/licitacion-publica-no13-22-sistema-de-gestion-de-obras\/\">Licitaci\u00f3n p\u00fablica N\u00ba13\/22: Sistema de gesti\u00f3n de obras<\/a><\/h2>\n\n\n\n<p class=\"wp-block-paragraph\"><\/p>\n\n\n\n<h2 class=\"wp-block-heading\"><a href=\"https:\/\/www.santafe.gob.ar\/ms\/enerfe\/2022\/10\/26\/licitacion-publica-no10-22-plan-ganes-red-de-gas-natural-florencia\/\" data-type=\"URL\" data-id=\"https:\/\/www.santafe.gob.ar\/ms\/enerfe\/2022\/10\/26\/licitacion-publica-no10-22-plan-ganes-red-de-gas-natural-florencia\/\">Licitaci\u00f3n p\u00fablica N\u00ba10\/22: Plan GANES \u2013 Red de gas natural FLORENCIA<\/a><\/h2>\n\n\n\n<p class=\"wp-block-paragraph\"><\/p>\n\n\n\n<h2 class=\"wp-block-heading\"><a href=\"https:\/\/www.santafe.gob.ar\/ms\/enerfe\/2022\/10\/26\/licitacion-publica-no11-22-plan-ganes-red-de-gas-natural-helvecia\/\" data-type=\"URL\" data-id=\"https:\/\/www.santafe.gob.ar\/ms\/enerfe\/2022\/10\/26\/licitacion-publica-no11-22-plan-ganes-red-de-gas-natural-helvecia\/\">Licitaci\u00f3n p\u00fablica N\u00ba11\/22: Plan GANES \u2013 Red de gas natural HELVECIA<\/a><\/h2>\n\n\n\n<p class=\"wp-block-paragraph\"><\/p>\n\n\n\n<h2 class=\"wp-block-heading\"><a href=\"https:\/\/www.santafe.gob.ar\/ms\/enerfe\/2022\/12\/05\/licitacion-publica-no15-22-planta-piloto-para-validar-procesos-de-biorefineria-etapa-1\/\">Licitaci\u00f3n p\u00fablica N\u00ba15\/22: Planta Piloto para validar procesos de biorefiner\u00eda \u2013 Etapa 1<\/a><\/h2>\n\n\n\n<p class=\"wp-block-paragraph\"><\/p>\n\n\n\n<h2 class=\"wp-block-heading\"><a href=\"https:\/\/www.santafe.gob.ar\/ms\/enerfe\/2022\/12\/15\/licitacion-publica-no16-22-adquisicion-de-paneles-fotovoltaicos-parque-solar-casilda-prov-de-santa-fe-adquisicion-de-inversores-y-transformadores\/\" data-type=\"page\">Licitaci\u00f3n p\u00fablica N\u00ba16\/22: Adquisici\u00f3n de paneles fotovoltaicos \u2013 Parque Solar Casilda, Prov. de Santa Fe. Adquisici\u00f3n de Inversores y transformadores<\/a><\/h2>\n","protected":false},"excerpt":{"rendered":"<p>Licitaci\u00f3n P\u00fablica N\u00ba 1\/22: Gasoducto Metropolitano 1\u00ba ETAPA: COMPRA DE CA\u00d1ER\u00cdA Licitaci\u00f3n P\u00fablica N\u00ba 2\/22: Gasoducto Metropolitano 2\u00ba ETAPA: CONSTRUCCI\u00d3N Licitaci\u00f3n P\u00fablica N\u00ba 3\/22: Ampliaci\u00f3n del Gasoducto Rosario Oeste \u2013 Primera Etapa: Compra de Ca\u00f1er\u00edas Licitaci\u00f3n P\u00fablica N\u00ba 4\/22: Ampliaci\u00f3n del Gasoducto Rosario Oeste \u2013 Segunda Etapa: Construcci\u00f3n Licitaci\u00f3n P\u00fablica N\u00ba 5\/22: Gasoducto Metropolitano 1\u00ba &hellip; <\/p>\n<p class=\"link-more\"><a href=\"https:\/\/www.santafe.gob.ar\/ms\/enerfe\/licitaciones-2022-2\/\" class=\"more-link\">Continuar leyendo<span class=\"screen-reader-text\"> \u00abLicitaciones 2022\u00bb<\/span><\/a><\/p>\n","protected":false},"author":3234,"featured_media":0,"parent":0,"menu_order":0,"comment_status":"closed","ping_status":"closed","template":"","meta":{"_acf_changed":false,"_crdt_document":"","footnotes":""},"class_list":["post-1424","page","type-page","status-publish","hentry"],"acf":[],"_links":{"self":[{"href":"https:\/\/www.santafe.gob.ar\/ms\/enerfe\/wp-json\/wp\/v2\/pages\/1424","targetHints":{"allow":["GET"]}}],"collection":[{"href":"https:\/\/www.santafe.gob.ar\/ms\/enerfe\/wp-json\/wp\/v2\/pages"}],"about":[{"href":"https:\/\/www.santafe.gob.ar\/ms\/enerfe\/wp-json\/wp\/v2\/types\/page"}],"author":[{"embeddable":true,"href":"https:\/\/www.santafe.gob.ar\/ms\/enerfe\/wp-json\/wp\/v2\/users\/3234"}],"replies":[{"embeddable":true,"href":"https:\/\/www.santafe.gob.ar\/ms\/enerfe\/wp-json\/wp\/v2\/comments?post=1424"}],"version-history":[{"count":9,"href":"https:\/\/www.santafe.gob.ar\/ms\/enerfe\/wp-json\/wp\/v2\/pages\/1424\/revisions"}],"predecessor-version":[{"id":1610,"href":"https:\/\/www.santafe.gob.ar\/ms\/enerfe\/wp-json\/wp\/v2\/pages\/1424\/revisions\/1610"}],"wp:attachment":[{"href":"https:\/\/www.santafe.gob.ar\/ms\/enerfe\/wp-json\/wp\/v2\/media?parent=1424"}],"curies":[{"name":"wp","href":"https:\/\/api.w.org\/{rel}","templated":true}]}}