{"id":1446,"date":"2022-07-18T12:52:19","date_gmt":"2022-07-18T15:52:19","guid":{"rendered":"https:\/\/www.santafe.gob.ar\/ms\/enerfe\/?page_id=1446"},"modified":"2022-07-18T14:50:20","modified_gmt":"2022-07-18T17:50:20","slug":"inscripcion-al-registro-de-acceso-a-los-subsidios-a-la-energia","status":"publish","type":"page","link":"https:\/\/www.santafe.gob.ar\/ms\/enerfe\/inscripcion-al-registro-de-acceso-a-los-subsidios-a-la-energia\/","title":{"rendered":"Inscripci\u00f3n al Registro de Acceso a los Subsidios a la Energ\u00eda"},"content":{"rendered":"\n<h3 class=\"wp-block-heading\">\u00bfQu\u00e9 es?<\/h3>\n\n\n\n<p class=\"wp-block-paragraph\">Una iniciativa para ordenar los subsidios a la electricidad y el gas seg\u00fan los aspectos socio-econ\u00f3micos de cada hogar.<\/p>\n\n\n\n<h3 class=\"wp-block-heading\">\u00bfC\u00f3mo se implementa?<\/h3>\n\n\n\n<p class=\"wp-block-paragraph\">A trav\u00e9s de un registro vamos a identificar a los hogares que necesiten el subsidio.<\/p>\n\n\n\n<h3 class=\"wp-block-heading\">\u00bfQui\u00e9nes deben inscribirse?<\/h3>\n\n\n\n<p class=\"wp-block-paragraph\">Todas y todos los argentinos que quieran mantener los subsidios que hoy reciben en sus hogares.<\/p>\n\n\n\n<p class=\"wp-block-paragraph\"><\/p>\n\n\n\n<p class=\"wp-block-paragraph\">Durante el mes de&nbsp;<strong>julio<\/strong>&nbsp;vas a poder completar el formulario en las fechas indicadas a continuaci\u00f3n seg\u00fan el n\u00famero con el que termina tu DNI:<\/p>\n\n\n\n<p class=\"wp-block-paragraph\"><strong>0 &#8211; 1 &#8211; 2<\/strong>: entre el&nbsp;<strong>15<\/strong>&nbsp;y el&nbsp;<strong>19 de julio<\/strong>.<\/p>\n\n\n\n<p class=\"wp-block-paragraph\"><strong>3 &#8211; 4 &#8211; 5<\/strong>: entre el&nbsp;<strong>20<\/strong>&nbsp;y el&nbsp;<strong>22 de julio<\/strong>.<\/p>\n\n\n\n<p class=\"wp-block-paragraph\"><strong>6 &#8211; 7 &#8211; 8 &#8211; 9<\/strong>: entre\u00a0<strong>23<\/strong>\u00a0y el\u00a0<strong>26 de julio<\/strong>.<\/p>\n\n\n\n<p class=\"wp-block-paragraph\"><\/p>\n\n\n\n<h2 class=\"wp-block-heading\"><strong>Solicitud de subsidios a las tarifas de energ\u00eda el\u00e9ctrica y gas natural por red<br><\/strong><em>Decreto 332\/2022<\/em><\/h2>\n\n\n\n<p class=\"wp-block-paragraph\"><strong>Objetivo<br><\/strong>Ordenar los subsidios a la energ\u00eda el\u00e9ctrica y gas natural por red seg\u00fan los aspectos socio-econ\u00f3micos de cada hogar.<br><strong>\u00bfC\u00f3mo se implementa?<br><\/strong>A trav\u00e9s de un formulario de inscripci\u00f3n en el Registro de Acceso a los Subsidios a la Energ\u00eda (RASE) y a trav\u00e9s de turnos otorgados por ANSES.<br><strong>\u00bfQui\u00e9nes deben inscribirse?<br><\/strong>Todas y todos los argentinos que quieran mantener los subsidios que hoy reciben en sus hogares y que cumplan con los requisitos.<\/p>\n\n\n\n<h2 class=\"wp-block-heading\"><em>R\u00e9gimen de Segmentaci\u00f3n de Subsidios<\/em><\/h2>\n\n\n\n<p class=\"wp-block-paragraph\"><strong>\u00bfC\u00f3mo se va a realizar la segmentaci\u00f3n?<br><\/strong>El nuevo esquema de subsidios tiene como principal objetivo alcanzar tarifas razonables y justas para el valor de la energ\u00eda. Esta iniciativa propone una distribuci\u00f3n de los subsidios basada en la capacidad econ\u00f3mica de cada hogar. Para ello, se establecieron tres grupos:<\/p>\n\n\n\n<p class=\"wp-block-paragraph\"><strong>Segmento de ingresos altos<br><\/strong>Son hogares que declaran reunir alguna de las siguientes condiciones, considerando a todas y todos los convivientes:<\/p>\n\n\n\n<p class=\"wp-block-paragraph\">Ingresos mensuales totales del hogar equivalentes o superiores a $348.869 (3,5 canastas b\u00e1sicas para un hogar tipo 2 seg\u00fan el INDEC).<br>Excepci\u00f3n: para aquellos hogares ubicados en el partido de Patagones (Buenos Aires), Chubut, La Pampa, Neuqu\u00e9n, R\u00edo Negro, Santa Cruz o Tierra del Fuego, A. e IAS, los ingresos mensuales totales para pertenecer al segmento de mayores ingresos deber\u00e1n ser equivalentes o superiores a $425.620.<br>Tener 3 o m\u00e1s veh\u00edculos con una antig\u00fcedad menor a 5 a\u00f1os.<br>Tener 3 o m\u00e1s inmuebles.<br>Poseer una embarcaci\u00f3n, una aeronave de lujo o ser titular de activos societarios que demuestren capacidad econ\u00f3mica plena.<br>El segmento de ingresos altos tendr\u00e1 una reducci\u00f3n de los subsidios gradual y en tercios bimestrales hasta alcanzar la cobertura plena del costo de la energ\u00eda hacia fines de 2022.<\/p>\n\n\n\n<p class=\"wp-block-paragraph\"><strong>Segmento de ingresos medios<br><\/strong>Son aquellos hogares que no se encuentran dentro del segmento de mayores ingresos y cumplen alguna de las siguientes condiciones:<\/p>\n\n\n\n<p class=\"wp-block-paragraph\">Ingresos mensuales totales entre $99.677 y $348.869 (entre 1 y 3,5 canasta b\u00e1sicas para un hogar tipo 2 seg\u00fan INDEC).<br>Excepci\u00f3n: para hogares con una o un conviviente con Certificado \u00danico de Discapacidad (CUD), los ingresos mensuales totales para formar parte de este segmento pueden variar entre $149.515 y $348.869 (entre 1,5 y 3,5 canastas b\u00e1sicas para un hogar tipo 2 seg\u00fan INDEC).<br>Poseer hasta 2 inmuebles.<br>Poseer hasta 1 veh\u00edculo con menos de 3 a\u00f1os de antig\u00fcedad.<br>Excepci\u00f3n: los hogares con una o un conviviente con Certificado \u00danico de Discapacidad (CUD) pueden poseer hasta 1 veh\u00edculo con menos de 3 a\u00f1os de antig\u00fcedad para formar parte del segmento de ingresos medios.<\/p>\n\n\n\n<p class=\"wp-block-paragraph\"><br><strong>Segmento de menores ingresos<br><\/strong>Son hogares que, considerando en conjunto a las y los integrantes del hogar, cumplen alguna de las siguientes condiciones:<\/p>\n\n\n\n<p class=\"wp-block-paragraph\">Ingresos netos menores a $99.677 (1 canasta b\u00e1sica total para un hogar tipo 2 seg\u00fan INDEC).<br>Excepci\u00f3n: para hogares con una o un conviviente con Certificado \u00danico de Discapacidad (CUD), los ingresos mensuales totales para formar parte de este segmento deben ser menores a $149.515 (1,5 canastas b\u00e1sicas para un hogar tipo 2 seg\u00fan INDEC).<br>Poseer hasta 1 inmueble.<br>No poseer 1 veh\u00edculo con menos de 3 a\u00f1os de antig\u00fcedad.<br>Excepci\u00f3n: los hogares con una o un conviviente con Certificado \u00danico de Discapacidad (CUD) pueden poseer hasta 1 veh\u00edculo con menos de 3 a\u00f1os de antig\u00fcedad para formar parte del segmento de menores ingresos.<br>Ser\u00e1n incluidos dentro de este segmento los hogares que, adem\u00e1s de no cumplir alguna de las condiciones para formar parte del segmento de mayores ingresos, tengan:<\/p>\n\n\n\n<p class=\"wp-block-paragraph\">Una o un integrante con Certificado de Vivienda expedido por el ReNaBaP.<br>Una o un integrante del hogar posea Pensi\u00f3n Vitalicia a Veteranos de Guerra del Atl\u00e1ntico Sur.<br>Una o un integrante con Certificado \u00danico de Discapacidad (CUD).<br>Excepci\u00f3n: en el caso de que el hogar con CUD tenga ingresos mensuales totales del hogar que superen los $149.515 (1,5 canastas b\u00e1sicas para un hogar tipo 2 seg\u00fan INDEC) y\/o sean propietarios de 2 o m\u00e1s inmuebles, se lo ubicar\u00e1 en el segmento de ingresos medios.<br>Domicilio en donde funcione un comedero o merendero comunitario registrado en el RENACOM.<br>Excepci\u00f3n: en el caso de que en el hogar funcione un comedero o merendero comunitario registrado en RENACOM y que los ingresos sean mayores a $99,677 (1 canasta b\u00e1sica total para un hogar tipo 2 seg\u00fan INDEC) y\/o posean 2 o m\u00e1s inmuebles o 1 veh\u00edculo con menos de 3 a\u00f1os de antig\u00fcedad, se lo ubicar\u00e1 en el segmento de ingresos medios.<\/p>\n\n\n\n<p class=\"wp-block-paragraph\"><\/p>\n\n\n\n<h2 class=\"wp-block-heading\">\u00bfPor qu\u00e9 es importante segmentar los subsidios?<\/h2>\n\n\n\n<p class=\"wp-block-paragraph\">El Estado cubre, en promedio, m\u00e1s del 70% del costo de la energ\u00eda que llega a los hogares. En el esquema aplicado hasta junio de 2022, el subsidio alcanzaba incluso a los sectores de mayores ingresos que no necesitaban del acompa\u00f1amiento del Estado.<\/p>\n\n\n\n<p class=\"wp-block-paragraph\">Esta nueva propuesta de segmentaci\u00f3n tiene como objetivo asignar los subsidios a la energ\u00eda seg\u00fan la capacidad econ\u00f3mica de los hogares, manteniendo los subsidios en aquellos con ingresos bajos y medios que requieren de la asistencia estatal para pagar sus boletas de electricidad y gas.\u00a0<strong>Establecer este nuevo sistema de distribuci\u00f3n de subsidios es avanzar hacia un acceso m\u00e1s justo a los servicios energ\u00e9ticos.<\/strong><\/p>\n\n\n\n<figure class=\"wp-block-embed is-type-video is-provider-youtube wp-block-embed-youtube wp-embed-aspect-16-9 wp-has-aspect-ratio\"><div class=\"wp-block-embed__wrapper\">\n<iframe loading=\"lazy\" title=\"Segmentaci\u00f3n Energ\u00e9tica - Tutorial\" width=\"525\" height=\"295\" src=\"https:\/\/www.youtube.com\/embed\/ceTCYegy7Ok?feature=oembed\" frameborder=\"0\" allow=\"accelerometer; autoplay; clipboard-write; encrypted-media; gyroscope; picture-in-picture; web-share\" referrerpolicy=\"strict-origin-when-cross-origin\" allowfullscreen><\/iframe>\n<\/div><\/figure>\n\n\n\n<h2 class=\"wp-block-heading\"><strong><a href=\"https:\/\/www.argentina.gob.ar\/subsidios\" data-type=\"URL\" data-id=\"https:\/\/www.argentina.gob.ar\/subsidios\">Complet\u00e1 el formulario aqu\u00ed<\/a><\/strong><\/h2>\n\n\n\n<p class=\"wp-block-paragraph\"><strong>Ten\u00e9 a mano:<\/strong><\/p>\n\n\n\n<ul class=\"wp-block-list\"><li>El \u00faltimo ejemplar de tu DNI<\/li><li>Tu n\u00famero de CUIL y el de quienes conviven con vos<\/li><li>Una boleta de energ\u00eda el\u00e9ctrica y una de gas natural<\/li><li>El dato de ingresos mensuales de bolsillo de cada persona que compone tu hogar<\/li><li>Una direcci\u00f3n de correo electr\u00f3nico<\/li><\/ul>\n\n\n\n<figure class=\"wp-block-image size-large is-resized\"><img loading=\"lazy\" decoding=\"async\" src=\"https:\/\/www.santafe.gob.ar\/ms\/enerfe\/wp-content\/uploads\/sites\/45\/2022\/07\/WhatsApp-Image-2022-07-18-at-2.18.09-PM-1024x453.jpeg\" alt=\"\" class=\"wp-image-1456\" width=\"840\" height=\"371\" srcset=\"https:\/\/www.santafe.gob.ar\/ms\/enerfe\/wp-content\/uploads\/sites\/45\/2022\/07\/WhatsApp-Image-2022-07-18-at-2.18.09-PM-1024x453.jpeg 1024w, https:\/\/www.santafe.gob.ar\/ms\/enerfe\/wp-content\/uploads\/sites\/45\/2022\/07\/WhatsApp-Image-2022-07-18-at-2.18.09-PM-300x133.jpeg 300w, https:\/\/www.santafe.gob.ar\/ms\/enerfe\/wp-content\/uploads\/sites\/45\/2022\/07\/WhatsApp-Image-2022-07-18-at-2.18.09-PM-768x340.jpeg 768w, https:\/\/www.santafe.gob.ar\/ms\/enerfe\/wp-content\/uploads\/sites\/45\/2022\/07\/WhatsApp-Image-2022-07-18-at-2.18.09-PM.jpeg 1280w\" sizes=\"auto, (max-width: 767px) 89vw, (max-width: 1000px) 54vw, (max-width: 1071px) 543px, 580px\" \/><figcaption>Se encuentran resaltados los datos necesarios del servicio de gas.<\/figcaption><\/figure>\n\n\n\n<p class=\"wp-block-paragraph\"><\/p>\n","protected":false},"excerpt":{"rendered":"<p>\u00bfQu\u00e9 es? Una iniciativa para ordenar los subsidios a la electricidad y el gas seg\u00fan los aspectos socio-econ\u00f3micos de cada hogar. \u00bfC\u00f3mo se implementa? A trav\u00e9s de un registro vamos a identificar a los hogares que necesiten el subsidio. \u00bfQui\u00e9nes deben inscribirse? Todas y todos los argentinos que quieran mantener los subsidios que hoy reciben &hellip; <\/p>\n<p class=\"link-more\"><a href=\"https:\/\/www.santafe.gob.ar\/ms\/enerfe\/inscripcion-al-registro-de-acceso-a-los-subsidios-a-la-energia\/\" class=\"more-link\">Continuar leyendo<span class=\"screen-reader-text\"> \u00abInscripci\u00f3n al Registro de Acceso a los Subsidios a la Energ\u00eda\u00bb<\/span><\/a><\/p>\n","protected":false},"author":3234,"featured_media":0,"parent":0,"menu_order":0,"comment_status":"closed","ping_status":"closed","template":"","meta":{"_acf_changed":false,"_crdt_document":"","footnotes":""},"class_list":["post-1446","page","type-page","status-publish","hentry"],"acf":[],"_links":{"self":[{"href":"https:\/\/www.santafe.gob.ar\/ms\/enerfe\/wp-json\/wp\/v2\/pages\/1446","targetHints":{"allow":["GET"]}}],"collection":[{"href":"https:\/\/www.santafe.gob.ar\/ms\/enerfe\/wp-json\/wp\/v2\/pages"}],"about":[{"href":"https:\/\/www.santafe.gob.ar\/ms\/enerfe\/wp-json\/wp\/v2\/types\/page"}],"author":[{"embeddable":true,"href":"https:\/\/www.santafe.gob.ar\/ms\/enerfe\/wp-json\/wp\/v2\/users\/3234"}],"replies":[{"embeddable":true,"href":"https:\/\/www.santafe.gob.ar\/ms\/enerfe\/wp-json\/wp\/v2\/comments?post=1446"}],"version-history":[{"count":5,"href":"https:\/\/www.santafe.gob.ar\/ms\/enerfe\/wp-json\/wp\/v2\/pages\/1446\/revisions"}],"predecessor-version":[{"id":1457,"href":"https:\/\/www.santafe.gob.ar\/ms\/enerfe\/wp-json\/wp\/v2\/pages\/1446\/revisions\/1457"}],"wp:attachment":[{"href":"https:\/\/www.santafe.gob.ar\/ms\/enerfe\/wp-json\/wp\/v2\/media?parent=1446"}],"curies":[{"name":"wp","href":"https:\/\/api.w.org\/{rel}","templated":true}]}}