{"id":893,"date":"2021-12-14T15:02:45","date_gmt":"2021-12-14T18:02:45","guid":{"rendered":"https:\/\/www.santafe.gob.ar\/ms\/enerfe\/?page_id=893"},"modified":"2022-01-18T12:41:41","modified_gmt":"2022-01-18T15:41:41","slug":"phd","status":"publish","type":"page","link":"https:\/\/www.santafe.gob.ar\/ms\/enerfe\/gasoducto-metropolitano\/preguntas-frecuentes-gasoducto-metropolitano\/phd\/","title":{"rendered":"DESCRIPCI\u00d3N DE LA T\u00c9CNICA DE PHD"},"content":{"rendered":"\n<p class=\"wp-block-paragraph\">Consiste en utilizar una m\u00e1quina de PHD o HDD (Perforaci\u00f3n Horizontal Dirigida u Horizontal Directional Drilling) que, posicionada en uno de los extremos de la laguna, realizar\u00e1 una perforaci\u00f3n inicial de aprox. 5\u201d de di\u00e1metro mediante la inserci\u00f3n de un tren de barras con en tr\u00e9pano en el extremo. El tr\u00e9pano con la inyecci\u00f3n de fluidos a presi\u00f3n va practicando el orificio, excavando el suelo.<\/p>\n\n\n\n<p class=\"wp-block-paragraph\">Mediante sistemas de seguimiento del tr\u00e9pano, se gu\u00eda la entre el punto de inicio hasta el de salida,\u00a0<strong>cruzando por debajo del lecho hasta unos 25 m de profundidad.<\/strong><\/p>\n\n\n\n<p class=\"wp-block-paragraph\">Todo el proceso se acompa\u00f1a con la inyecci\u00f3n de un lodo benton\u00edtico para refrigerar el tr\u00e9pano, facilitar el corte del suelo, lubricar la herramienta de corte, transmitir energ\u00eda hidr\u00e1ulica, consolidar la perforaci\u00f3n, retirar el material producto del corte y estabilizar el orificio.<\/p>\n\n\n\n<p class=\"wp-block-paragraph\">En el extremo opuesto se prepara la columna del gasoducto del largo total del cruce para luego ser insertada en la perforaci\u00f3n realizada por la mecha piloto.<\/p>\n\n\n\n<p class=\"wp-block-paragraph\">Cada compuesto utilizado en el proceso es de origen org\u00e1nico, biodegradable y sometido a procesos de control durante todo el procedimiento de perforaci\u00f3n.<\/p>\n\n\n\n<figure class=\"wp-block-image\"><a href=\"https:\/\/www.santafe.gob.ar\/ms\/enerfe\/wp-content\/uploads\/sites\/45\/2021\/12\/Infografias-cruce-lagunar-01-scaled.jpg\"><img loading=\"lazy\" decoding=\"async\" width=\"2560\" height=\"796\" src=\"https:\/\/www.santafe.gob.ar\/ms\/enerfe\/wp-content\/uploads\/sites\/45\/2021\/12\/Infografias-cruce-lagunar-01-scaled.jpg\" alt=\"\" class=\"wp-image-761\" srcset=\"https:\/\/www.santafe.gob.ar\/ms\/enerfe\/wp-content\/uploads\/sites\/45\/2021\/12\/Infografias-cruce-lagunar-01-scaled.jpg 2560w, https:\/\/www.santafe.gob.ar\/ms\/enerfe\/wp-content\/uploads\/sites\/45\/2021\/12\/Infografias-cruce-lagunar-01-300x93.jpg 300w, https:\/\/www.santafe.gob.ar\/ms\/enerfe\/wp-content\/uploads\/sites\/45\/2021\/12\/Infografias-cruce-lagunar-01-1024x318.jpg 1024w, https:\/\/www.santafe.gob.ar\/ms\/enerfe\/wp-content\/uploads\/sites\/45\/2021\/12\/Infografias-cruce-lagunar-01-768x239.jpg 768w, https:\/\/www.santafe.gob.ar\/ms\/enerfe\/wp-content\/uploads\/sites\/45\/2021\/12\/Infografias-cruce-lagunar-01-1536x477.jpg 1536w, https:\/\/www.santafe.gob.ar\/ms\/enerfe\/wp-content\/uploads\/sites\/45\/2021\/12\/Infografias-cruce-lagunar-01-2048x637.jpg 2048w\" sizes=\"auto, (max-width: 767px) 89vw, (max-width: 1000px) 54vw, (max-width: 1071px) 543px, 580px\" \/><\/a><figcaption>El tr\u00e9pano comienza excavando un cruce de 5\u2033 de ancho.<\/figcaption><\/figure>\n\n\n\n<figure class=\"wp-block-image\"><a href=\"https:\/\/www.santafe.gob.ar\/ms\/enerfe\/wp-content\/uploads\/sites\/45\/2021\/12\/Infografias-cruce-lagunar-02-scaled.jpg\"><img loading=\"lazy\" decoding=\"async\" width=\"2560\" height=\"796\" src=\"https:\/\/www.santafe.gob.ar\/ms\/enerfe\/wp-content\/uploads\/sites\/45\/2021\/12\/Infografias-cruce-lagunar-02-scaled.jpg\" alt=\"\" class=\"wp-image-762\" srcset=\"https:\/\/www.santafe.gob.ar\/ms\/enerfe\/wp-content\/uploads\/sites\/45\/2021\/12\/Infografias-cruce-lagunar-02-scaled.jpg 2560w, https:\/\/www.santafe.gob.ar\/ms\/enerfe\/wp-content\/uploads\/sites\/45\/2021\/12\/Infografias-cruce-lagunar-02-300x93.jpg 300w, https:\/\/www.santafe.gob.ar\/ms\/enerfe\/wp-content\/uploads\/sites\/45\/2021\/12\/Infografias-cruce-lagunar-02-1024x318.jpg 1024w, https:\/\/www.santafe.gob.ar\/ms\/enerfe\/wp-content\/uploads\/sites\/45\/2021\/12\/Infografias-cruce-lagunar-02-768x239.jpg 768w, https:\/\/www.santafe.gob.ar\/ms\/enerfe\/wp-content\/uploads\/sites\/45\/2021\/12\/Infografias-cruce-lagunar-02-1536x477.jpg 1536w, https:\/\/www.santafe.gob.ar\/ms\/enerfe\/wp-content\/uploads\/sites\/45\/2021\/12\/Infografias-cruce-lagunar-02-2048x637.jpg 2048w\" sizes=\"auto, (max-width: 767px) 89vw, (max-width: 1000px) 54vw, (max-width: 1071px) 543px, 580px\" \/><\/a><figcaption>El tr\u00e9pano se lubrica con agua y materiales org\u00e1nicos que se reutilizan a lo largo del proceso.<\/figcaption><\/figure>\n\n\n\n<figure class=\"wp-block-image\"><a href=\"https:\/\/www.santafe.gob.ar\/ms\/enerfe\/wp-content\/uploads\/sites\/45\/2021\/12\/Infografias-cruce-lagunar-03-scaled.jpg\"><img loading=\"lazy\" decoding=\"async\" width=\"2560\" height=\"796\" src=\"https:\/\/www.santafe.gob.ar\/ms\/enerfe\/wp-content\/uploads\/sites\/45\/2021\/12\/Infografias-cruce-lagunar-03-scaled.jpg\" alt=\"\" class=\"wp-image-763\" srcset=\"https:\/\/www.santafe.gob.ar\/ms\/enerfe\/wp-content\/uploads\/sites\/45\/2021\/12\/Infografias-cruce-lagunar-03-scaled.jpg 2560w, https:\/\/www.santafe.gob.ar\/ms\/enerfe\/wp-content\/uploads\/sites\/45\/2021\/12\/Infografias-cruce-lagunar-03-300x93.jpg 300w, https:\/\/www.santafe.gob.ar\/ms\/enerfe\/wp-content\/uploads\/sites\/45\/2021\/12\/Infografias-cruce-lagunar-03-1024x318.jpg 1024w, https:\/\/www.santafe.gob.ar\/ms\/enerfe\/wp-content\/uploads\/sites\/45\/2021\/12\/Infografias-cruce-lagunar-03-768x239.jpg 768w, https:\/\/www.santafe.gob.ar\/ms\/enerfe\/wp-content\/uploads\/sites\/45\/2021\/12\/Infografias-cruce-lagunar-03-1536x477.jpg 1536w, https:\/\/www.santafe.gob.ar\/ms\/enerfe\/wp-content\/uploads\/sites\/45\/2021\/12\/Infografias-cruce-lagunar-03-2048x637.jpg 2048w\" sizes=\"auto, (max-width: 767px) 89vw, (max-width: 1000px) 54vw, (max-width: 1071px) 543px, 580px\" \/><\/a><\/figure>\n\n\n\n<figure class=\"wp-block-image\"><a href=\"https:\/\/www.santafe.gob.ar\/ms\/enerfe\/wp-content\/uploads\/sites\/45\/2021\/12\/Infografias-cruce-lagunar-04-1-scaled.jpg\"><img loading=\"lazy\" decoding=\"async\" width=\"2560\" height=\"796\" src=\"https:\/\/www.santafe.gob.ar\/ms\/enerfe\/wp-content\/uploads\/sites\/45\/2021\/12\/Infografias-cruce-lagunar-04-1-scaled.jpg\" alt=\"\" class=\"wp-image-766\" srcset=\"https:\/\/www.santafe.gob.ar\/ms\/enerfe\/wp-content\/uploads\/sites\/45\/2021\/12\/Infografias-cruce-lagunar-04-1-scaled.jpg 2560w, https:\/\/www.santafe.gob.ar\/ms\/enerfe\/wp-content\/uploads\/sites\/45\/2021\/12\/Infografias-cruce-lagunar-04-1-300x93.jpg 300w, https:\/\/www.santafe.gob.ar\/ms\/enerfe\/wp-content\/uploads\/sites\/45\/2021\/12\/Infografias-cruce-lagunar-04-1-1024x318.jpg 1024w, https:\/\/www.santafe.gob.ar\/ms\/enerfe\/wp-content\/uploads\/sites\/45\/2021\/12\/Infografias-cruce-lagunar-04-1-768x239.jpg 768w, https:\/\/www.santafe.gob.ar\/ms\/enerfe\/wp-content\/uploads\/sites\/45\/2021\/12\/Infografias-cruce-lagunar-04-1-1536x477.jpg 1536w, https:\/\/www.santafe.gob.ar\/ms\/enerfe\/wp-content\/uploads\/sites\/45\/2021\/12\/Infografias-cruce-lagunar-04-1-2048x637.jpg 2048w\" sizes=\"auto, (max-width: 767px) 89vw, (max-width: 1000px) 54vw, (max-width: 1071px) 543px, 580px\" \/><\/a><figcaption>Se utiliza un cabezal para estructurar el t\u00fanel a la medida necesaria para el gasoducto.<\/figcaption><\/figure>\n\n\n\n<figure class=\"wp-block-image\"><a href=\"https:\/\/www.santafe.gob.ar\/ms\/enerfe\/wp-content\/uploads\/sites\/45\/2021\/12\/Infografias-cruce-lagunar-05-1-scaled.jpg\"><img loading=\"lazy\" decoding=\"async\" width=\"2560\" height=\"796\" src=\"https:\/\/www.santafe.gob.ar\/ms\/enerfe\/wp-content\/uploads\/sites\/45\/2021\/12\/Infografias-cruce-lagunar-05-1-scaled.jpg\" alt=\"\" class=\"wp-image-767\" srcset=\"https:\/\/www.santafe.gob.ar\/ms\/enerfe\/wp-content\/uploads\/sites\/45\/2021\/12\/Infografias-cruce-lagunar-05-1-scaled.jpg 2560w, https:\/\/www.santafe.gob.ar\/ms\/enerfe\/wp-content\/uploads\/sites\/45\/2021\/12\/Infografias-cruce-lagunar-05-1-300x93.jpg 300w, https:\/\/www.santafe.gob.ar\/ms\/enerfe\/wp-content\/uploads\/sites\/45\/2021\/12\/Infografias-cruce-lagunar-05-1-1024x318.jpg 1024w, https:\/\/www.santafe.gob.ar\/ms\/enerfe\/wp-content\/uploads\/sites\/45\/2021\/12\/Infografias-cruce-lagunar-05-1-768x239.jpg 768w, https:\/\/www.santafe.gob.ar\/ms\/enerfe\/wp-content\/uploads\/sites\/45\/2021\/12\/Infografias-cruce-lagunar-05-1-1536x477.jpg 1536w, https:\/\/www.santafe.gob.ar\/ms\/enerfe\/wp-content\/uploads\/sites\/45\/2021\/12\/Infografias-cruce-lagunar-05-1-2048x637.jpg 2048w\" sizes=\"auto, (max-width: 767px) 89vw, (max-width: 1000px) 54vw, (max-width: 1071px) 543px, 580px\" \/><\/a><figcaption>Este cabezal utiliza las mismas aguas y materiales que el tr\u00e9pano para facilitar su tarea.<\/figcaption><\/figure>\n\n\n\n<figure class=\"wp-block-image\"><a href=\"https:\/\/www.santafe.gob.ar\/ms\/enerfe\/wp-content\/uploads\/sites\/45\/2021\/12\/Infografias-cruce-lagunar-06-scaled.jpg\"><img loading=\"lazy\" decoding=\"async\" width=\"2560\" height=\"796\" src=\"https:\/\/www.santafe.gob.ar\/ms\/enerfe\/wp-content\/uploads\/sites\/45\/2021\/12\/Infografias-cruce-lagunar-06-scaled.jpg\" alt=\"\" class=\"wp-image-768\" srcset=\"https:\/\/www.santafe.gob.ar\/ms\/enerfe\/wp-content\/uploads\/sites\/45\/2021\/12\/Infografias-cruce-lagunar-06-scaled.jpg 2560w, https:\/\/www.santafe.gob.ar\/ms\/enerfe\/wp-content\/uploads\/sites\/45\/2021\/12\/Infografias-cruce-lagunar-06-300x93.jpg 300w, https:\/\/www.santafe.gob.ar\/ms\/enerfe\/wp-content\/uploads\/sites\/45\/2021\/12\/Infografias-cruce-lagunar-06-1024x318.jpg 1024w, https:\/\/www.santafe.gob.ar\/ms\/enerfe\/wp-content\/uploads\/sites\/45\/2021\/12\/Infografias-cruce-lagunar-06-768x239.jpg 768w, https:\/\/www.santafe.gob.ar\/ms\/enerfe\/wp-content\/uploads\/sites\/45\/2021\/12\/Infografias-cruce-lagunar-06-1536x477.jpg 1536w, https:\/\/www.santafe.gob.ar\/ms\/enerfe\/wp-content\/uploads\/sites\/45\/2021\/12\/Infografias-cruce-lagunar-06-2048x637.jpg 2048w\" sizes=\"auto, (max-width: 767px) 89vw, (max-width: 1000px) 54vw, (max-width: 1071px) 543px, 580px\" \/><\/a><figcaption>Desde el margen opuesto se introduce el gasoducto previamente soldado.<\/figcaption><\/figure>\n\n\n\n<figure class=\"wp-block-image\"><a href=\"https:\/\/www.santafe.gob.ar\/ms\/enerfe\/wp-content\/uploads\/sites\/45\/2021\/12\/Infografias-cruce-lagunar-07-scaled.jpg\"><img loading=\"lazy\" decoding=\"async\" width=\"2560\" height=\"796\" src=\"https:\/\/www.santafe.gob.ar\/ms\/enerfe\/wp-content\/uploads\/sites\/45\/2021\/12\/Infografias-cruce-lagunar-07-scaled.jpg\" alt=\"\" class=\"wp-image-769\" srcset=\"https:\/\/www.santafe.gob.ar\/ms\/enerfe\/wp-content\/uploads\/sites\/45\/2021\/12\/Infografias-cruce-lagunar-07-scaled.jpg 2560w, https:\/\/www.santafe.gob.ar\/ms\/enerfe\/wp-content\/uploads\/sites\/45\/2021\/12\/Infografias-cruce-lagunar-07-300x93.jpg 300w, https:\/\/www.santafe.gob.ar\/ms\/enerfe\/wp-content\/uploads\/sites\/45\/2021\/12\/Infografias-cruce-lagunar-07-1024x318.jpg 1024w, https:\/\/www.santafe.gob.ar\/ms\/enerfe\/wp-content\/uploads\/sites\/45\/2021\/12\/Infografias-cruce-lagunar-07-768x239.jpg 768w, https:\/\/www.santafe.gob.ar\/ms\/enerfe\/wp-content\/uploads\/sites\/45\/2021\/12\/Infografias-cruce-lagunar-07-1536x477.jpg 1536w, https:\/\/www.santafe.gob.ar\/ms\/enerfe\/wp-content\/uploads\/sites\/45\/2021\/12\/Infografias-cruce-lagunar-07-2048x637.jpg 2048w\" sizes=\"auto, (max-width: 767px) 89vw, (max-width: 1000px) 54vw, (max-width: 1071px) 543px, 580px\" \/><\/a><figcaption>Se tracciona el a\u00f1o mediante un extremo soldado que luego es removido.<\/figcaption><\/figure>\n\n\n\n<figure class=\"wp-block-image\"><a href=\"https:\/\/www.santafe.gob.ar\/ms\/enerfe\/wp-content\/uploads\/sites\/45\/2021\/12\/Infografias-cruce-lagunar-08-scaled.jpg\"><img loading=\"lazy\" decoding=\"async\" width=\"2560\" height=\"796\" src=\"https:\/\/www.santafe.gob.ar\/ms\/enerfe\/wp-content\/uploads\/sites\/45\/2021\/12\/Infografias-cruce-lagunar-08-scaled.jpg\" alt=\"\" class=\"wp-image-770\" srcset=\"https:\/\/www.santafe.gob.ar\/ms\/enerfe\/wp-content\/uploads\/sites\/45\/2021\/12\/Infografias-cruce-lagunar-08-scaled.jpg 2560w, https:\/\/www.santafe.gob.ar\/ms\/enerfe\/wp-content\/uploads\/sites\/45\/2021\/12\/Infografias-cruce-lagunar-08-300x93.jpg 300w, https:\/\/www.santafe.gob.ar\/ms\/enerfe\/wp-content\/uploads\/sites\/45\/2021\/12\/Infografias-cruce-lagunar-08-1024x318.jpg 1024w, https:\/\/www.santafe.gob.ar\/ms\/enerfe\/wp-content\/uploads\/sites\/45\/2021\/12\/Infografias-cruce-lagunar-08-768x239.jpg 768w, https:\/\/www.santafe.gob.ar\/ms\/enerfe\/wp-content\/uploads\/sites\/45\/2021\/12\/Infografias-cruce-lagunar-08-1536x477.jpg 1536w, https:\/\/www.santafe.gob.ar\/ms\/enerfe\/wp-content\/uploads\/sites\/45\/2021\/12\/Infografias-cruce-lagunar-08-2048x637.jpg 2048w\" sizes=\"auto, (max-width: 767px) 89vw, (max-width: 1000px) 54vw, (max-width: 1071px) 543px, 580px\" \/><\/a><figcaption>El cruce se finaliza y el ca\u00f1o ya est\u00e1 listo para ser soldado al resto del gasoducto.<\/figcaption><\/figure>\n\n\n\n<p class=\"wp-block-paragraph\">La seguridad que acarrea, tanto en su construcci\u00f3n como en la operaci\u00f3n del gasoducto la convierten en una alternativa con un plus en este apartado.<\/p>\n\n\n\n<p class=\"wp-block-paragraph\">Las caracter\u00edsticas que implican el cruce teledirigido, colaboran con la conservaci\u00f3n de cualquier resto arqueol\u00f3gico que se encuentre en la zona, porque tanto la acometida como la salida del barreno son previamente estudiadas con la rigurosidad que ameritan.<\/p>\n","protected":false},"excerpt":{"rendered":"<p>Consiste en utilizar una m\u00e1quina de PHD o HDD (Perforaci\u00f3n Horizontal Dirigida u Horizontal Directional Drilling) que, posicionada en uno de los extremos de la laguna, realizar\u00e1 una perforaci\u00f3n inicial de aprox. 5\u201d de di\u00e1metro mediante la inserci\u00f3n de un tren de barras con en tr\u00e9pano en el extremo. El tr\u00e9pano con la inyecci\u00f3n de &hellip; <\/p>\n<p class=\"link-more\"><a href=\"https:\/\/www.santafe.gob.ar\/ms\/enerfe\/gasoducto-metropolitano\/preguntas-frecuentes-gasoducto-metropolitano\/phd\/\" class=\"more-link\">Continuar leyendo<span class=\"screen-reader-text\"> \u00abDESCRIPCI\u00d3N DE LA T\u00c9CNICA DE PHD\u00bb<\/span><\/a><\/p>\n","protected":false},"author":3234,"featured_media":0,"parent":851,"menu_order":0,"comment_status":"open","ping_status":"closed","template":"","meta":{"_acf_changed":false,"_crdt_document":"","footnotes":""},"class_list":["post-893","page","type-page","status-publish","hentry"],"acf":[],"_links":{"self":[{"href":"https:\/\/www.santafe.gob.ar\/ms\/enerfe\/wp-json\/wp\/v2\/pages\/893","targetHints":{"allow":["GET"]}}],"collection":[{"href":"https:\/\/www.santafe.gob.ar\/ms\/enerfe\/wp-json\/wp\/v2\/pages"}],"about":[{"href":"https:\/\/www.santafe.gob.ar\/ms\/enerfe\/wp-json\/wp\/v2\/types\/page"}],"author":[{"embeddable":true,"href":"https:\/\/www.santafe.gob.ar\/ms\/enerfe\/wp-json\/wp\/v2\/users\/3234"}],"replies":[{"embeddable":true,"href":"https:\/\/www.santafe.gob.ar\/ms\/enerfe\/wp-json\/wp\/v2\/comments?post=893"}],"version-history":[{"count":2,"href":"https:\/\/www.santafe.gob.ar\/ms\/enerfe\/wp-json\/wp\/v2\/pages\/893\/revisions"}],"predecessor-version":[{"id":941,"href":"https:\/\/www.santafe.gob.ar\/ms\/enerfe\/wp-json\/wp\/v2\/pages\/893\/revisions\/941"}],"up":[{"embeddable":true,"href":"https:\/\/www.santafe.gob.ar\/ms\/enerfe\/wp-json\/wp\/v2\/pages\/851"}],"wp:attachment":[{"href":"https:\/\/www.santafe.gob.ar\/ms\/enerfe\/wp-json\/wp\/v2\/media?parent=893"}],"curies":[{"name":"wp","href":"https:\/\/api.w.org\/{rel}","templated":true}]}}