{"id":115,"date":"2024-06-29T21:51:05","date_gmt":"2024-06-29T19:51:05","guid":{"rendered":"https:\/\/www.santafe.gob.ar\/ms\/enmovimiento\/?page_id=115"},"modified":"2024-06-29T21:53:49","modified_gmt":"2024-06-29T19:53:49","slug":"escuelas-en-movimiento","status":"publish","type":"page","link":"https:\/\/www.santafe.gob.ar\/ms\/enmovimiento\/escuelas-en-movimiento\/","title":{"rendered":"Escuelas en Movimiento"},"content":{"rendered":"<p>El objetivo de esta etapa de \u201cSanta Fe en Movimiento\u201d es brindar a cada instituci\u00f3n escolar la oportunidad de crear, organizar, dise\u00f1ar e implementar un proyecto educativo que propicie el encuentro, la convivencia, la participaci\u00f3n, la integraci\u00f3n y la apropiaci\u00f3n del espacio por parte de los estudiantes a trav\u00e9s de diversos contenidos curriculares (deporte, arte y la cultura).<\/p>\n<p>La integraci\u00f3n, la participaci\u00f3n y la convivencia son los ejes centrales de esta propuesta educativa, que busca:<\/p>\n<ul>\n<li>Vincular las actividades recreativas, deportivas, art\u00edsticas y culturales con los contenidos curriculares, promoviendo el desarrollo integral de los participantes a trav\u00e9s de diversas \u00e1reas y disciplinas.<\/li>\n<li>Fomentar la inclusi\u00f3n y continuidad educativa<\/li>\n<li>Ofrecer espacios que favorezcan la inclusi\u00f3n y participaci\u00f3n de los ni\u00f1os, ni\u00f1as y adolescentes en actividades f\u00edsicas y deportivas, promoviendo su desarrollo arm\u00f3nico e integral.<\/li>\n<li>Promover el trabajo grupal y colaborativo<\/li>\n<li>Fortalecer la capacidad de autogesti\u00f3n y los v\u00ednculos de solidaridad, respeto mutuo, tolerancia y confianza a trav\u00e9s de actividades grupales y colaborativas.<\/li>\n<\/ul>\n<p>Las instituciones participantes recibir\u00e1n un kit deportivo acorde a las necesidades de su nivel educativo.<\/p>\n<h2>Etapas<\/h2>\n<h5>Proyecto institucional<\/h5>\n<p>La implementaci\u00f3n puede llevarse a cabo de diferentes maneras, abarcando una jornada institucional, media jornada o m\u00faltiples jornadas. Del mismo modo, la actividad puede organizarse por niveles, por disciplina, quedando a criterio de la\/as instituci\u00f3n\/es organizadora\/s la definici\u00f3n de c\u00f3mo desarrollarla.<\/p>\n<p>Tambi\u00e9n podr\u00e1n realizarse actividades con otras instituciones en redes educativas y comunitarias.<\/p>\n<p>Los ejes del proyecto podr\u00edan ser, a modo de ejemplo: Juegos, Juegos Motores, Iniciaci\u00f3n deportiva, Juegos predeportivos, Minideportes, Deportes, Vida en la Naturaleza, Juegos adaptados, Actividades acu\u00e1ticas, gimn\u00e1sticas y atl\u00e9ticas, Actividades culturales, Actividades art\u00edsticas, coreograf\u00edas, ritmos, disciplinas urbanas, etc. pudiendo convivir varios de estos ejes en forma conjunta.<\/p>\n<h5>Presentaci\u00f3n del Proyecto Institucional:<\/h5>\n<p>Los proyectos institucionales deben ser presentados al Supervisor de Educaci\u00f3n F\u00edsica correspondiente para su aprobaci\u00f3n y posterior desarrollo de las actividades planificadas.<\/p>\n<h5>Implementaci\u00f3n del Proyecto Institucional<\/h5>\n<p>El desarrollo del proyecto puede adaptarse a las necesidades y estructuras internas de cada instituci\u00f3n, permitiendo la organizaci\u00f3n de jornadas institucionales, por niveles, disciplinas, entre otras modalidades.<\/p>\n<p>&nbsp;<\/p>\n<div class='et-box et-shadow'>\n\t\t\t\t\t<div class='et-box-content'><ul>\n<li><b>Destinatarias:<\/b> instituciones educativas oficiales de gesti\u00f3n p\u00fablica y gesti\u00f3n privada<\/li>\n<li><b>Inscripci\u00f3n:<\/b> del 1 al 22 de julio a trav\u00e9s de <a href=\"http:\/\/www.santafe.gob.ar\/sigae-web\" target=\"_blank\" rel=\"noopener\">www.santafe.gob.ar\/sigae-web<\/a><\/li>\n<\/ul><\/div><\/div>\n","protected":false},"excerpt":{"rendered":"<p>El objetivo de esta etapa de \u201cSanta Fe en Movimiento\u201d es brindar a cada instituci\u00f3n escolar la oportunidad de crear, organizar, dise\u00f1ar e implementar un proyecto educativo que propicie el encuentro, la convivencia, la participaci\u00f3n, la integraci\u00f3n y la apropiaci\u00f3n del espacio por parte de los estudiantes a trav\u00e9s de diversos contenidos curriculares (deporte, arte [&hellip;]<\/p>\n","protected":false},"author":82961,"featured_media":0,"parent":0,"menu_order":0,"comment_status":"closed","ping_status":"closed","template":"","meta":{"_acf_changed":false,"_et_pb_use_builder":"","_et_pb_old_content":"","_et_gb_content_width":"","footnotes":""},"class_list":["post-115","page","type-page","status-publish","hentry"],"acf":[],"_links":{"self":[{"href":"https:\/\/www.santafe.gob.ar\/ms\/enmovimiento\/wp-json\/wp\/v2\/pages\/115","targetHints":{"allow":["GET"]}}],"collection":[{"href":"https:\/\/www.santafe.gob.ar\/ms\/enmovimiento\/wp-json\/wp\/v2\/pages"}],"about":[{"href":"https:\/\/www.santafe.gob.ar\/ms\/enmovimiento\/wp-json\/wp\/v2\/types\/page"}],"author":[{"embeddable":true,"href":"https:\/\/www.santafe.gob.ar\/ms\/enmovimiento\/wp-json\/wp\/v2\/users\/82961"}],"replies":[{"embeddable":true,"href":"https:\/\/www.santafe.gob.ar\/ms\/enmovimiento\/wp-json\/wp\/v2\/comments?post=115"}],"version-history":[{"count":11,"href":"https:\/\/www.santafe.gob.ar\/ms\/enmovimiento\/wp-json\/wp\/v2\/pages\/115\/revisions"}],"predecessor-version":[{"id":127,"href":"https:\/\/www.santafe.gob.ar\/ms\/enmovimiento\/wp-json\/wp\/v2\/pages\/115\/revisions\/127"}],"wp:attachment":[{"href":"https:\/\/www.santafe.gob.ar\/ms\/enmovimiento\/wp-json\/wp\/v2\/media?parent=115"}],"curies":[{"name":"wp","href":"https:\/\/api.w.org\/{rel}","templated":true}]}}