{"id":585,"date":"2025-05-23T17:23:34","date_gmt":"2025-05-23T15:23:34","guid":{"rendered":"https:\/\/www.santafe.gob.ar\/ms\/enmovimiento\/?page_id=585"},"modified":"2025-05-23T17:23:34","modified_gmt":"2025-05-23T15:23:34","slug":"laboratorio-movil","status":"publish","type":"page","link":"https:\/\/www.santafe.gob.ar\/ms\/enmovimiento\/laboratorio-movil\/","title":{"rendered":"Laboratorio M\u00f3vil"},"content":{"rendered":"<p>Enmarcado en el programa <strong>Formar + Potenciando Deportistas<\/strong>, este dispositivo tiene como finalidad realizar evaluaciones f\u00edsicas, prevenci\u00f3n de lesiones, y asesoramiento en nutrici\u00f3n y entrenamiento. A trav\u00e9s de charlas, talleres y actividades pr\u00e1cticas, se busca potenciar el rendimiento de los deportistas, generando un v\u00ednculo directo con los actores del deporte en cada localidad de la provincia.<\/p>\n\n\t\t<style type=\"text\/css\">\n\t\t\t#gallery-1 {\n\t\t\t\tmargin: auto;\n\t\t\t}\n\t\t\t#gallery-1 .gallery-item {\n\t\t\t\tfloat: left;\n\t\t\t\tmargin-top: 10px;\n\t\t\t\ttext-align: center;\n\t\t\t\twidth: 33%;\n\t\t\t}\n\t\t\t#gallery-1 img {\n\t\t\t\tborder: 2px solid #cfcfcf;\n\t\t\t}\n\t\t\t#gallery-1 .gallery-caption {\n\t\t\t\tmargin-left: 0;\n\t\t\t}\n\t\t\t\/* see gallery_shortcode() in wp-includes\/media.php *\/\n\t\t<\/style>\n\t\t<div id='gallery-1' class='gallery galleryid-585 gallery-columns-3 gallery-size-large'><dl class='gallery-item'>\n\t\t\t<dt class='gallery-icon landscape'>\n\t\t\t\t<img loading=\"lazy\" decoding=\"async\" width=\"1024\" height=\"768\" src=\"https:\/\/www.santafe.gob.ar\/ms\/enmovimiento\/wp-content\/uploads\/sites\/71\/2025\/05\/Laboratorio-Movil_03-1024x768.jpg\" class=\"attachment-large size-large\" alt=\"\" srcset=\"https:\/\/www.santafe.gob.ar\/ms\/enmovimiento\/wp-content\/uploads\/sites\/71\/2025\/05\/Laboratorio-Movil_03-980x735.jpg 980w, https:\/\/www.santafe.gob.ar\/ms\/enmovimiento\/wp-content\/uploads\/sites\/71\/2025\/05\/Laboratorio-Movil_03-480x360.jpg 480w\" sizes=\"auto, (min-width: 0px) and (max-width: 480px) 480px, (min-width: 481px) and (max-width: 980px) 980px, (min-width: 981px) 1024px, 100vw\" \/>\n\t\t\t<\/dt><\/dl><dl class='gallery-item'>\n\t\t\t<dt class='gallery-icon landscape'>\n\t\t\t\t<img loading=\"lazy\" decoding=\"async\" width=\"1024\" height=\"768\" src=\"https:\/\/www.santafe.gob.ar\/ms\/enmovimiento\/wp-content\/uploads\/sites\/71\/2025\/05\/Laboratorio-Movil_02-1024x768.jpg\" class=\"attachment-large size-large\" alt=\"\" srcset=\"https:\/\/www.santafe.gob.ar\/ms\/enmovimiento\/wp-content\/uploads\/sites\/71\/2025\/05\/Laboratorio-Movil_02-980x735.jpg 980w, https:\/\/www.santafe.gob.ar\/ms\/enmovimiento\/wp-content\/uploads\/sites\/71\/2025\/05\/Laboratorio-Movil_02-480x360.jpg 480w\" sizes=\"auto, (min-width: 0px) and (max-width: 480px) 480px, (min-width: 481px) and (max-width: 980px) 980px, (min-width: 981px) 1024px, 100vw\" \/>\n\t\t\t<\/dt><\/dl><dl class='gallery-item'>\n\t\t\t<dt class='gallery-icon landscape'>\n\t\t\t\t<img loading=\"lazy\" decoding=\"async\" width=\"1024\" height=\"768\" src=\"https:\/\/www.santafe.gob.ar\/ms\/enmovimiento\/wp-content\/uploads\/sites\/71\/2025\/05\/Laboratorio-Movil_01-1024x768.jpg\" class=\"attachment-large size-large\" alt=\"\" srcset=\"https:\/\/www.santafe.gob.ar\/ms\/enmovimiento\/wp-content\/uploads\/sites\/71\/2025\/05\/Laboratorio-Movil_01-980x735.jpg 980w, https:\/\/www.santafe.gob.ar\/ms\/enmovimiento\/wp-content\/uploads\/sites\/71\/2025\/05\/Laboratorio-Movil_01-480x360.jpg 480w\" sizes=\"auto, (min-width: 0px) and (max-width: 480px) 480px, (min-width: 481px) and (max-width: 980px) 980px, (min-width: 981px) 1024px, 100vw\" \/>\n\t\t\t<\/dt><\/dl><br style=\"clear: both\" \/>\n\t\t<\/div>\n\n<p>El prop\u00f3sito central de cada visita ser\u00e1 trabajar de manera conjunta, con entrenadores y deportistas, promoviendo el desarrollo integral de los deportistas y la mejora de los entrenamientos, con el fin de optimizar su rendimiento y prevenir lesiones a lo largo del a\u00f1o.<\/p>\n<p>Adem\u00e1s, este Laboratorio, permitir\u00e1 elaborar una base de datos de los deportistas de la provincia con fines estad\u00edsticos.<\/p>\n<p>Las evaluaciones son realizadas con los equipos profesionales del Centro de Evaluaciones M\u00e9dico Deportivas (CeMeDep) en Rosario y Santa Fe. Este equipo est\u00e1 integrado por profesionales especializados en fisiolog\u00eda, kinesiolog\u00eda, nutrici\u00f3n y psicolog\u00eda deportiva.<\/p>\n<hr \/>\n<p>&nbsp;<\/p>\n<h3>Cronograma de recorridas del Laboratorio M\u00f3vil<\/h3>\n<p><strong>Mayo<\/strong><\/p>\n<p>27\/05: San Jorge (Departamento San Mart\u00edn)<\/p>\n<p>&#8212;<\/p>\n<p><strong>Junio<\/strong><\/p>\n<p>10\/06: San Jer\u00f3nimo Norte (Departamento Las Colonias)<\/p>\n<p>24\/06: Esperanza (Departamento Las Colonias)<\/p>\n<p>&#8212;<\/p>\n<p><strong>Julio<\/strong><\/p>\n<p>08\/07: Ceres (Departamento San Crist\u00f3bal)<\/p>\n<p>22\/07: San Justo (Departamento San Justo)<\/p>\n<p>&#8212;<\/p>\n<p><strong>Agosto<\/strong><\/p>\n<p>05\/08: San Javier &#8211; Romang (Departamento San Javier)<\/p>\n<p>19\/08: Sastre y Ort\u00edz (Departamento San Mart\u00edn)<\/p>\n<p>&#8212;<\/p>\n<p><strong>Septiembre<\/strong><\/p>\n<p>02\/09: Rafaela (Departamento Castellanos)<\/p>\n<p>16\/09: Departamento Garay<\/p>\n<p>30\/09: Tostado (Departamento 9 de Julio)<\/p>\n<p>&#8212;<\/p>\n<p><strong>Octubre<\/strong><\/p>\n<p>14\/10: Villa Ocampo (Departamento General Obligado)<\/p>\n<p>28\/10: Sunchales (Departamento Castellanos)<\/p>\n<p>&#8212;<\/p>\n<p><strong>Noviembre<\/strong><\/p>\n<p>11\/11: Santo Tom\u00e9 \u2013 Sauce Viejo (Departamento La Capital)<\/p>\n<p>25\/11: Coronda (Departamento San Jer\u00f3nimo)<\/p>\n<p>&#8212;<\/p>\n<p><strong>Diciembre<\/strong><\/p>\n<p>09\/12: Departamento Garay<\/p>\n","protected":false},"excerpt":{"rendered":"<p>Enmarcado en el programa Formar + Potenciando Deportistas, este dispositivo tiene como finalidad realizar evaluaciones f\u00edsicas, prevenci\u00f3n de lesiones, y asesoramiento en nutrici\u00f3n y entrenamiento. A trav\u00e9s de charlas, talleres y actividades pr\u00e1cticas, se busca potenciar el rendimiento de los deportistas, generando un v\u00ednculo directo con los actores del deporte en cada localidad de la [&hellip;]<\/p>\n","protected":false},"author":82961,"featured_media":0,"parent":0,"menu_order":0,"comment_status":"closed","ping_status":"closed","template":"","meta":{"_acf_changed":false,"_et_pb_use_builder":"","_et_pb_old_content":"","_et_gb_content_width":"","footnotes":""},"class_list":["post-585","page","type-page","status-publish","hentry"],"acf":[],"_links":{"self":[{"href":"https:\/\/www.santafe.gob.ar\/ms\/enmovimiento\/wp-json\/wp\/v2\/pages\/585","targetHints":{"allow":["GET"]}}],"collection":[{"href":"https:\/\/www.santafe.gob.ar\/ms\/enmovimiento\/wp-json\/wp\/v2\/pages"}],"about":[{"href":"https:\/\/www.santafe.gob.ar\/ms\/enmovimiento\/wp-json\/wp\/v2\/types\/page"}],"author":[{"embeddable":true,"href":"https:\/\/www.santafe.gob.ar\/ms\/enmovimiento\/wp-json\/wp\/v2\/users\/82961"}],"replies":[{"embeddable":true,"href":"https:\/\/www.santafe.gob.ar\/ms\/enmovimiento\/wp-json\/wp\/v2\/comments?post=585"}],"version-history":[{"count":2,"href":"https:\/\/www.santafe.gob.ar\/ms\/enmovimiento\/wp-json\/wp\/v2\/pages\/585\/revisions"}],"predecessor-version":[{"id":587,"href":"https:\/\/www.santafe.gob.ar\/ms\/enmovimiento\/wp-json\/wp\/v2\/pages\/585\/revisions\/587"}],"wp:attachment":[{"href":"https:\/\/www.santafe.gob.ar\/ms\/enmovimiento\/wp-json\/wp\/v2\/media?parent=585"}],"curies":[{"name":"wp","href":"https:\/\/api.w.org\/{rel}","templated":true}]}}