{"id":1067,"date":"2025-11-08T22:22:07","date_gmt":"2025-11-08T21:22:07","guid":{"rendered":"https:\/\/www.santafe.gob.ar\/ms\/fipr\/?page_id=1067"},"modified":"2025-11-11T11:30:24","modified_gmt":"2025-11-11T10:30:24","slug":"luisina-valenti","status":"publish","type":"page","link":"https:\/\/www.santafe.gob.ar\/ms\/fipr\/luisina-valenti\/","title":{"rendered":"Luisina Valenti"},"content":{"rendered":"<p>[et_pb_section fb_built=\u00bb1&#8243; custom_padding_last_edited=\u00bboff|desktop\u00bb admin_label=\u00bbHeader\u00bb _builder_version=\u00bb4.19.0&#8243; background_color_gradient_direction=\u00bb188deg\u00bb background_image=\u00bbhttps:\/\/www.santafe.gob.ar\/ms\/fipr\/wp-content\/uploads\/sites\/88\/2025\/11\/art-gallery-55.jpg\u00bb background_size=\u00bbinitial\u00bb background_repeat=\u00bbrepeat\u00bb width=\u00bb100%\u00bb custom_padding_tablet=\u00bb5vw||5vw||true\u00bb top_divider_style=\u00bbslant\u00bb top_divider_color=\u00bb#063A29&#8243; top_divider_height=\u00bb153px\u00bb top_divider_flip=\u00bbhorizontal\u00bb global_colors_info=\u00bb{}\u00bb][et_pb_row column_structure=\u00bb2_5,3_5&#8243; use_custom_gutter=\u00bbon\u00bb gutter_width=\u00bb2&#8243; make_equal=\u00bbon\u00bb admin_label=\u00bbFila\u00bb _builder_version=\u00bb4.19.0&#8243; use_custom_width=\u00bbon\u00bb width_unit=\u00bboff\u00bb custom_width_percent=\u00bb100%\u00bb locked=\u00bboff\u00bb global_colors_info=\u00bb{}\u00bb][et_pb_column type=\u00bb2_5&#8243; _builder_version=\u00bb4.16&#8243; custom_padding=\u00bb|||\u00bb global_colors_info=\u00bb{}\u00bb custom_padding__hover=\u00bb|||\u00bb][et_pb_text _builder_version=\u00bb4.19.0&#8243; text_font=\u00bbCrimson Pro||||||||\u00bb text_text_color=\u00bb#121212&#8243; text_font_size=\u00bb42px\u00bb text_line_height=\u00bb1em\u00bb header_font=\u00bb||||||||\u00bb header_2_font=\u00bbPrata|500|||||||\u00bb header_2_text_align=\u00bbleft\u00bb header_2_font_size=\u00bb56px\u00bb header_2_line_height=\u00bb1.3em\u00bb header_4_font=\u00bb|700|||||||\u00bb header_4_font_size=\u00bb20px\u00bb header_4_line_height=\u00bb1.2em\u00bb transform_translate_linked=\u00bboff\u00bb max_width=\u00bb100%\u00bb max_width_tablet=\u00bb70%\u00bb max_width_last_edited=\u00bboff|phone\u00bb hover_enabled=\u00bb0&#8243; header_2_font_size_tablet=\u00bb40px\u00bb header_2_font_size_phone=\u00bb26px\u00bb header_2_font_size_last_edited=\u00bbon|desktop\u00bb global_colors_info=\u00bb{}\u00bb text_font_size_last_edited=\u00bbon|desktop\u00bb sticky_enabled=\u00bb0&#8243; text_font_size_tablet=\u00bb42px\u00bb text_font_size_phone=\u00bb42px\u00bb]<\/p>\n<p><strong>Luisina Valenti<\/strong><\/p>\n<p>[\/et_pb_text][et_pb_image src=\u00bbhttps:\/\/www.santafe.gob.ar\/ms\/fipr\/wp-content\/uploads\/sites\/88\/2025\/11\/0Luisina-Valenti-Rafaela-Santa-Fe-1990.jpg\u00bb title_text=\u00bbLuisina Valenti (Rafaela, Santa Fe, 1990)\u00bb _builder_version=\u00bb4.19.0&#8243; _module_preset=\u00bbdefault\u00bb global_colors_info=\u00bb{}\u00bb][\/et_pb_image][\/et_pb_column][et_pb_column type=\u00bb3_5&#8243; _builder_version=\u00bb4.19.0&#8243; custom_padding=\u00bb51px||||false|false\u00bb global_colors_info=\u00bb{}\u00bb custom_padding__hover=\u00bb|||\u00bb][et_pb_text _builder_version=\u00bb4.19.0&#8243; text_font=\u00bb||||||||\u00bb header_font=\u00bb|700|||||||\u00bb header_font_size=\u00bb20px\u00bb header_line_height=\u00bb1.3em\u00bb header_2_font=\u00bb|700|||||||\u00bb header_2_font_size=\u00bb20px\u00bb header_2_line_height=\u00bb1.3em\u00bb header_3_font=\u00bb|700|||||||\u00bb header_3_font_size=\u00bb16px\u00bb header_3_line_height=\u00bb1.3em\u00bb custom_padding=\u00bb||7px|||\u00bb header_font_size_tablet=\u00bb\u00bb header_font_size_phone=\u00bb\u00bb header_font_size_last_edited=\u00bbon|desktop\u00bb locked=\u00bboff\u00bb global_colors_info=\u00bb{}\u00bb]<\/p>\n<p><span>(Rafaela, Santa Fe, 1990)<\/span><\/p>\n<p><span>Public\u00f3 los libros <em>Bolitas de papel<\/em> (2018), <em>Tel\u00e9fonos <\/em>(Gnomo Errante, 2019), <em>Cosas que quedaron lejos<\/em> (Primer Premio Fondo Editorial Municipal, 2021) y <em>\u00daltimo color del verano <\/em>(Vera Cartonera, UNL, 2025). Coordina el taller de poes\u00eda <em>El tenedor en el enchufe,<\/em> en el Dispositivo Integral de Atenci\u00f3n Territorial. Recientemente han publicado <em>Abajo del \u00e1rbol<\/em>, antolog\u00eda que re\u00fane los poemas escritos en el taller. Es colaboradora de la Biblioteca Popular J. M. Estrada, donde organiza y produce el ciclo <em>Poes\u00eda en La Estrada + Lecturas Amigas<\/em>. Fue programadora de la Semana del Libro <em>Muchos mundos por descubrir<\/em> (2024) y coordinadora del Premio Fondo Editorial Municipal (2023). En teatro escribi\u00f3 y codirigi\u00f3 la obra <em>Imaginaci\u00f3n lo que m\u00e1s amo de ti es que no perdonas<\/em>.<\/span><\/p>\n<p>[\/et_pb_text][\/et_pb_column][\/et_pb_row][\/et_pb_section][et_pb_section fb_built=\u00bb1&#8243; admin_label=\u00bbpoemas\u00bb _builder_version=\u00bb4.19.0&#8243; custom_margin=\u00bb0px||||false|false\u00bb custom_padding=\u00bb0px||||false|false\u00bb global_colors_info=\u00bb{}\u00bb][et_pb_row custom_padding_last_edited=\u00bboff|phone\u00bb _builder_version=\u00bb4.16&#8243; background_position=\u00bbbottom_center\u00bb custom_padding_tablet=\u00bb17vw||17vw||false\u00bb use_custom_width=\u00bbon\u00bb width_unit=\u00bboff\u00bb custom_width_percent=\u00bb100%\u00bb locked=\u00bboff\u00bb global_colors_info=\u00bb{}\u00bb][et_pb_column type=\u00bb4_4&#8243; _builder_version=\u00bb4.16&#8243; custom_padding=\u00bb|||\u00bb global_colors_info=\u00bb{}\u00bb custom_padding__hover=\u00bb|||\u00bb][et_pb_text _builder_version=\u00bb4.19.0&#8243; text_font=\u00bb||||||||\u00bb text_font_size=\u00bb41px\u00bb header_font=\u00bb||||||||\u00bb header_font_size=\u00bb60px\u00bb header_2_font=\u00bbPrata|500|||||||\u00bb header_2_font_size=\u00bb56px\u00bb header_2_line_height=\u00bb1.3em\u00bb header_3_font=\u00bb|700||on|||||\u00bb header_3_text_color=\u00bbrgba(0,0,0,0.35)\u00bb header_3_font_size=\u00bb12px\u00bb header_3_letter_spacing=\u00bb5px\u00bb header_3_line_height=\u00bb2em\u00bb transform_translate_linked=\u00bboff\u00bb text_orientation=\u00bbcenter\u00bb max_width=\u00bb700px\u00bb max_width_tablet=\u00bb70%\u00bb max_width_last_edited=\u00bboff|phone\u00bb module_alignment=\u00bbcenter\u00bb header_2_font_size_tablet=\u00bb40px\u00bb header_2_font_size_phone=\u00bb26px\u00bb header_2_font_size_last_edited=\u00bbon|phone\u00bb header_3_font_size_phone=\u00bb10px\u00bb header_3_font_size_last_edited=\u00bboff|desktop\u00bb module_alignment_last_edited=\u00bboff|desktop\u00bb text_text_align=\u00bbcenter\u00bb inline_fonts=\u00bbCrimson Pro\u00bb global_colors_info=\u00bb{}\u00bb]<\/p>\n<h1>poemas<\/h1>\n<p>[\/et_pb_text][\/et_pb_column][\/et_pb_row][et_pb_row _builder_version=\u00bb4.19.0&#8243; _module_preset=\u00bbdefault\u00bb global_colors_info=\u00bb{}\u00bb][et_pb_column type=\u00bb4_4&#8243; _builder_version=\u00bb4.19.0&#8243; _module_preset=\u00bbdefault\u00bb global_colors_info=\u00bb{}\u00bb][et_pb_accordion _builder_version=\u00bb4.19.0&#8243; _module_preset=\u00bbdefault\u00bb global_colors_info=\u00bb{}\u00bb][et_pb_accordion_item title=\u00bbCuando pusieron las cajas autom\u00e1ticas pens\u00e9 que iban a echar a las cajeras\u00bb open=\u00bbon\u00bb _builder_version=\u00bb4.19.0&#8243; _module_preset=\u00bbdefault\u00bb global_colors_info=\u00bb{}\u00bb]<\/p>\n<p>Cuando pusieron las cajas autom\u00e1ticas pens\u00e9 que iban a echar a las cajeras<br \/>as\u00ed que no las usaba<br \/>un pacto silencioso con las mujeres de pechera azul<br \/>camisa blanca<br \/>el nombre de la empresa bordado en el bolsillo<br \/>y pantal\u00f3n que las hace feas<br \/>pero las pusieron a mirar<br \/>miran a la gente que pasa por la caja de autoservicio<br \/>miran el ticket que entrega la m\u00e1quina<br \/>y abren una puerta corral<br \/>para que la gente se vaya<br \/>una vez una de las cajas autom\u00e1ticas<br \/>tuvo una falla<br \/>y ofreci\u00f3 12 cuotas sin inter\u00e9s<br \/>cuando le pregunt\u00e9 a una de las mujeres que miraban<br \/>me dijo \u2014falla\u00a0 \u00a0 \u00a0 \u00a0 \u00a0 aprovech\u00e1<br \/>as\u00ed que le avis\u00e9 a una amiga<br \/>que quer\u00eda comprar un televisor<br \/>\u2014autocaja 8 amiga\u00a0 \u00a0 \u00a0 \u00a0 \u00a0 aprovech\u00e1<br \/>por las tierras que saquearon en el sur<br \/>por las orejas de las indias<br \/>y la plusval\u00eda de las mujeres con pechera<br \/>que miran<br \/>una secuencia sencilla<br \/>un movimiento de manos<br \/>y dejan pasar<br \/>vino fino\u00a0 \u00a0 \u00a0 \u00a0 \u00a0 whisky\u00a0 \u00a0 \u00a0 \u00a0 \u00a0 fruto de mar<br \/>no son productos de primera necesidad<br \/>eso me har\u00eda pobre<br \/>son placeres plebeyos<br \/>que el dinero no debe tocar<br \/>en un pueblo perdido<br \/>de las provincias unidas<br \/>en esta tierra maldita<br \/>heter\u00f3clita y multiforme<br \/>a caballo en diferentes dominios<br \/>que dieron en llamar el interior<br \/>mi abuela materna<br \/>elsa rosa cant\u00edn<br \/>ni\u00f1a sierva de la pampa gringa<br \/>a los nueve a\u00f1os<br \/>volvi\u00f3 caminando despacio<br \/>a la casa de sus t\u00edos despu\u00e9s de comprarse<br \/>con su primer sueldo<br \/>un pedazo de mantecol<br \/>que comi\u00f3 sola<br \/>despacio<br \/>con placer austero\u00a0 \u00a0 \u00a0 \u00a0 \u00a0 trabajador<br \/>y record\u00f3<br \/>sobre la cabeza de mi hija<br \/>mientras yo dorm\u00eda despu\u00e9s de servir<br \/>platos caros vino fino<br \/>que me avivaron la lengua<\/p>\n<p>no s\u00e9 qu\u00e9 palabras habr\u00e1 dicho<br \/>mi abuela\u00a0 \u00a0 \u00a0 \u00a0 \u00a0 elsa rosa cant\u00edn<br \/>sobre la cabeza de mi hija<br \/>por suerte para m\u00ed<br \/>lo que se hereda no se roba<br \/>lo que se roba no se devuelve.<\/p>\n<p>&nbsp;<\/p>\n<p>&nbsp;<\/p>\n<p><strong>De <em>si tengo o si quiero<\/em> (in\u00e9dito)<\/strong><\/p>\n<p>[\/et_pb_accordion_item][et_pb_accordion_item title=\u00bbSpoken word\u00bb _builder_version=\u00bb4.19.0&#8243; _module_preset=\u00bbdefault\u00bb global_colors_info=\u00bb{}\u00bb open=\u00bboff\u00bb]<\/p>\n<p>tipeo como rata ciega<br \/>tengo un mono reloco en la cabeza<br \/>soy el caballo muerto<br \/>mi propio caballo muerto<br \/>eso que insiste<br \/>\u2014 qu\u00e9 le hacemos?<br \/>le ponemos el respirador<br \/>o mejor<br \/>vamos a necesitar dos voluntarios<br \/>uno agarra las patas de adelante<br \/>otro\u00a0 \u00a0 \u00a0 \u00a0vos<br \/>las dos de atr\u00e1s<br \/>yo agarro la cabeza<br \/>y as\u00ed va<br \/>pero mir\u00e1<br \/>qu\u00e9 hermoso<br \/>c\u00f3mo corre por la ruta<br \/>tacat\u00e1 tacat\u00e1 tacat\u00e1<br \/>cuando me ve para<br \/>y yo apoyo mi cabeza en su pecho<br \/>sent\u00ed sent\u00ed<br \/>la sangre<br \/>abajo del pelaje<br \/>tacat\u00e1 tacat\u00e1 tacat\u00e1<br \/>son las tres s\u00edlabas de mi nombre.<\/p>\n<p>&nbsp;<\/p>\n<p>&nbsp;<\/p>\n<p><strong>De<em> si tengo o si quiero<\/em> (in\u00e9dito)<\/strong><\/p>\n<p>[\/et_pb_accordion_item][et_pb_accordion_item title=\u00bbEl televisor no se apaga en la casa de esta mujer\u00bb _builder_version=\u00bb4.19.0&#8243; _module_preset=\u00bbdefault\u00bb global_colors_info=\u00bb{}\u00bb open=\u00bboff\u00bb]<\/p>\n<p>El televisor no se apaga en la casa de esta mujer<br \/>es un fondo en lengua neutra<br \/>un velador de History Channel<br \/>o Discovery Home &amp; Health\u00a0 \u00a0 \u00a0 \u00a0 no s\u00e9<br \/>los martes pasan un programa de comidas<br \/>que cambiaron la historia<br \/>de la vida de las mujeres<br \/>mayonesa Heinz<br \/>caf\u00e9 soluble<br \/>Stove Top<br \/>copitos Kellogs<br \/>torta de caja<br \/>mi mam\u00e1 no cocina<br \/>pero se asiste de aparatos que la acompa\u00f1an<br \/>hizo el curso de microondas<br \/>y tiene una parrilla el\u00e9ctrica<br \/>tiene la m\u00e1quina de pan\u00a0 \u00a0 \u00a0 \u00a0 la pava<br \/>y la soup maker<br \/>aunque pide vianda y si nos vemos<br \/>compra s\u00e1ndwiches de miga<br \/>no hablamos mucho<br \/>cuando se termina el programa<br \/>mi hija y yo volvemos al departamento<br \/>llevo una bandeja de simples que comemos a la noche<br \/>con caf\u00e9 con leche calentado sobre la llama azul de la hornalla<br \/>pienso<br \/>en la calidad de esa luz<br \/>mis palabras perdieron fuerza<br \/>el chico no me escribe<br \/>el poema no me sale<br \/>me rechazaron la beca<br \/>no s\u00e9 rezar<br \/>pero puedo decir unos versos de memoria<br \/>abro la heladera y me arrodillo<br \/>sobre el piso sin barrer<br \/>pongo los codos en el segundo estante<br \/>y me entrego a la luz dorada.<\/p>\n<p>&nbsp;<\/p>\n<p>&nbsp;<\/p>\n<p><strong>De <em>si tengo o si quiero<\/em> (in\u00e9dito)<\/strong><\/p>\n<p>[\/et_pb_accordion_item][et_pb_accordion_item title=\u00bbhay tanto\u00bb _builder_version=\u00bb4.19.0&#8243; _module_preset=\u00bbdefault\u00bb global_colors_info=\u00bb{}\u00bb open=\u00bboff\u00bb]<\/p>\n<p>hay tanto<br \/>tanto sol<br \/>en la piel tirante de los hombros<br \/>los cardos parados<br \/>como velas de cumplea\u00f1os<br \/>ped\u00ed 3 deseos<br \/>sopl\u00e1<br \/>no se los cuentes a nadie<br \/>hay tanto tanto sol<br \/>nos tapamos la cara<br \/>despegamos los abrojos<br \/>de las medias<br \/>un torito se sec\u00f3 dado vuelta<br \/>tanto sol<br \/>atr\u00e1s del campo<br \/>hace un punto verde<br \/>encandila<br \/>como una foto velada<\/p>\n<p>&nbsp;<\/p>\n<p>&nbsp;<\/p>\n<p><strong>De <em>\u00daltimo color del verano<\/em> (Vera Cartonera, 2025)<\/strong><\/p>\n<p>[\/et_pb_accordion_item][et_pb_accordion_item title=\u00bbChicas x chicas\u00bb _builder_version=\u00bb4.19.0&#8243; _module_preset=\u00bbdefault\u00bb global_colors_info=\u00bb{}\u00bb open=\u00bboff\u00bb]<\/p>\n<p>nunca vi a mis pap\u00e1s besarse<br \/>ni a mis abuelos<br \/>los besos para m\u00ed\u00a0 \u00a0 \u00a0 eran<br \/>de adolescentes, de las pel\u00edculas<br \/>de todo lo que no tuviera mi sangre<\/p>\n<p>el primero me lo dio eugenia<br \/>juagabamos chicas x chicas<br \/>un juego para hacernos las est\u00fapidas<br \/>le hab\u00edamos cambiado las cartas<br \/>con biromes de colores<\/p>\n<p>tomar cerveza<br \/>llamar a un chico<br \/>espiar al vecino<br \/>mostrar las tetas<\/p>\n<p>saqu\u00e9 una carta de las del medio<br \/>la prenda era un beso<br \/>ella lo ten\u00eda ah\u00ed<br \/>en la punta de la lengua<br \/>me lo dio<br \/>y yo se la devolv\u00ed<\/p>\n<p>antes hab\u00eda sido el azulejo del ba\u00f1o<br \/>color crema<br \/>cuando me duchaba<br \/>le dec\u00eda \u2014Leandro<br \/>no seas tonto<br \/>qu\u00e9<br \/>qu\u00e9 me mir\u00e1s<br \/>Leandro<br \/>y ah\u00ed<br \/>nos bes\u00e1bamos<br \/>besos fr\u00edos<br \/>cientos de veces<br \/>cientos de besos<br \/>hasta que yo corr\u00eda la cara<br \/>debajo de la ducha<br \/>porque me daba verg\u00fcenza<br \/>abrir los ojos y que \u00e9l me viera<br \/>con esa cara de enamorada<br \/>tonta y feliz<br \/>si acaso no son lo mismo<\/p>\n<p>despu\u00e9s fue mat\u00edas<br \/>el hermano de paula<br \/>nos bes\u00e1bamos y \u00e9l se re\u00eda<br \/>porque le hac\u00eda cosquillas nuestra lengua<br \/>con todas<br \/>a todas nos amaba<br \/>y todas lo amamos<br \/>todas lo nombramos de una forma especial<br \/>yo le dec\u00eda mariano<\/p>\n<p>hasta que una vez<br \/>mariano<br \/>que era federico<br \/>y mauro y lisandro<br \/>mordi\u00f3 a ver\u00f3nica<br \/>cuando lo besaba<br \/>le estaban saliendo los dientes<br \/>no se di\u00f3 cuenta<br \/>ver\u00f3nica grit\u00f3<br \/>lo empuj\u00f3<br \/>y escupi\u00f3 un rayo de sangre<br \/>est\u00fapido le dijo<br \/>el llor\u00f3 y gate\u00f3 hasta la cocina<\/p>\n<p>nosotras la miramos<br \/>n\u00ednfulas encendidas<br \/>porque lo am\u00e1bamos<br \/>los am\u00e1bamos<br \/>a ella tambi\u00e9n<br \/>novia ultrajada<br \/>tan vibrante tan lorquiana<br \/>qu\u00e9 miran taradas<br \/>las gotas en el piso<br \/>y nosotras<br \/>en silencio y en llamas<\/p>\n<p>&nbsp;<\/p>\n<p><strong>De <em>Cosas que quedaron lejos<\/em> (FEM, 2021)<\/strong><\/p>\n<p>[\/et_pb_accordion_item][\/et_pb_accordion][\/et_pb_column][\/et_pb_row][\/et_pb_section][et_pb_section fb_built=\u00bb1&#8243; admin_label=\u00bbcontacto\u00bb _builder_version=\u00bb4.19.0&#8243; background_size=\u00bbinitial\u00bb background_repeat=\u00bbrepeat-y\u00bb custom_padding=\u00bb0px|||||\u00bb saved_tabs=\u00bball\u00bb locked=\u00bboff\u00bb global_colors_info=\u00bb{}\u00bb][et_pb_row disabled_on=\u00bbon|on|on\u00bb _builder_version=\u00bb4.19.0&#8243; width=\u00bb74%\u00bb custom_margin=\u00bb|auto||auto|false|false\u00bb custom_padding=\u00bb||||false|false\u00bb border_width_top=\u00bb2px\u00bb disabled=\u00bbon\u00bb global_colors_info=\u00bb{}\u00bb][et_pb_column type=\u00bb4_4&#8243; _builder_version=\u00bb4.19.0&#8243; custom_padding=\u00bb|||\u00bb global_colors_info=\u00bb{}\u00bb custom_padding__hover=\u00bb|||\u00bb][et_pb_social_media_follow _builder_version=\u00bb4.19.0&#8243; text_orientation=\u00bbcenter\u00bb custom_margin=\u00bb-20px|||-10px\u00bb custom_margin_tablet=\u00bb\u00bb custom_margin_phone=\u00bb-20px||\u00bb custom_margin_last_edited=\u00bbon|desktop\u00bb filter_invert=\u00bb100%\u00bb locked=\u00bboff\u00bb global_colors_info=\u00bb{}\u00bb icon_color__hover=\u00bb#e02b20&#8243;][et_pb_social_media_follow_network social_network=\u00bbfacebook\u00bb _builder_version=\u00bb4.16&#8243; global_colors_info=\u00bb{}\u00bb follow_button=\u00bboff\u00bb url_new_window=\u00bbon\u00bb]facebook[\/et_pb_social_media_follow_network][et_pb_social_media_follow_network social_network=\u00bbtwitter\u00bb _builder_version=\u00bb4.16&#8243; global_colors_info=\u00bb{}\u00bb follow_button=\u00bboff\u00bb url_new_window=\u00bbon\u00bb]twitter[\/et_pb_social_media_follow_network][et_pb_social_media_follow_network social_network=\u00bbgoogle-plus\u00bb _builder_version=\u00bb4.16&#8243; global_colors_info=\u00bb{}\u00bb follow_button=\u00bboff\u00bb url_new_window=\u00bbon\u00bb]google-plus[\/et_pb_social_media_follow_network][et_pb_social_media_follow_network social_network=\u00bbinstagram\u00bb _builder_version=\u00bb4.16&#8243; global_colors_info=\u00bb{}\u00bb follow_button=\u00bboff\u00bb url_new_window=\u00bbon\u00bb]instagram[\/et_pb_social_media_follow_network][\/et_pb_social_media_follow][\/et_pb_column][\/et_pb_row][\/et_pb_section]<\/p>\n","protected":false},"excerpt":{"rendered":"<p>Luisina Valenti(Rafaela, Santa Fe, 1990) Public\u00f3 los libros Bolitas de papel (2018), Tel\u00e9fonos (Gnomo Errante, 2019), Cosas que quedaron lejos (Primer Premio Fondo Editorial Municipal, 2021) y \u00daltimo color del [&hellip;]<\/p>\n","protected":false},"author":138435,"featured_media":0,"parent":0,"menu_order":0,"comment_status":"closed","ping_status":"closed","template":"","meta":{"_acf_changed":false,"_et_pb_use_builder":"on","_et_pb_old_content":"","_et_gb_content_width":"","footnotes":""},"class_list":["post-1067","page","type-page","status-publish","hentry"],"acf":[],"yoast_head":"<!-- This site is optimized with the Yoast SEO plugin v27.2 - https:\/\/yoast.com\/product\/yoast-seo-wordpress\/ -->\n<title>Luisina Valenti - Festival Internacional de Poes\u00eda de Rosario<\/title>\n<meta name=\"robots\" content=\"index, follow, max-snippet:-1, max-image-preview:large, max-video-preview:-1\" \/>\n<link rel=\"canonical\" href=\"https:\/\/www.santafe.gob.ar\/ms\/fipr\/luisina-valenti\/\" \/>\n<meta property=\"og:locale\" content=\"es_ES\" \/>\n<meta property=\"og:type\" content=\"article\" \/>\n<meta property=\"og:title\" content=\"Luisina Valenti - Festival Internacional de Poes\u00eda de Rosario\" \/>\n<meta property=\"og:description\" content=\"Luisina Valenti(Rafaela, Santa Fe, 1990) Public\u00f3 los libros Bolitas de papel (2018), Tel\u00e9fonos (Gnomo Errante, 2019), Cosas que quedaron lejos (Primer Premio Fondo Editorial Municipal, 2021) y \u00daltimo color del [&hellip;]\" \/>\n<meta property=\"og:url\" content=\"https:\/\/www.santafe.gob.ar\/ms\/fipr\/luisina-valenti\/\" \/>\n<meta property=\"og:site_name\" content=\"Festival Internacional de Poes\u00eda de Rosario\" \/>\n<meta property=\"article:modified_time\" content=\"2025-11-11T10:30:24+00:00\" \/>\n<meta name=\"twitter:card\" content=\"summary_large_image\" \/>\n<meta name=\"twitter:label1\" content=\"Tiempo de lectura\" \/>\n\t<meta name=\"twitter:data1\" content=\"10 minutos\" \/>\n<script type=\"application\/ld+json\" class=\"yoast-schema-graph\">{\"@context\":\"https:\/\/schema.org\",\"@graph\":[{\"@type\":\"WebPage\",\"@id\":\"https:\/\/www.santafe.gob.ar\/ms\/fipr\/luisina-valenti\/\",\"url\":\"https:\/\/www.santafe.gob.ar\/ms\/fipr\/luisina-valenti\/\",\"name\":\"Luisina Valenti - Festival Internacional de Poes\u00eda de Rosario\",\"isPartOf\":{\"@id\":\"https:\/\/www.santafe.gob.ar\/ms\/fipr\/#website\"},\"datePublished\":\"2025-11-08T21:22:07+00:00\",\"dateModified\":\"2025-11-11T10:30:24+00:00\",\"breadcrumb\":{\"@id\":\"https:\/\/www.santafe.gob.ar\/ms\/fipr\/luisina-valenti\/#breadcrumb\"},\"inLanguage\":\"es\",\"potentialAction\":[{\"@type\":\"ReadAction\",\"target\":[\"https:\/\/www.santafe.gob.ar\/ms\/fipr\/luisina-valenti\/\"]}]},{\"@type\":\"BreadcrumbList\",\"@id\":\"https:\/\/www.santafe.gob.ar\/ms\/fipr\/luisina-valenti\/#breadcrumb\",\"itemListElement\":[{\"@type\":\"ListItem\",\"position\":1,\"name\":\"Portada\",\"item\":\"https:\/\/www.santafe.gob.ar\/ms\/fipr\/\"},{\"@type\":\"ListItem\",\"position\":2,\"name\":\"Luisina Valenti\"}]},{\"@type\":\"WebSite\",\"@id\":\"https:\/\/www.santafe.gob.ar\/ms\/fipr\/#website\",\"url\":\"https:\/\/www.santafe.gob.ar\/ms\/fipr\/\",\"name\":\"Festival Internacional de Poes\u00eda de Rosario\",\"description\":\"\",\"potentialAction\":[{\"@type\":\"SearchAction\",\"target\":{\"@type\":\"EntryPoint\",\"urlTemplate\":\"https:\/\/www.santafe.gob.ar\/ms\/fipr\/?s={search_term_string}\"},\"query-input\":{\"@type\":\"PropertyValueSpecification\",\"valueRequired\":true,\"valueName\":\"search_term_string\"}}],\"inLanguage\":\"es\"}]}<\/script>\n<!-- \/ Yoast SEO plugin. -->","yoast_head_json":{"title":"Luisina Valenti - Festival Internacional de Poes\u00eda de Rosario","robots":{"index":"index","follow":"follow","max-snippet":"max-snippet:-1","max-image-preview":"max-image-preview:large","max-video-preview":"max-video-preview:-1"},"canonical":"https:\/\/www.santafe.gob.ar\/ms\/fipr\/luisina-valenti\/","og_locale":"es_ES","og_type":"article","og_title":"Luisina Valenti - Festival Internacional de Poes\u00eda de Rosario","og_description":"Luisina Valenti(Rafaela, Santa Fe, 1990) Public\u00f3 los libros Bolitas de papel (2018), Tel\u00e9fonos (Gnomo Errante, 2019), Cosas que quedaron lejos (Primer Premio Fondo Editorial Municipal, 2021) y \u00daltimo color del [&hellip;]","og_url":"https:\/\/www.santafe.gob.ar\/ms\/fipr\/luisina-valenti\/","og_site_name":"Festival Internacional de Poes\u00eda de Rosario","article_modified_time":"2025-11-11T10:30:24+00:00","twitter_card":"summary_large_image","twitter_misc":{"Tiempo de lectura":"10 minutos"},"schema":{"@context":"https:\/\/schema.org","@graph":[{"@type":"WebPage","@id":"https:\/\/www.santafe.gob.ar\/ms\/fipr\/luisina-valenti\/","url":"https:\/\/www.santafe.gob.ar\/ms\/fipr\/luisina-valenti\/","name":"Luisina Valenti - Festival Internacional de Poes\u00eda de Rosario","isPartOf":{"@id":"https:\/\/www.santafe.gob.ar\/ms\/fipr\/#website"},"datePublished":"2025-11-08T21:22:07+00:00","dateModified":"2025-11-11T10:30:24+00:00","breadcrumb":{"@id":"https:\/\/www.santafe.gob.ar\/ms\/fipr\/luisina-valenti\/#breadcrumb"},"inLanguage":"es","potentialAction":[{"@type":"ReadAction","target":["https:\/\/www.santafe.gob.ar\/ms\/fipr\/luisina-valenti\/"]}]},{"@type":"BreadcrumbList","@id":"https:\/\/www.santafe.gob.ar\/ms\/fipr\/luisina-valenti\/#breadcrumb","itemListElement":[{"@type":"ListItem","position":1,"name":"Portada","item":"https:\/\/www.santafe.gob.ar\/ms\/fipr\/"},{"@type":"ListItem","position":2,"name":"Luisina Valenti"}]},{"@type":"WebSite","@id":"https:\/\/www.santafe.gob.ar\/ms\/fipr\/#website","url":"https:\/\/www.santafe.gob.ar\/ms\/fipr\/","name":"Festival Internacional de Poes\u00eda de Rosario","description":"","potentialAction":[{"@type":"SearchAction","target":{"@type":"EntryPoint","urlTemplate":"https:\/\/www.santafe.gob.ar\/ms\/fipr\/?s={search_term_string}"},"query-input":{"@type":"PropertyValueSpecification","valueRequired":true,"valueName":"search_term_string"}}],"inLanguage":"es"}]}},"_links":{"self":[{"href":"https:\/\/www.santafe.gob.ar\/ms\/fipr\/wp-json\/wp\/v2\/pages\/1067","targetHints":{"allow":["GET"]}}],"collection":[{"href":"https:\/\/www.santafe.gob.ar\/ms\/fipr\/wp-json\/wp\/v2\/pages"}],"about":[{"href":"https:\/\/www.santafe.gob.ar\/ms\/fipr\/wp-json\/wp\/v2\/types\/page"}],"author":[{"embeddable":true,"href":"https:\/\/www.santafe.gob.ar\/ms\/fipr\/wp-json\/wp\/v2\/users\/138435"}],"replies":[{"embeddable":true,"href":"https:\/\/www.santafe.gob.ar\/ms\/fipr\/wp-json\/wp\/v2\/comments?post=1067"}],"version-history":[{"count":10,"href":"https:\/\/www.santafe.gob.ar\/ms\/fipr\/wp-json\/wp\/v2\/pages\/1067\/revisions"}],"predecessor-version":[{"id":1663,"href":"https:\/\/www.santafe.gob.ar\/ms\/fipr\/wp-json\/wp\/v2\/pages\/1067\/revisions\/1663"}],"wp:attachment":[{"href":"https:\/\/www.santafe.gob.ar\/ms\/fipr\/wp-json\/wp\/v2\/media?parent=1067"}],"curies":[{"name":"wp","href":"https:\/\/api.w.org\/{rel}","templated":true}]}}