{"id":7810,"date":"2022-01-17T08:47:36","date_gmt":"2022-01-17T11:47:36","guid":{"rendered":"https:\/\/www.santafe.gob.ar\/ms\/gobiernoabierto\/?page_id=7810"},"modified":"2022-01-17T09:23:09","modified_gmt":"2022-01-17T12:23:09","slug":"transparencia-activa","status":"publish","type":"page","link":"https:\/\/www.santafe.gob.ar\/ms\/gobiernoabierto\/transparencia-activa\/","title":{"rendered":"Transparencia activa"},"content":{"rendered":"<div class=\"col-12 pb-200\" style=\"background-color: #ffffff\">\n  <div class=\"container\">\n    <div class=\"row\">\n      <div class=\"home-hero col-8 mb-4 mt-5\">\n        <div class=\"col-12 mb-5\"><h1>Transparencia activa<\/h1>\n<\/div>\n        <div class=\"col-12 mb-5\"><p>Como parte de nuestra pol\u00edtica activa de transparentar las acciones de Gobierno, publicamos informaci\u00f3n sobre diferentes tem\u00e1ticas que hacen a la gesti\u00f3n.<\/p>\n<\/div>\n        <div class=\"col-12 mb-5 text-center\"><\/div>\n      <\/div>\n          <\/div>\n  <\/div>\n  <!--  <div class=\"col-4 my-4\">-->\n  <!--    <div class=\"separator\"><\/div>-->\n  <!--  <\/div>-->\n<\/div>\n\n\n\n<div class=\"wp-block-columns has-2-columns container pl-md-0 mtn-200 is-layout-flex wp-container-core-columns-is-layout-9d6595d7 wp-block-columns-is-layout-flex\">\n<div class=\"wp-block-column col-12 col-md-6 mb-3 mb-md-0 is-layout-flow wp-block-column-is-layout-flow\"><div class=\"h-100\">\n  <div class=\"featured-info row h-100 pl-4 pl-md-5 featured-info--image-bottom-right\" style=\"color: #ffffff; background-color: #00558c;\">\n    <div class=\"col-12 col-md-8 d-flex flex-column justify-content-between py-5\">\n      <div class=\"mb-5 featured-info__title\">Compras<\/div>\n      <div class=\"mb-5 flex-grow-1\"><p>Informaci\u00f3n sobre las compras que gestiona el Estado. La b\u00fasqueda se realiza por fecha de apertura, organismo, tipo de compra (licitaciones, contrataciones, concursos de precios y gestiones directas), n\u00famero y por provisi\u00f3n. En el mismo espacio tambi\u00e9n se puede hacer un seguimiento de las compras en tr\u00e1mite y las concluidas.<\/p>\n<\/div>\n              <div class=\"\"><a class=\"btn btn--rounded px-5\" style=\"color: #ffffff; background-color: #f891a5;\"\n                         href=\"https:\/\/www.santafe.gob.ar\/index.php\/guia\/portal_compras\">Gestiones de compra<\/a><\/div>\n      \n      <div class=\"featured-info__menu__container\" style=\"color: #ffffff; background-color: #f891a5;\">\n              <\/div>\n\n    <\/div>\n    <div class=\"d-none d-md-block col-4 featured-info__image__container\"><\/div>\n  <\/div>\n<\/div>\n\n\n\n<p><\/p>\n<\/div>\n\n\n\n<div class=\"wp-block-column col-12 col-md-6 ml-0 ml-md-3 is-layout-flow wp-block-column-is-layout-flow\"><div class=\"h-100\">\n  <div class=\"featured-info row h-100 pl-4 pl-md-5 featured-info--image-bottom-right\" style=\"color: #ffffff; background-color: #00558c;\">\n    <div class=\"col-12 col-md-8 d-flex flex-column justify-content-between py-5\">\n      <div class=\"mb-5 featured-info__title\">Cuentas p\u00fablicas<\/div>\n      <div class=\"mb-5 flex-grow-1\"><p class=\"headline-section headline-center\">Informaci\u00f3n sobre las Cuentas de Inversi\u00f3n (rendici\u00f3n de cuentas que se efect\u00faa al Poder Legislativo respecto del cumplimiento de la Ley de Presupuesto); an\u00e1lisis mensuales y anuales sobre la evoluci\u00f3n de las finanzas provinciales; prestaci\u00f3n de los bienes y servicios, entre otros temas.<\/p>\n<\/div>\n              <div class=\"\"><a class=\"btn btn--rounded px-5\" style=\"color: #ffffff; background-color: #f891a5;\"\n                         href=\"https:\/\/www.santafe.gob.ar\/index.php\/web\/content\/view\/full\/116436\">Informes cuentas p\u00fablicas<\/a><\/div>\n      \n      <div class=\"featured-info__menu__container\" style=\"color: #ffffff; background-color: #f891a5;\">\n              <\/div>\n\n    <\/div>\n    <div class=\"d-none d-md-block col-4 featured-info__image__container\"><\/div>\n  <\/div>\n<\/div>\n\n\n\n<p><\/p>\n<\/div>\n<\/div>\n\n\n\n<div class=\"wp-block-columns has-2-columns container pl-md-0 pb-200 is-layout-flex wp-container-core-columns-is-layout-9d6595d7 wp-block-columns-is-layout-flex\">\n<div class=\"wp-block-column col-12 col-md-6 mb-3 mb-md-0 is-layout-flow wp-block-column-is-layout-flow\"><div class=\"h-100\">\n  <div class=\"featured-info row h-100 pl-4 pl-md-5 featured-info--image-bottom-right\" style=\"color: #193a68; background-color: #ffffff;\">\n    <div class=\"col-12 col-md-8 d-flex flex-column justify-content-between py-5\">\n      <div class=\"mb-5 featured-info__title\">Normativa<\/div>\n      <div class=\"mb-5 flex-grow-1\"><p>Entre los diferentes espacios desde donde se puede acceder a las normativas provinciales y convenios internacionales, se destaca el Sistema de Informaci\u00f3n Normativa (SIN) que tiene su origen en el Decreto 2052\/02. Permite consultar las leyes y decretos que tambi\u00e9n se publican en el Bolet\u00edn Oficial de la provincia.<\/p>\n<\/div>\n              <div class=\"\"><a class=\"btn btn--rounded px-5\" style=\"color: #ffffff; background-color: #193a68;\"\n                         href=\"https:\/\/www.santafe.gob.ar\/index.php\/web\/content\/view\/full\/93674\">Sistema de Informaci\u00f3n Normativa<\/a><\/div>\n      \n      <div class=\"featured-info__menu__container\" style=\"color: #ffffff; background-color: #193a68;\">\n              <\/div>\n\n    <\/div>\n    <div class=\"d-none d-md-block col-4 featured-info__image__container\"><\/div>\n  <\/div>\n<\/div>\n\n\n\n<p><\/p>\n<\/div>\n\n\n\n<div class=\"wp-block-column col-12 col-md-6 ml-0 ml-md-3 is-layout-flow wp-block-column-is-layout-flow\"><div class=\"h-100\">\n  <div class=\"featured-info row h-100 pl-4 pl-md-5 featured-info--image-bottom-right\" style=\"color: #193a68; background-color: #ffffff;\">\n    <div class=\"col-12 col-md-8 d-flex flex-column justify-content-between py-5\">\n      <div class=\"mb-5 featured-info__title\">Tr\u00e1mites<\/div>\n      <div class=\"mb-5 flex-grow-1\"><p>Trabajamos para desburocratizar y despapelizar las tramitaciones que los ciudadanos deben llevar a cabo en diferentes organismos del Estado.<\/p>\n<p>Disponemos de un espacio que centraliza informaci\u00f3n de m\u00e1s de 500 tr\u00e1mites organizados por temas y organismos.<\/p>\n<\/div>\n              <div class=\"\"><a class=\"btn btn--rounded px-5\" style=\"color: #ffffff; background-color: #193a68;\"\n                         href=\"https:\/\/www.santafe.gob.ar\/index.php\/tramites\/modul1\/index\">Gu\u00eda de tr\u00e1mites<\/a><\/div>\n      \n      <div class=\"featured-info__menu__container\" style=\"color: #ffffff; background-color: #193a68;\">\n              <\/div>\n\n    <\/div>\n    <div class=\"d-none d-md-block col-4 featured-info__image__container\"><\/div>\n  <\/div>\n<\/div>\n\n\n\n<p><\/p>\n<\/div>\n<\/div>\n","protected":false},"excerpt":{"rendered":"","protected":false},"author":7,"featured_media":0,"parent":0,"menu_order":0,"comment_status":"closed","ping_status":"closed","template":"templates\/template-datos-abiertos.php","meta":{"_acf_changed":false,"footnotes":""},"class_list":["post-7810","page","type-page","status-publish","hentry"],"acf":[],"_links":{"self":[{"href":"https:\/\/www.santafe.gob.ar\/ms\/gobiernoabierto\/wp-json\/wp\/v2\/pages\/7810","targetHints":{"allow":["GET"]}}],"collection":[{"href":"https:\/\/www.santafe.gob.ar\/ms\/gobiernoabierto\/wp-json\/wp\/v2\/pages"}],"about":[{"href":"https:\/\/www.santafe.gob.ar\/ms\/gobiernoabierto\/wp-json\/wp\/v2\/types\/page"}],"author":[{"embeddable":true,"href":"https:\/\/www.santafe.gob.ar\/ms\/gobiernoabierto\/wp-json\/wp\/v2\/users\/7"}],"replies":[{"embeddable":true,"href":"https:\/\/www.santafe.gob.ar\/ms\/gobiernoabierto\/wp-json\/wp\/v2\/comments?post=7810"}],"version-history":[{"count":1,"href":"https:\/\/www.santafe.gob.ar\/ms\/gobiernoabierto\/wp-json\/wp\/v2\/pages\/7810\/revisions"}],"predecessor-version":[{"id":7811,"href":"https:\/\/www.santafe.gob.ar\/ms\/gobiernoabierto\/wp-json\/wp\/v2\/pages\/7810\/revisions\/7811"}],"wp:attachment":[{"href":"https:\/\/www.santafe.gob.ar\/ms\/gobiernoabierto\/wp-json\/wp\/v2\/media?parent=7810"}],"curies":[{"name":"wp","href":"https:\/\/api.w.org\/{rel}","templated":true}]}}