{"id":7812,"date":"2022-01-17T08:53:33","date_gmt":"2022-01-17T11:53:33","guid":{"rendered":"https:\/\/www.santafe.gob.ar\/ms\/gobiernoabierto\/?page_id=7812"},"modified":"2022-01-17T08:53:37","modified_gmt":"2022-01-17T11:53:37","slug":"mas-info-aip","status":"publish","type":"page","link":"https:\/\/www.santafe.gob.ar\/ms\/gobiernoabierto\/formulario-aip\/mas-info-aip\/","title":{"rendered":"Garantizamos el efectivo derecho de todos los ciudadanos al acceso a la informaci\u00f3n p\u00fablica y transparencia de la gesti\u00f3n."},"content":{"rendered":"\n<p>El acceso a la informaci\u00f3n p\u00fablica es un derecho humano fundamental.<\/p>\n\n\n\n<p>Todos los ciudadanos pueden realizar la solicitud&nbsp;de informaci\u00f3n completando el siguiente formulario.<\/p>\n\n\n\n<p>No es necesario tener la asistencia de un abogado, acreditar inter\u00e9s leg\u00edtimo, derecho subjetivo alguno, ni expresar los motivos de su presentaci\u00f3n.<br><br><\/p>\n\n\n\n<div class=\"wp-block-buttons is-layout-flex wp-block-buttons-is-layout-flex\">\n<div class=\"wp-block-button\"><a class=\"wp-block-button__link has-background\" href=\"https:\/\/twww.santafe.gob.ar\/ms\/gobiernoabierto\/transparencia\/formulario-de-acceso-a-la-informacion-publica\/\" style=\"background-color:#00558c\">Realizar solicitud<\/a><\/div>\n<\/div>\n\n\n\n<br>\n<br>\n\n\n\n<h3 class=\"wp-block-heading\"><strong>Qu\u00e9 se necesita para realizar el tr\u00e1mite<\/strong><\/h3>\n\n\n\n<p>Cualquier persona, f\u00edsica o jur\u00eddica, p\u00fablica o privada, tiene derecho a&nbsp;solicitar informaci\u00f3n p\u00fablica. S\u00f3lo deber\u00e1 completar la informaci\u00f3n requerida&nbsp;en el formulario.<\/p>\n\n\n\n<p>Para tener en cuenta:<\/p>\n\n\n\n<ul class=\"wp-block-list\"><li>Expresar&nbsp;con la mayor precisi\u00f3n posible cu\u00e1l es la informaci\u00f3n solicitada&nbsp;y el organismo que posee&nbsp;o pudiera poseer dicha informaci\u00f3n.<\/li><li>Adjuntar una copia del Documento Nacional de Identidad (frente y dorso)<\/li><\/ul>\n\n\n\n<p><\/p>\n\n\n\n<h3 class=\"wp-block-heading\"><br><strong>Qu\u00e9 se considera informaci\u00f3n p\u00fablica<\/strong><\/h3>\n\n\n\n<p>Es toda aquella informaci\u00f3n que se encuentre en poder del Estado y est\u00e9 documentada en papel, audio, video o cualquier otro soporte.<\/p>\n\n\n\n<p>Es una herramienta que sirve para asegurar la transparencia de la gesti\u00f3n de gobierno, la construcci\u00f3n de mayores niveles de participaci\u00f3n y el conocimiento de hechos del \u00e1mbito p\u00fablico que permitan la profundizaci\u00f3n de la democracia.<\/p>\n\n\n\n<p><\/p>\n\n\n\n<h3 class=\"wp-block-heading\"><br><strong>Costo del tr\u00e1mite<\/strong><\/h3>\n\n\n\n<p>El tr\u00e1mite es gratuito. En caso de que se requiera copia en soporte f\u00edsico (fotocopias, grabaci\u00f3n de cd\/dvd, etc.) puede haber un costo de reproducci\u00f3n de la informaci\u00f3n cuando la misma sea excesivamente voluminosa. Este monto no podr\u00e1 exceder el valor de la reproducci\u00f3n del material y, eventualmente, el costo de env\u00edo, si fuera necesario. Cuando la respuesta sea en forma electr\u00f3nica, no tiene cargos para el solicitante.<\/p>\n\n\n\n<p><\/p>\n\n\n\n<h3 class=\"wp-block-heading\"><br><strong>Tiempo establecido para la respuesta<\/strong><\/h3>\n\n\n\n<p>Ser\u00e1 de hasta 20 d\u00edas h\u00e1biles. En algunos casos (siempre con justificaci\u00f3n) el plazo podr\u00eda extenderse.<\/p>\n\n\n\n<br><br><br>\n\n\n\n<p>Consultas: <a href=\"mailto:diranticorrupcion@santafe.gob.ar\">diranticorrupcion@santafe.gob.ar<\/a><\/p>\n","protected":false},"excerpt":{"rendered":"<p>El acceso a la informaci\u00f3n p\u00fablica es un derecho humano fundamental. Todos los ciudadanos pueden realizar la solicitud&nbsp;de informaci\u00f3n completando el siguiente formulario. No es necesario tener la asistencia de un abogado, acreditar inter\u00e9s leg\u00edtimo, derecho subjetivo alguno, ni expresar los motivos de su presentaci\u00f3n. Qu\u00e9 se necesita para realizar el tr\u00e1mite Cualquier persona, f\u00edsica &hellip; <a href=\"https:\/\/www.santafe.gob.ar\/ms\/gobiernoabierto\/formulario-aip\/mas-info-aip\/\">Continued<\/a><\/p>\n","protected":false},"author":7,"featured_media":7813,"parent":7763,"menu_order":0,"comment_status":"closed","ping_status":"closed","template":"templates\/template-noticia.php","meta":{"_acf_changed":false,"footnotes":""},"class_list":["post-7812","page","type-page","status-publish","has-post-thumbnail","hentry"],"acf":[],"_links":{"self":[{"href":"https:\/\/www.santafe.gob.ar\/ms\/gobiernoabierto\/wp-json\/wp\/v2\/pages\/7812","targetHints":{"allow":["GET"]}}],"collection":[{"href":"https:\/\/www.santafe.gob.ar\/ms\/gobiernoabierto\/wp-json\/wp\/v2\/pages"}],"about":[{"href":"https:\/\/www.santafe.gob.ar\/ms\/gobiernoabierto\/wp-json\/wp\/v2\/types\/page"}],"author":[{"embeddable":true,"href":"https:\/\/www.santafe.gob.ar\/ms\/gobiernoabierto\/wp-json\/wp\/v2\/users\/7"}],"replies":[{"embeddable":true,"href":"https:\/\/www.santafe.gob.ar\/ms\/gobiernoabierto\/wp-json\/wp\/v2\/comments?post=7812"}],"version-history":[{"count":1,"href":"https:\/\/www.santafe.gob.ar\/ms\/gobiernoabierto\/wp-json\/wp\/v2\/pages\/7812\/revisions"}],"predecessor-version":[{"id":7814,"href":"https:\/\/www.santafe.gob.ar\/ms\/gobiernoabierto\/wp-json\/wp\/v2\/pages\/7812\/revisions\/7814"}],"up":[{"embeddable":true,"href":"https:\/\/www.santafe.gob.ar\/ms\/gobiernoabierto\/wp-json\/wp\/v2\/pages\/7763"}],"wp:featuredmedia":[{"embeddable":true,"href":"https:\/\/www.santafe.gob.ar\/ms\/gobiernoabierto\/wp-json\/wp\/v2\/media\/7813"}],"wp:attachment":[{"href":"https:\/\/www.santafe.gob.ar\/ms\/gobiernoabierto\/wp-json\/wp\/v2\/media?parent=7812"}],"curies":[{"name":"wp","href":"https:\/\/api.w.org\/{rel}","templated":true}]}}