{"id":14074,"date":"2019-03-14T16:03:49","date_gmt":"2019-03-14T19:03:49","guid":{"rendered":"https:\/\/www.santafe.gob.ar\/ms\/iapos\/?page_id=14074"},"modified":"2023-03-28T13:54:35","modified_gmt":"2023-03-28T16:54:35","slug":"cobertura-de-hospedaje","status":"publish","type":"page","link":"https:\/\/www.santafe.gob.ar\/ms\/iapos-old\/cobertura-de-hospedaje\/","title":{"rendered":"COBERTURA DE HOSPEDAJE"},"content":{"rendered":"[cmsmasters_row data_shortcode_id=\u00bbf41225ba2a\u00bb data_width=\u00bbboxed\u00bb data_top_style=\u00bbdefault\u00bb data_bot_style=\u00bbdefault\u00bb data_color=\u00bbdefault\u00bb data_bg_color=\u00bb#efefef\u00bb data_bg_img=\u00bb14332|https:\/\/www.santafe.gob.ar\/ms\/iapos\/wp-content\/uploads\/sites\/26\/2019\/04\/header_hospedaje1-300&#215;63.jpg|medium\u00bb data_bg_position=\u00bbtop center\u00bb data_bg_repeat=\u00bbno-repeat\u00bb data_bg_attachment=\u00bbscroll\u00bb data_bg_size=\u00bbcover\u00bb data_padding_top=\u00bb70&#8243; data_padding_bottom=\u00bb70&#8243;][cmsmasters_column data_width=\u00bb1\/1&#8243; data_border_style=\u00bbdefault\u00bb][cmsmasters_heading shortcode_id=\u00bbdf533e042d\u00bb type=\u00bbh2&#8243; font_family=\u00bbMontserrat:400,700&#8243; font_size=\u00bb28&#8243; line_height=\u00bb40&#8243; font_weight=\u00bbnormal\u00bb font_style=\u00bbnormal\u00bb text_align=\u00bbcenter\u00bb color=\u00bb#ffffff\u00bb bg_color=\u00bb#00a8e7&#8243; border_radius=\u00bb12px\u00bb margin_top=\u00bb45&#8243; margin_bottom=\u00bb45&#8243; animation=\u00bbfadeInLeft\u00bb animation_delay=\u00bb0&#8243;]COBERTURA DE HOSPEDAJE[\/cmsmasters_heading][\/cmsmasters_column][\/cmsmasters_row][cmsmasters_row data_shortcode_id=\u00bbubk3io5z6s\u00bb data_width=\u00bbboxed\u00bb data_top_style=\u00bbdefault\u00bb data_bot_style=\u00bbdefault\u00bb data_color=\u00bbdefault\u00bb data_padding_top=\u00bb50&#8243; data_padding_bottom=\u00bb20&#8243;][cmsmasters_column data_width=\u00bb1\/1&#8243; data_shortcode_id=\u00bbjc0hzovjk8&#8243;][cmsmasters_text shortcode_id=\u00bb0jipokemr\u00bb animation=\u00bbfadeInLeft\u00bb animation_delay=\u00bb0&#8243;]<\/p>\n<h6 class=\"p1\" style=\"text-align: left\"><span class=\"s1\">La obra social reconoce gastos de hospedaje cuando por razones de salud fundadas el beneficiario deba trasladarse para recibir prestaciones m\u00e9dicas fuera de su lugar de residencia.<\/span><\/h6>\n<h6 class=\"p1\" style=\"text-align: left\"><span class=\"s1\">Para la autorizaci\u00f3n de la cobertura, la obra social realizar\u00e1 una evaluaci\u00f3n de auditoria m\u00e9dica y un informe socio econ\u00f3mico.<\/span><\/h6>\n<h6 class=\"p1\" style=\"text-align: left\"><span class=\"s1\">En t\u00e9rminos generales, se reconocer\u00e1 habitaci\u00f3n simple para el paciente en caso de tratamiento ambulatorio o para un acompa\u00f1ante, cuando el paciente est\u00e9 internado. Tambi\u00e9n excepcionalmente, podr\u00e1 solicitarse el reconocimiento de habitaci\u00f3n doble o triple a pacientes ambulatorios con acompa\u00f1ante, cuando la patolog\u00eda del afiliado as\u00ed lo requiera.<\/span><\/h6>\n<h6 class=\"p1\" style=\"text-align: left\"><span class=\"s1\">Para cada caso, la obra social posee montos m\u00e1ximos de cobertura y el reconocimiento puede realizarse de manera on line en hoteles prestadores de Iapos, o por reintegro.<\/span><\/h6>\n<h6 class=\"p1\"><span class=\"s1\">La obra social posee montos m\u00e1ximos de cobertura y el reconocimiento puede realizarse de manera on line en hoteles prestadores de Iapos o por reintegro.<\/span><\/h6>\n<p>[\/cmsmasters_text][\/cmsmasters_column][\/cmsmasters_row][cmsmasters_row data_padding_bottom_mobile_v=\u00bb0&#8243; data_padding_top_mobile_v=\u00bb0&#8243; data_padding_bottom_mobile_h=\u00bb0&#8243; data_padding_top_mobile_h=\u00bb0&#8243; data_padding_bottom_tablet=\u00bb0&#8243; data_padding_top_tablet=\u00bb0&#8243; data_padding_bottom_laptop=\u00bb0&#8243; data_padding_top_laptop=\u00bb0&#8243; data_padding_bottom=\u00bb50&#8243; data_padding_top=\u00bb0&#8243; data_bg_parallax_ratio=\u00bb0.5&#8243; data_bg_size=\u00bbcover\u00bb data_bg_attachment=\u00bbscroll\u00bb data_bg_repeat=\u00bbno-repeat\u00bb data_bg_position=\u00bbtop center\u00bb data_color=\u00bbdefault\u00bb data_bot_style=\u00bbdefault\u00bb data_top_style=\u00bbdefault\u00bb data_padding_right=\u00bb3&#8243; data_padding_left=\u00bb3&#8243; data_width=\u00bbboxed\u00bb data_shortcode_id=\u00bbz0crbfxtbg\u00bb][cmsmasters_column data_width=\u00bb1\/1&#8243; data_animation_delay=\u00bb0&#8243; data_border_style=\u00bbdefault\u00bb data_bg_size=\u00bbcover\u00bb data_bg_attachment=\u00bbscroll\u00bb data_bg_repeat=\u00bbno-repeat\u00bb data_bg_position=\u00bbtop center\u00bb data_shortcode_id=\u00bbvfujkjbik\u00bb][cmsmasters_toggles shortcode_id=\u00bbbr5fyhpw6u\u00bb mode=\u00bbtoggle\u00bb animation_delay=\u00bb0&#8243;][cmsmasters_toggle shortcode_id=\u00bbutizo3ei5e\u00bb title=\u00bbSolicitud de Autorizaci\u00f3n y Hoteles Prestadores \u00ab]<\/p>\n<p class=\"p1\"><span class=\"s1\">A continuaci\u00f3n se detallan los hoteles con los que la obra social posee convenio actualmente:<\/span><\/p>\n<p class=\"p1\"><strong><span class=\"s1\">Santa Fe<\/span><\/strong><\/p>\n<ul>\n<li class=\"p1\"><span class=\"s1\">Hotel Suipacha &#8211; Domicilio: Suipacha 2375. Tel\u00e9fono: 0342 4521135<\/span><\/li>\n<li>Hotel Conquistador &#8211; Domicilio: 25 de Mayo 2676. Tel\u00e9fono: 0342 4558310 \/ 4230721 \/ 4770632 (Conserje)<\/li>\n<\/ul>\n<p class=\"p1\"><strong><span class=\"s1\">Rosario<\/span><\/strong><\/p>\n<ul>\n<li class=\"p1\"><span class=\"s1\">Hotel Puerto Bandera &#8211; Domicilio: Buenos Aires 1020. Tel\u00e9fono 0341 4406446 \/ 0341 4400930<\/span><\/li>\n<\/ul>\n<p class=\"p1\"><strong><span class=\"s1\">Ciudad Aut\u00f3noma de Buenos Aires<\/span><\/strong><\/p>\n<ul>\n<li class=\"p1\"><span class=\"s1\">Hotel Du Helder &#8211; Domicilio: Av. Rivadavia 857 &#8211; Tel\u00e9fono 011 4345 3650 \/ 011 4345 4908<\/span><\/li>\n<\/ul>\n<p class=\"p1\"><strong><span class=\"s1\">Destinatario\/s:<\/span><\/strong><\/p>\n<p class=\"p1\"><span class=\"s1\">Afiliados al IAPOS<\/span><\/p>\n<p class=\"p1\"><strong><span class=\"s1\">\u00bfQu\u00e9 necesito para realizarlo?<\/span><\/strong><\/p>\n<p class=\"p1\"><span class=\"s1\">Deber\u00e1 presentar en el hotel:<\/span><\/p>\n<ul>\n<li class=\"p1\"><span class=\"s1\">Credencial del afiliado Titular y\/o del Beneficiario.<\/span><\/li>\n<li class=\"p1\"><span class=\"s1\">\u00daltimo recibo del sueldo del Titular.<\/span><\/li>\n<li class=\"p1\"><span class=\"s1\">Indicaci\u00f3n m\u00e9dica que explicite las razones que demanda pernoctar en un lugar diferente al de su residencia habitual y de ser necesario respecto de la necesidad de acompa\u00f1ante conforme la patolog\u00eda.<\/span><\/li>\n<li class=\"p1\"><span class=\"s1\">Bono asistencial de Internaci\u00f3n.<\/span><\/li>\n<li class=\"p1\"><span class=\"s1\">En el caso de recibir tratamientos en Ciudad Aut\u00f3noma de Buenos Aires se deber\u00e1 presentar fotocopia de la derivaci\u00f3n otorgada por la Obra Social.<\/span><\/li>\n<li class=\"p1\"><span class=\"s1\">La reserva se deber\u00e1 realizar con anticipaci\u00f3n y de manera telef\u00f3nica directamente con el hotel prestador del IAPOS.<\/span><\/li>\n<\/ul>\n<p class=\"p1\"><strong><span class=\"s1\">\u00bfCu\u00e1nto cuesta?<\/span><\/strong><\/p>\n<p class=\"p1\"><span class=\"s1\">Gratuito<\/span><\/p>\n<p class=\"p1\"><strong><span class=\"s1\">\u00bfD\u00f3nde se realiza?<\/span><\/strong><\/p>\n<p class=\"p1\"><span class=\"s1\">En forma on line en los hoteles prestadores de IAPOS mencionados anteriormente.<\/span><\/p>\n<p>[\/cmsmasters_toggle][cmsmasters_toggle shortcode_id=\u00bbxlo9kyrbu\u00bb title=\u00bbSolicitud de Reintegro de Gastos de Hoteler\u00eda\u00bb]<\/p>\n<p class=\"p1\"><span class=\"s1\">IAPOS reintegrar\u00e1 el gasto de hospedaje, hasta un tope m\u00e1ximo establecido por la obra social, para los afiliados que por su patolog\u00eda deban trasladarse fuera de su lugar de residencia para recibir prestaciones m\u00e9dicas en el caso de que no utilicen los hoteles prestadores de la obra social.<\/span><\/p>\n<p class=\"p1\"><span class=\"s1\">La autorizaci\u00f3n por parte de la obra social de este tipo de beneficios quedar\u00e1 sujeta a evaluaci\u00f3n de auditor\u00eda m\u00e9dica e informe socio econ\u00f3mico.<\/span><\/p>\n<p class=\"p1\"><strong><span class=\"s1\">Para realizarlo deber\u00e1 presentar en IAPOS:<\/span><\/strong><\/p>\n<ul>\n<li class=\"p1\"><span class=\"s1\">Certificado M\u00e9dico Original o copia y\/o historia cl\u00ednica que justifique los d\u00edas de alojamiento y\/o acompa\u00f1ante si correspondiera. (Debe contener nombre del paciente, fecha de atenci\u00f3n, firma y sello del m\u00e9dico tratante).<\/span><\/li>\n<li class=\"p1\"><span class=\"s1\">Planilla para gastos hoteler\u00eda (se puede descargar al final del tr\u00e1mite).<\/span><\/li>\n<li class=\"p1\"><span class=\"s1\">Factura B o C de pago contado Original y\/o Recibo Original (los requisitos que deber\u00e1 contener la factura se encuentran indicados en la Planilla para gastos de hoteler\u00eda).<\/span><\/li>\n<li class=\"p1\"><span class=\"s1\">Fotocopia del DNI del afiliado titular y\/o del beneficiario.<\/span><\/li>\n<li class=\"p1\"><span class=\"s1\">Fotocopia de la Constancia del CBU.<\/span><\/li>\n<li class=\"p1\"><span class=\"s1\">Fotocopia del recibo de sueldo del titular del mes anterior de la fecha en que se realiz\u00f3 la atenci\u00f3n m\u00e9dica.<\/span><\/li>\n<li class=\"p1\"><span class=\"s1\">Cuando el afiliado viaja a Buenos Aires, fotocopia de derivaci\u00f3n otorgada por el IAPOS.<\/span><\/li>\n<\/ul>\n<p class=\"p1\"><strong><span class=\"s1\">\u00bfD\u00f3nde se realiza?<\/span><\/strong><\/p>\n<ul>\n<li class=\"p1\"><span class=\"s1\">IAPOS (Instituto Aut\u00e1rquico Provincial de Obra Social)<\/span><\/li>\n<\/ul>\n<p class=\"p1\"><span class=\"s1\">Bocas de Expendio, Subdelegaciones, Delegaciones y Casa Central del IAPOS<\/span><\/p>\n<ul>\n<li class=\"p1\"><span class=\"s1\">Santa Fe<\/span><\/li>\n<\/ul>\n<p class=\"p1\"><span class=\"s1\">Rivadavia 3452 &#8211; Santa Fe (3000)<\/span><\/p>\n<p class=\"p1\"><span class=\"s1\">Horario de Atenci\u00f3n: de lunes a viernes de 7.30 a 13 hs.<\/span><\/p>\n<ul>\n<li class=\"p1\"><span class=\"s1\">Rosario<\/span><\/li>\n<\/ul>\n<p class=\"p1\"><span class=\"s1\">Rioja 2051 &#8211; Planta Baja (2000)<\/span><\/p>\n<p class=\"p1\"><span class=\"s1\">Tel\u00e9fono: 54 341 4467500<\/span><\/p>\n<p class=\"p1\"><span class=\"s1\">Horario de Atenci\u00f3n: de lunes a viernes de 7.30 a 13 hs.<\/span><\/p>\n<p>&nbsp;<\/p>\n<p class=\"p1\"><a href=\"https:\/\/www.santafe.gob.ar\/ms\/iapos\/wp-content\/uploads\/sites\/26\/2019\/04\/SOLICITUD-DE-REINTEGRO-GASTOS-DE-HOTELERIA.pdf\" target=\"_blank\" rel=\"noopener noreferrer\"><span class=\"s1\">Solicitud de reintegro<\/span><\/a><\/p>\n<p>[\/cmsmasters_toggle][\/cmsmasters_toggles][\/cmsmasters_column][\/cmsmasters_row][cmsmasters_row data_shortcode_id=\u00bb5yv1xz87k2&#8243; data_width=\u00bbboxed\u00bb data_top_style=\u00bbdefault\u00bb data_bot_style=\u00bbdefault\u00bb data_color=\u00bbdefault\u00bb data_bg_color=\u00bb#f6f6f6&#8243; data_padding_top=\u00bb50&#8243; data_padding_bottom=\u00bb0&#8243;][cmsmasters_column data_width=\u00bb1\/1&#8243; data_shortcode_id=\u00bbpqs5xle3bo\u00bb][cmsmasters_heading shortcode_id=\u00bb8edtv20llv\u00bb type=\u00bbh5&#8243; font_family=\u00bbOpen+Sans:300,300italic,400,400italic,600,600italic,700,700italic\u00bb font_size=\u00bb18&#8243; line_height=\u00bb30&#8243; font_weight=\u00bbbold\u00bb font_style=\u00bbnormal\u00bb text_align=\u00bbcenter\u00bb color=\u00bb#00a8e7&#8243; margin_top=\u00bb12&#8243; margin_bottom=\u00bb30&#8243; animation=\u00bbfadeInLeft\u00bb animation_delay=\u00bb0&#8243;]PAGO DE COSEGUROS[\/cmsmasters_heading][cmsmasters_text shortcode_id=\u00bbt02iot2xot\u00bb animation=\u00bbfadeInLeft\u00bb animation_delay=\u00bb0&#8243;]<\/p>\n<h6 class=\"p1\" style=\"text-align: center\"><span style=\"color: #808080\">Los bonos se adquieren en las bocas de expendio, en cajeros autom\u00e1ticos de Red Link o a trav\u00e9s de la banca digital del Banco de Santa Fe o adhiri\u00e9ndose al d\u00e9bito autom\u00e1tico en cuenta.<\/span><\/h6>\n<p>[\/cmsmasters_text][\/cmsmasters_column][\/cmsmasters_row][cmsmasters_row data_padding_bottom=\u00bb50&#8243; data_padding_top=\u00bb50&#8243; data_bg_color=\u00bb#f6f6f6&#8243; data_color=\u00bbdefault\u00bb data_bot_style=\u00bbdefault\u00bb data_top_style=\u00bbdefault\u00bb data_width=\u00bbboxed\u00bb data_shortcode_id=\u00bb0tinqfwczf\u00bb][cmsmasters_column data_width=\u00bb1\/4&#8243; data_shortcode_id=\u00bbvdhd0fiuvs\u00bb data_animation_delay=\u00bb0&#8243; data_border_style=\u00bbdefault\u00bb data_bg_size=\u00bbcover\u00bb data_bg_attachment=\u00bbscroll\u00bb data_bg_repeat=\u00bbno-repeat\u00bb data_bg_position=\u00bbtop center\u00bb][cmsmasters_heading shortcode_id=\u00bbx2vdaex1im\u00bb type=\u00bbh6&#8243; font_family=\u00bbOpen+Sans:300,300italic,400,400italic,600,600italic,700,700italic\u00bb font_size=\u00bb14&#8243; line_height=\u00bb15&#8243; font_weight=\u00bbbold\u00bb font_style=\u00bbnormal\u00bb text_align=\u00bbcenter\u00bb color=\u00bb#00a8e7&#8243; margin_top=\u00bb12&#8243; margin_bottom=\u00bb15&#8243; animation=\u00bbfadeInLeft\u00bb animation_delay=\u00bb0&#8243;]D\u00c9BITO EN CUENTA[\/cmsmasters_heading]<\/p>\n<p>[cmsmasters_divider shortcode_id=\u00bb6n248c7tq4&#8243; width=\u00bbshort\u00bb height=\u00bb0&#8243; style=\u00bbsolid\u00bb position=\u00bbcenter\u00bb margin_top=\u00bb19&#8243; margin_bottom=\u00bb19&#8243; animation_delay=\u00bb0&#8243;]<\/p>\n<p>[cmsmasters_text shortcode_id=\u00bb3ago2771ti\u00bb animation_delay=\u00bb0&#8243;]<\/p>\n<p style=\"text-align: center\">Le permitir\u00e1 realizar la adhesi\u00f3n o deshadesi\u00f3n al d\u00e9bito, consultar los coseguros que fueron debitados por pr\u00e1cticas realizadas y realizar denuncias por prestaciones debitadas que no fueron recibidas.<\/p>\n<p>[\/cmsmasters_text][cmsmasters_button shortcode_id=\u00bbuv3nhbmnus\u00bb button_link=\u00bb\/coseguro\/\u00bb button_target=\u00bbself\u00bb button_text_align=\u00bbcenter\u00bb button_style=\u00bbcmsmasters_but_bg_hover\u00bb button_font_family=\u00bbOpen+Sans:300,300italic,400,400italic,600,600italic,700,700italic\u00bb button_font_size=\u00bb11&#8243; button_line_height=\u00bb15&#8243; button_font_weight=\u00bbnormal\u00bb button_font_style=\u00bbnormal\u00bb button_text_transform=\u00bbdefault\u00bb button_padding_hor=\u00bb13&#8243; button_border_style=\u00bbdefault\u00bb button_border_radius=\u00bb12px\u00bb button_bg_color=\u00bb#f6f6f6&#8243; button_text_color=\u00bb#00a8e7&#8243; button_border_color=\u00bb#00a8e7&#8243; button_bg_color_h=\u00bb#00a8e7&#8243; button_text_color_h=\u00bb#ffffff\u00bb button_border_color_h=\u00bb#00a8e7&#8243; animation=\u00bbfadeInUp\u00bb animation_delay=\u00bb0&#8243;]ADHERIR \/ DESADHERIR[\/cmsmasters_button][cmsmasters_button shortcode_id=\u00bbgv7uwn8q8&#8243; button_link=\u00bbhttps:\/\/www.santafe.gov.ar\/cosegurosiapos\u00bb button_target=\u00bbblank\u00bb button_text_align=\u00bbcenter\u00bb button_style=\u00bbcmsmasters_but_bg_hover\u00bb button_font_family=\u00bbOpen+Sans:300,300italic,400,400italic,600,600italic,700,700italic\u00bb button_font_size=\u00bb11&#8243; button_line_height=\u00bb15&#8243; button_font_weight=\u00bbnormal\u00bb button_font_style=\u00bbnormal\u00bb button_text_transform=\u00bbdefault\u00bb button_padding_hor=\u00bb14&#8243; button_border_style=\u00bbdefault\u00bb button_border_radius=\u00bb12px\u00bb button_bg_color=\u00bb#f6f6f6&#8243; button_text_color=\u00bb#00a8e7&#8243; button_border_color=\u00bb#00a8e7&#8243; button_bg_color_h=\u00bb#00a8e7&#8243; button_text_color_h=\u00bb#ffffff\u00bb button_border_color_h=\u00bb#00a8e7&#8243; animation=\u00bbfadeInUp\u00bb animation_delay=\u00bb0&#8243;]RESUMEN[\/cmsmasters_button][\/cmsmasters_column][cmsmasters_column data_width=\u00bb1\/4&#8243; data_shortcode_id=\u00bbqdgefc689a\u00bb][cmsmasters_heading shortcode_id=\u00bbmn9z8iky3&#8243; type=\u00bbh6&#8243; font_family=\u00bbOpen+Sans:300,300italic,400,400italic,600,600italic,700,700italic\u00bb font_size=\u00bb14&#8243; line_height=\u00bb15&#8243; font_weight=\u00bbbold\u00bb font_style=\u00bbnormal\u00bb text_align=\u00bbcenter\u00bb color=\u00bb#00a8e7&#8243; margin_top=\u00bb12&#8243; margin_bottom=\u00bb15&#8243; animation=\u00bbfadeInLeft\u00bb animation_delay=\u00bb0&#8243;]CAJERO RED LINK \/ SANTA FE SERVICIOS[\/cmsmasters_heading][cmsmasters_text shortcode_id=\u00bbouvcmmjm1j\u00bb animation_delay=\u00bb0&#8243;]<\/p>\n<p style=\"text-align: center\">Se debe contar con DNI o credencial; tarjeta de d\u00e9bito del Banco de Santa Fe o del Banco Muncipal. Se emitir\u00e1 un comprobante por la totalidad de bonos solicitados, por lo que si estos son para entregara distintos prestadores y\/o diferentes pr\u00e1cticas, se deber\u00e1 tener la precauci\u00f3n de realizar diferentes operaciones de compra para cada estudio.<\/p>\n<p>[\/cmsmasters_text][cmsmasters_button shortcode_id=\u00bb2emty84yk\u00bb button_link=\u00bbhttps:\/\/www.bancosantafe.com.ar\/entidades\u00bb button_target=\u00bbblank\u00bb button_text_align=\u00bbcenter\u00bb button_style=\u00bbcmsmasters_but_bg_hover\u00bb button_font_family=\u00bbOpen+Sans:300,300italic,400,400italic,600,600italic,700,700italic\u00bb button_font_size=\u00bb11&#8243; button_line_height=\u00bb15&#8243; button_font_weight=\u00bbnormal\u00bb button_font_style=\u00bbnormal\u00bb button_text_transform=\u00bbdefault\u00bb button_padding_hor=\u00bb13&#8243; button_border_style=\u00bbdefault\u00bb button_border_radius=\u00bb12px\u00bb button_bg_color=\u00bb#f6f6f6&#8243; button_text_color=\u00bb#00a8e7&#8243; button_border_color=\u00bb#00a8e7&#8243; button_bg_color_h=\u00bb#00a8e7&#8243; button_text_color_h=\u00bb#ffffff\u00bb button_border_color_h=\u00bb#00a8e7&#8243; animation=\u00bbfadeInUp\u00bb animation_delay=\u00bb0&#8243;]VER SUCURSALES[\/cmsmasters_button][\/cmsmasters_column][cmsmasters_column data_width=\u00bb1\/4&#8243; data_shortcode_id=\u00bb62bvzxnr2n\u00bb][cmsmasters_heading shortcode_id=\u00bbmusow1oh0c\u00bb type=\u00bbh6&#8243; font_family=\u00bbOpen+Sans:300,300italic,400,400italic,600,600italic,700,700italic\u00bb font_size=\u00bb14&#8243; line_height=\u00bb15&#8243; font_weight=\u00bbbold\u00bb font_style=\u00bbnormal\u00bb text_align=\u00bbcenter\u00bb color=\u00bb#00a8e7&#8243; margin_top=\u00bb12&#8243; margin_bottom=\u00bb15&#8243; animation=\u00bbfadeInLeft\u00bb animation_delay=\u00bb0&#8243;]BANCA DIGITAL DEL BANCO DE SANTA FE[\/cmsmasters_heading][cmsmasters_text shortcode_id=\u00bblc5kkmemcg\u00bb animation_delay=\u00bb0&#8243;]<\/p>\n<div style=\"text-align: center\">Ingrese a Homebanking con su usuario y contrase\u00f1a. Requiere que el afiliado imprima el comprobante de la compra.<\/div>\n<div style=\"text-align: center\">La validez de las \u00f3rdenes y los bonos adquiridos a trav\u00e9s de la modalidad es de 72 horas desde la fecha de emisi\u00f3n.<\/div>\n<p>[\/cmsmasters_text]<\/p>\n<p>[cmsmasters_divider shortcode_id=\u00bb6mvdzijhm7&#8243; width=\u00bbshort\u00bb height=\u00bb0&#8243; style=\u00bbsolid\u00bb position=\u00bbcenter\u00bb margin_top=\u00bb19&#8243; margin_bottom=\u00bb19&#8243; animation_delay=\u00bb0&#8243;]<\/p>\n<p>[cmsmasters_button shortcode_id=\u00bbbgno23levb\u00bb button_link=\u00bbhttps:\/\/hb.redlink.com.ar\/bancobsf\/login.htm\u00bb button_target=\u00bbblank\u00bb button_text_align=\u00bbcenter\u00bb button_style=\u00bbcmsmasters_but_bg_hover\u00bb button_font_family=\u00bbOpen+Sans:300,300italic,400,400italic,600,600italic,700,700italic\u00bb button_font_size=\u00bb11&#8243; button_line_height=\u00bb15&#8243; button_font_weight=\u00bbnormal\u00bb button_font_style=\u00bbnormal\u00bb button_text_transform=\u00bbdefault\u00bb button_padding_hor=\u00bb13&#8243; button_border_style=\u00bbdefault\u00bb button_border_radius=\u00bb12px\u00bb button_bg_color=\u00bb#f6f6f6&#8243; button_text_color=\u00bb#00a8e7&#8243; button_border_color=\u00bb#00a8e7&#8243; button_bg_color_h=\u00bb#00a8e7&#8243; button_text_color_h=\u00bb#ffffff\u00bb button_border_color_h=\u00bb#00a8e7&#8243; animation=\u00bbfadeInUp\u00bb animation_delay=\u00bb0&#8243;]HOME BANKING[\/cmsmasters_button][\/cmsmasters_column][cmsmasters_column data_width=\u00bb1\/4&#8243; data_shortcode_id=\u00bbudw0zbd3eh\u00bb][cmsmasters_heading shortcode_id=\u00bbe5ismc52zo\u00bb type=\u00bbh6&#8243; font_family=\u00bbOpen+Sans:300,300italic,400,400italic,600,600italic,700,700italic\u00bb font_size=\u00bb14&#8243; line_height=\u00bb15&#8243; font_weight=\u00bbbold\u00bb font_style=\u00bbnormal\u00bb text_align=\u00bbcenter\u00bb color=\u00bb#00a8e7&#8243; margin_top=\u00bb12&#8243; margin_bottom=\u00bb15&#8243; animation=\u00bbfadeInLeft\u00bb animation_delay=\u00bb0&#8243;]BOCAS DE EXPENDIO[\/cmsmasters_heading]<\/p>\n<p>[cmsmasters_divider shortcode_id=\u00bbp3f5nbufvh\u00bb width=\u00bbshort\u00bb height=\u00bb0&#8243; style=\u00bbsolid\u00bb position=\u00bbcenter\u00bb margin_top=\u00bb19&#8243; margin_bottom=\u00bb19&#8243; animation_delay=\u00bb0&#8243;]<\/p>\n<p>[cmsmasters_text shortcode_id=\u00bby99x988kud\u00bb animation_delay=\u00bb0&#8243;]<\/p>\n<div style=\"text-align: center\">Se requiere acreditar identidad a trav\u00e9s del documento de identidad o credencial del IAPOS y \u00faltimo recibo de sueldo. Esta opci\u00f3n no est\u00e1 disponible en la Sede Central de la localidad de Rosario.<\/div>\n<p>[\/cmsmasters_text]<\/p>\n<p>[cmsmasters_divider shortcode_id=\u00bb2qjswz6xa\u00bb width=\u00bbshort\u00bb height=\u00bb0&#8243; style=\u00bbsolid\u00bb position=\u00bbcenter\u00bb margin_top=\u00bb19&#8243; margin_bottom=\u00bb19&#8243; animation_delay=\u00bb0&#8243;]<\/p>\n<p>[cmsmasters_button shortcode_id=\u00bbrpkh3zgck\u00bb button_link=\u00bbhttp:\/\/www.santa-fe.gov.ar\/iapos\/iapos2005\/cartilla-2005.php\u00bb button_target=\u00bbblank\u00bb button_text_align=\u00bbcenter\u00bb button_style=\u00bbcmsmasters_but_bg_hover\u00bb button_font_family=\u00bbOpen+Sans:300,300italic,400,400italic,600,600italic,700,700italic\u00bb button_font_size=\u00bb11&#8243; button_line_height=\u00bb15&#8243; button_font_weight=\u00bbnormal\u00bb button_font_style=\u00bbnormal\u00bb button_text_transform=\u00bbdefault\u00bb button_padding_hor=\u00bb13&#8243; button_border_style=\u00bbdefault\u00bb button_border_radius=\u00bb12px\u00bb button_bg_color=\u00bb#f6f6f6&#8243; button_text_color=\u00bb#00a8e7&#8243; button_border_color=\u00bb#00a8e7&#8243; button_bg_color_h=\u00bb#00a8e7&#8243; button_text_color_h=\u00bb#ffffff\u00bb button_border_color_h=\u00bb#00a8e7&#8243; animation=\u00bbfadeInUp\u00bb animation_delay=\u00bb0&#8243;]BOCAS DE EXPENDIO[\/cmsmasters_button][\/cmsmasters_column][\/cmsmasters_row]\n","protected":false},"excerpt":{"rendered":"<p>[cmsmasters_row data_shortcode_id=\u00bbf41225ba2a\u00bb data_width=\u00bbboxed\u00bb data_top_style=\u00bbdefault\u00bb data_bot_style=\u00bbdefault\u00bb data_color=\u00bbdefault\u00bb data_bg_color=\u00bb#efefef\u00bb data_bg_img=\u00bb14332|https:\/\/www.santafe.gob.ar\/ms\/iapos\/wp-content\/uploads\/sites\/26\/2019\/04\/header_hospedaje1-300&#215;63.jpg|medium\u00bb data_bg_position=\u00bbtop center\u00bb data_bg_repeat=\u00bbno-repeat\u00bb data_bg_attachment=\u00bbscroll\u00bb data_bg_size=\u00bbcover\u00bb data_padding_top=\u00bb70&#8243; data_padding_bottom=\u00bb70&#8243;][cmsmasters_column data_width=\u00bb1\/1&#8243; data_border_style=\u00bbdefault\u00bb][cmsmasters_heading shortcode_id=\u00bbdf533e042d\u00bb type=\u00bbh2&#8243; font_family=\u00bbMontserrat:400,700&#8243; font_size=\u00bb28&#8243; line_height=\u00bb40&#8243; font_weight=\u00bbnormal\u00bb font_style=\u00bbnormal\u00bb text_align=\u00bbcenter\u00bb color=\u00bb#ffffff\u00bb bg_color=\u00bb#00a8e7&#8243; border_radius=\u00bb12px\u00bb margin_top=\u00bb45&#8243; margin_bottom=\u00bb45&#8243; animation=\u00bbfadeInLeft\u00bb animation_delay=\u00bb0&#8243;]COBERTURA DE HOSPEDAJE[\/cmsmasters_heading][\/cmsmasters_column][\/cmsmasters_row][cmsmasters_row data_shortcode_id=\u00bbubk3io5z6s\u00bb data_width=\u00bbboxed\u00bb data_top_style=\u00bbdefault\u00bb data_bot_style=\u00bbdefault\u00bb data_color=\u00bbdefault\u00bb data_padding_top=\u00bb50&#8243; data_padding_bottom=\u00bb20&#8243;][cmsmasters_column data_width=\u00bb1\/1&#8243; data_shortcode_id=\u00bbjc0hzovjk8&#8243;][cmsmasters_text shortcode_id=\u00bb0jipokemr\u00bb animation=\u00bbfadeInLeft\u00bb animation_delay=\u00bb0&#8243;] La obra social reconoce gastos de hospedaje cuando por&#8230;<\/p>\n","protected":false},"author":1,"featured_media":0,"parent":0,"menu_order":0,"comment_status":"closed","ping_status":"closed","template":"","meta":{"_acf_changed":false,"footnotes":""},"class_list":["post-14074","page","type-page","status-publish","hentry"],"acf":[],"_links":{"self":[{"href":"https:\/\/www.santafe.gob.ar\/ms\/iapos-old\/wp-json\/wp\/v2\/pages\/14074","targetHints":{"allow":["GET"]}}],"collection":[{"href":"https:\/\/www.santafe.gob.ar\/ms\/iapos-old\/wp-json\/wp\/v2\/pages"}],"about":[{"href":"https:\/\/www.santafe.gob.ar\/ms\/iapos-old\/wp-json\/wp\/v2\/types\/page"}],"author":[{"embeddable":true,"href":"https:\/\/www.santafe.gob.ar\/ms\/iapos-old\/wp-json\/wp\/v2\/users\/1"}],"replies":[{"embeddable":true,"href":"https:\/\/www.santafe.gob.ar\/ms\/iapos-old\/wp-json\/wp\/v2\/comments?post=14074"}],"version-history":[{"count":19,"href":"https:\/\/www.santafe.gob.ar\/ms\/iapos-old\/wp-json\/wp\/v2\/pages\/14074\/revisions"}],"predecessor-version":[{"id":15961,"href":"https:\/\/www.santafe.gob.ar\/ms\/iapos-old\/wp-json\/wp\/v2\/pages\/14074\/revisions\/15961"}],"wp:attachment":[{"href":"https:\/\/www.santafe.gob.ar\/ms\/iapos-old\/wp-json\/wp\/v2\/media?parent=14074"}],"curies":[{"name":"wp","href":"https:\/\/api.w.org\/{rel}","templated":true}]}}