{"id":14096,"date":"2019-03-14T17:02:45","date_gmt":"2019-03-14T20:02:45","guid":{"rendered":"https:\/\/www.santafe.gob.ar\/ms\/iapos\/?page_id=14096"},"modified":"2022-06-16T09:16:01","modified_gmt":"2022-06-16T12:16:01","slug":"programaderehabilitaciondiscapacidad","status":"publish","type":"page","link":"https:\/\/www.santafe.gob.ar\/ms\/iapos-old\/programaderehabilitaciondiscapacidad\/","title":{"rendered":"Programa de Rehabilitaci\u00f3n para personas con Discapacidad"},"content":{"rendered":"[cmsmasters_row data_shortcode_id=\u00bbf41225ba2a\u00bb data_width=\u00bbboxed\u00bb data_top_style=\u00bbdefault\u00bb data_bot_style=\u00bbdefault\u00bb data_color=\u00bbdefault\u00bb data_bg_color=\u00bb#efefef\u00bb data_bg_img=\u00bb14322|https:\/\/www.santafe.gob.ar\/ms\/iapos\/wp-content\/uploads\/sites\/26\/2019\/04\/header_cronico_discapacidades1-300&#215;63.jpg|medium\u00bb data_bg_position=\u00bbtop center\u00bb data_bg_repeat=\u00bbno-repeat\u00bb data_bg_attachment=\u00bbscroll\u00bb data_bg_size=\u00bbcover\u00bb data_padding_top=\u00bb70&#8243; data_padding_bottom=\u00bb70&#8243;][cmsmasters_column data_width=\u00bb1\/1&#8243; data_border_style=\u00bbdefault\u00bb][cmsmasters_heading shortcode_id=\u00bbdf533e042d\u00bb type=\u00bbh2&#8243; font_family=\u00bbMontserrat:400,700&#8243; font_size=\u00bb28&#8243; line_height=\u00bb40&#8243; font_weight=\u00bbnormal\u00bb font_style=\u00bbnormal\u00bb text_align=\u00bbcenter\u00bb color=\u00bb#ffffff\u00bb bg_color=\u00bb#00a8e7&#8243; border_radius=\u00bb12px\u00bb margin_top=\u00bb45&#8243; margin_bottom=\u00bb45&#8243; animation=\u00bbfadeInLeft\u00bb animation_delay=\u00bb0&#8243;]Programa de Rehabilitaci\u00f3n para personas con Discapacidad [\/cmsmasters_heading][\/cmsmasters_column][\/cmsmasters_row][cmsmasters_row data_shortcode_id=\u00bbubk3io5z6s\u00bb data_width=\u00bbboxed\u00bb data_top_style=\u00bbdefault\u00bb data_bot_style=\u00bbdefault\u00bb data_color=\u00bbdefault\u00bb data_padding_top=\u00bb50&#8243; data_padding_bottom=\u00bb20&#8243;][cmsmasters_column data_width=\u00bb1\/1&#8243; data_shortcode_id=\u00bbjc0hzovjk8&#8243;][cmsmasters_text shortcode_id=\u00bb0jipokemr\u00bb animation=\u00bbfadeInLeft\u00bb animation_delay=\u00bb0&#8243;]<\/p>\n<p>El Programa de Rehabilitaci\u00f3n M\u00e9dico Asistencial de personas con Discapacidad del IAPOS posibilita el reconocimiento de prestaciones de rehabilitaci\u00f3n m\u00e9dico asistencial para afiliados discapacitados que acrediten su condici\u00f3n mediante la presentaci\u00f3n del Certificado \u00danico de Discapacidad, en concordancia con los alcances de la Resoluci\u00f3n 428\/1999 del Ministerio de Salud y Acci\u00f3n social de la Naci\u00f3n. Estas prestaciones ser\u00e1n cubiertas a trav\u00e9s de un sistema de reintegro al afiliado o mediante el pago directo al prestador.<\/p>\n<p>Las prestaciones que comprende este programa son:<\/p>\n<ul>\n<li>Estimulaci\u00f3n Temprana<\/li>\n<li>Fonoaudiolog\u00eda<\/li>\n<li>Psicolog\u00eda<\/li>\n<li>Psicopedagog\u00eda<\/li>\n<li>Terapia Ocupacional<\/li>\n<li>Kinesioterapia \u2013 Fisioterapia.<\/li>\n<li>Hidroterapia<\/li>\n<li>Centro de D\u00eda (jornada simple o doble)<\/li>\n<li>Centro Educativo Terap\u00e9utico (jornada simple o doble)<\/li>\n<li>Hogar con Centro Educativo Terap\u00e9utico<\/li>\n<li>Hogar con Centro de D\u00eda<\/li>\n<li>Hogar Permanente<\/li>\n<li>Hogar Permanente con Centro de D\u00eda<\/li>\n<li>Hogar Permanente con Centro Educativo Terap\u00e9utico<\/li>\n<li>Internaci\u00f3n para rehabilitaci\u00f3n<\/li>\n<li>Transporte (cuando se concurra a rehabilitaci\u00f3n)<\/li>\n<\/ul>\n<p>La autorizaci\u00f3n para acceder a la cobertura la solicita el prestador que brindar\u00e1 el servicio en forma on line. Se requerir\u00e1 la presentaci\u00f3n de:<\/p>\n<ul>\n<li>DNI o credencial del IAPOS del titular y el paciente (la credencial solo ser\u00e1 exigible cuando no pueda determinarse la condici\u00f3n afiliatoria mediante consulta al padr\u00f3n on line).<\/li>\n<li>\u00daltimo recibo de haberes del titular<\/li>\n<li>Certificado \u00danico de Discapacidad<\/li>\n<li>Historia cl\u00ednica confeccionada por el m\u00e9dico especialista donde indique el tratamiento de rehabilitaci\u00f3n que necesita el beneficiario e informes de los profesionales intervinientes en su atenci\u00f3n consignado diagn\u00f3stico y tiempo estimado de tratamiento<\/li>\n<li>Plan terap\u00e9utico confeccionado por el profesional que realizar\u00e1 la prestaci\u00f3n donde deber\u00e1 consignar objetivos a mediano y largo plazo<\/li>\n<li>Presupuesto de la prestaci\u00f3n donde conste: para las Instituciones: detalle de la categor\u00eda, tipo de prestaci\u00f3n, clase de jornada y aranceles y para los profesionales: cantidad de sesiones mensuales y precio de cada una.<\/li>\n<li>Carn\u00e9 de apoderado extendido por la Caja de Jubilaciones y Pensiones de la Provincia o por autoridad competente, en caso de corresponder<\/li>\n<\/ul>\n<p><strong>Observaciones:<\/strong>\u00a0Las prestaciones solicitadas deber\u00e1n estar relacionadas con las que se indica en la orientaci\u00f3n prestacional del Certificado \u00danico de Discapacidad. Previo a su autorizaci\u00f3n, todos los pedidos ser\u00e1n evaluados por Auditor\u00eda M\u00e9dica del IAPOS. Se adjuntan a continuaci\u00f3n las planillas que deben presentar los prestadores al momento de solicitar la autorizaci\u00f3n on line de las prestaciones.<\/p>\n<p class=\"p1\"><a href=\"https:\/\/www.santafe.gob.ar\/ms\/iapos\/wp-content\/uploads\/sites\/26\/2019\/04\/Planilla-para-Pedido-Medico.pdf\" target=\"_blank\" rel=\"noopener noreferrer\"><span class=\"s1\">Para pedido de m\u00e9dicos<\/span><\/a><\/p>\n<p class=\"p1\"><a href=\"https:\/\/www.santafe.gob.ar\/ms\/iapos\/wp-content\/uploads\/sites\/26\/2019\/04\/Planilla-para-prestadores-de-Discapacidad-Solicitud-de-Transporte.pdf\" target=\"_blank\" rel=\"noopener noreferrer\"><span class=\"s1\">Para transporte de discapacidad<\/span><\/a><\/p>\n<p class=\"p1\"><a href=\"https:\/\/www.santafe.gob.ar\/ms\/iapos\/wp-content\/uploads\/sites\/26\/2019\/04\/Planilla-para-prestadores-de-Discapacidad-Solicitud-de-Prestacio%CC%81n.pdf\" target=\"_blank\" rel=\"noopener noreferrer\"><span class=\"s1\">Para prestaciones ambulatorias<\/span><\/a><\/p>\n<p>[\/cmsmasters_text][\/cmsmasters_column][\/cmsmasters_row]\n","protected":false},"excerpt":{"rendered":"<p>[cmsmasters_row data_shortcode_id=\u00bbf41225ba2a\u00bb data_width=\u00bbboxed\u00bb data_top_style=\u00bbdefault\u00bb data_bot_style=\u00bbdefault\u00bb data_color=\u00bbdefault\u00bb data_bg_color=\u00bb#efefef\u00bb data_bg_img=\u00bb14322|https:\/\/www.santafe.gob.ar\/ms\/iapos\/wp-content\/uploads\/sites\/26\/2019\/04\/header_cronico_discapacidades1-300&#215;63.jpg|medium\u00bb data_bg_position=\u00bbtop center\u00bb data_bg_repeat=\u00bbno-repeat\u00bb data_bg_attachment=\u00bbscroll\u00bb data_bg_size=\u00bbcover\u00bb data_padding_top=\u00bb70&#8243; data_padding_bottom=\u00bb70&#8243;][cmsmasters_column data_width=\u00bb1\/1&#8243; data_border_style=\u00bbdefault\u00bb][cmsmasters_heading shortcode_id=\u00bbdf533e042d\u00bb type=\u00bbh2&#8243; font_family=\u00bbMontserrat:400,700&#8243; font_size=\u00bb28&#8243; line_height=\u00bb40&#8243; font_weight=\u00bbnormal\u00bb font_style=\u00bbnormal\u00bb text_align=\u00bbcenter\u00bb color=\u00bb#ffffff\u00bb bg_color=\u00bb#00a8e7&#8243; border_radius=\u00bb12px\u00bb margin_top=\u00bb45&#8243; margin_bottom=\u00bb45&#8243; animation=\u00bbfadeInLeft\u00bb animation_delay=\u00bb0&#8243;]Programa de Rehabilitaci\u00f3n para personas con Discapacidad [\/cmsmasters_heading][\/cmsmasters_column][\/cmsmasters_row][cmsmasters_row data_shortcode_id=\u00bbubk3io5z6s\u00bb data_width=\u00bbboxed\u00bb data_top_style=\u00bbdefault\u00bb data_bot_style=\u00bbdefault\u00bb data_color=\u00bbdefault\u00bb data_padding_top=\u00bb50&#8243; data_padding_bottom=\u00bb20&#8243;][cmsmasters_column data_width=\u00bb1\/1&#8243; data_shortcode_id=\u00bbjc0hzovjk8&#8243;][cmsmasters_text shortcode_id=\u00bb0jipokemr\u00bb animation=\u00bbfadeInLeft\u00bb animation_delay=\u00bb0&#8243;] El Programa de Rehabilitaci\u00f3n&#8230;<\/p>\n","protected":false},"author":1,"featured_media":0,"parent":0,"menu_order":0,"comment_status":"closed","ping_status":"closed","template":"","meta":{"_acf_changed":false,"footnotes":""},"class_list":["post-14096","page","type-page","status-publish","hentry"],"acf":[],"_links":{"self":[{"href":"https:\/\/www.santafe.gob.ar\/ms\/iapos-old\/wp-json\/wp\/v2\/pages\/14096","targetHints":{"allow":["GET"]}}],"collection":[{"href":"https:\/\/www.santafe.gob.ar\/ms\/iapos-old\/wp-json\/wp\/v2\/pages"}],"about":[{"href":"https:\/\/www.santafe.gob.ar\/ms\/iapos-old\/wp-json\/wp\/v2\/types\/page"}],"author":[{"embeddable":true,"href":"https:\/\/www.santafe.gob.ar\/ms\/iapos-old\/wp-json\/wp\/v2\/users\/1"}],"replies":[{"embeddable":true,"href":"https:\/\/www.santafe.gob.ar\/ms\/iapos-old\/wp-json\/wp\/v2\/comments?post=14096"}],"version-history":[{"count":8,"href":"https:\/\/www.santafe.gob.ar\/ms\/iapos-old\/wp-json\/wp\/v2\/pages\/14096\/revisions"}],"predecessor-version":[{"id":15862,"href":"https:\/\/www.santafe.gob.ar\/ms\/iapos-old\/wp-json\/wp\/v2\/pages\/14096\/revisions\/15862"}],"wp:attachment":[{"href":"https:\/\/www.santafe.gob.ar\/ms\/iapos-old\/wp-json\/wp\/v2\/media?parent=14096"}],"curies":[{"name":"wp","href":"https:\/\/api.w.org\/{rel}","templated":true}]}}