{"id":14222,"date":"2019-04-08T12:50:53","date_gmt":"2019-04-08T15:50:53","guid":{"rendered":"https:\/\/www.santafe.gob.ar\/ms\/iapos\/?page_id=14222"},"modified":"2022-01-10T10:56:27","modified_gmt":"2022-01-10T13:56:27","slug":"novedades-1","status":"publish","type":"page","link":"https:\/\/www.santafe.gob.ar\/ms\/iapos-old\/novedades-1\/","title":{"rendered":"NOVEDADES I"},"content":{"rendered":"[cmsmasters_row data_padding_bottom=\u00bb70&#8243; data_padding_top=\u00bb70&#8243; data_bg_parallax_ratio=\u00bb0.5&#8243; data_bg_size=\u00bbcover\u00bb data_bg_attachment=\u00bbscroll\u00bb data_bg_repeat=\u00bbno-repeat\u00bb data_bg_position=\u00bbtop center\u00bb data_bg_img=\u00bb14309|http:\/\/www.iapossantafe.gob.ar\/wp-content\/uploads\/sites\/26\/2019\/04\/header_novedades3-300&#215;63.jpg|medium\u00bb data_color=\u00bbdefault\u00bb data_bot_style=\u00bbdefault\u00bb data_top_style=\u00bbdefault\u00bb data_width=\u00bbboxed\u00bb data_shortcode_id=\u00bbb4x9vlqhtt\u00bb][cmsmasters_column data_width=\u00bb1\/1&#8243; data_bg_size=\u00bbcover\u00bb data_bg_attachment=\u00bbscroll\u00bb data_bg_repeat=\u00bbno-repeat\u00bb data_bg_position=\u00bbtop center\u00bb data_shortcode_id=\u00bb2j8uo31ste\u00bb data_animation_delay=\u00bb0&#8243; data_border_style=\u00bbdefault\u00bb][cmsmasters_heading shortcode_id=\u00bbvlvarzrgx\u00bb type=\u00bbh2&#8243; font_family=\u00bbMontserrat:400,700&#8243; font_size=\u00bb28&#8243; line_height=\u00bb40&#8243; font_weight=\u00bbnormal\u00bb font_style=\u00bbnormal\u00bb text_align=\u00bbcenter\u00bb color=\u00bb#ffffff\u00bb bg_color=\u00bb#00a8e7&#8243; border_radius=\u00bb12px\u00bb margin_top=\u00bb45&#8243; margin_bottom=\u00bb45&#8243; animation_delay=\u00bb0&#8243;]NOVEDADES[\/cmsmasters_heading][\/cmsmasters_column][\/cmsmasters_row][cmsmasters_row data_width=\u00bbboxed\u00bb data_top_style=\u00bbdefault\u00bb data_bot_style=\u00bbdefault\u00bb data_color=\u00bbdefault\u00bb data_padding_top=\u00bb65&#8243; data_padding_bottom=\u00bb5&#8243;][cmsmasters_column data_width=\u00bb1\/1&#8243;][cmsmasters_text]<\/p>\n<h3><strong>Pase Sanitario<\/strong><\/h3>\n<p style=\"text-align: justify\">Atento a lo establecido en el Decreto N\u00b0 2915\/2021 el IAPOS solicitar\u00e1 pase sanitario a todas las personas que ingresen para realizar gestiones\u00a0 en\u00a0 las sedes del Instituto, debiendo exhibir al ingreso el comprobante de vacunaci\u00f3n (carnet o aplicaci\u00f3n para celular) y DNI.<\/p>\n<p>Mediante la normativa mencionada,\u00a0 la Provincia de Santa Fe\u00a0 adhiere a la medida nacional por la cual se deber\u00e1 acreditar esquema de vacunaci\u00f3n completo contra Covid-19 para realizar determinadas actividades, incluyendo la realizaci\u00f3n de tr\u00e1mites presenciales ante organismos p\u00fablicos provinciales.<\/p>\n<p>&nbsp;<\/p>\n<p>[\/cmsmasters_text][cmsmasters_text]<\/p>\n<p>&nbsp;<\/p>\n<p>[\/cmsmasters_text][\/cmsmasters_column][\/cmsmasters_row][cmsmasters_row data_padding_bottom=\u00bb55&#8243; data_padding_top=\u00bb15&#8243; data_color=\u00bbdefault\u00bb data_bot_style=\u00bbdefault\u00bb data_top_style=\u00bbdefault\u00bb data_width=\u00bbboxed\u00bb data_shortcode_id=\u00bbcbbvl12nj\u00bb][cmsmasters_column data_width=\u00bb1\/4&#8243; data_shortcode_id=\u00bb3e8dx1pxur\u00bb][cmsmasters_text]<\/p>\n<p>&nbsp;<\/p>\n<p style=\"text-align: left\">[\/cmsmasters_text]<\/p>\n<p>[cmsmasters_text]<\/p>\n<p>&nbsp;<\/p>\n<p>[\/cmsmasters_text][cmsmasters_text]<\/p>\n<p>&nbsp;<\/p>\n<p>[\/cmsmasters_text][cmsmasters_text]<\/p>\n<p>&nbsp;<\/p>\n<p>[\/cmsmasters_text][\/cmsmasters_column][cmsmasters_column data_width=\u00bb1\/2&#8243; data_shortcode_id=\u00bbez4z9ih4tt\u00bb][cmsmasters_embed shortcode_id=\u00bboq1xhsdxl\u00bb width=\u00bb500&#8243; animation_delay=\u00bb0&#8243;][\/cmsmasters_column][cmsmasters_column data_width=\u00bb1\/4&#8243; data_shortcode_id=\u00bbrae7c4hdf4&#8243;][\/cmsmasters_column][\/cmsmasters_row]\n<div id=\"yt2pIconContextMenu\">\n<div class=\"yt2p-playergroup\">\n<div class=\"yt2p-player\"><\/div>\n<\/div>\n<\/div>\n<div id=\"yt2pLoaded\"><\/div>\n<div id=\"yt2pLoaded\"><\/div>\n","protected":false},"excerpt":{"rendered":"<p>[cmsmasters_row data_padding_bottom=\u00bb70&#8243; data_padding_top=\u00bb70&#8243; data_bg_parallax_ratio=\u00bb0.5&#8243; data_bg_size=\u00bbcover\u00bb data_bg_attachment=\u00bbscroll\u00bb data_bg_repeat=\u00bbno-repeat\u00bb data_bg_position=\u00bbtop center\u00bb data_bg_img=\u00bb14309|http:\/\/www.iapossantafe.gob.ar\/wp-content\/uploads\/sites\/26\/2019\/04\/header_novedades3-300&#215;63.jpg|medium\u00bb data_color=\u00bbdefault\u00bb data_bot_style=\u00bbdefault\u00bb data_top_style=\u00bbdefault\u00bb data_width=\u00bbboxed\u00bb data_shortcode_id=\u00bbb4x9vlqhtt\u00bb][cmsmasters_column data_width=\u00bb1\/1&#8243; data_bg_size=\u00bbcover\u00bb data_bg_attachment=\u00bbscroll\u00bb data_bg_repeat=\u00bbno-repeat\u00bb data_bg_position=\u00bbtop center\u00bb data_shortcode_id=\u00bb2j8uo31ste\u00bb data_animation_delay=\u00bb0&#8243; data_border_style=\u00bbdefault\u00bb][cmsmasters_heading shortcode_id=\u00bbvlvarzrgx\u00bb type=\u00bbh2&#8243; font_family=\u00bbMontserrat:400,700&#8243; font_size=\u00bb28&#8243; line_height=\u00bb40&#8243; font_weight=\u00bbnormal\u00bb font_style=\u00bbnormal\u00bb text_align=\u00bbcenter\u00bb color=\u00bb#ffffff\u00bb bg_color=\u00bb#00a8e7&#8243; border_radius=\u00bb12px\u00bb margin_top=\u00bb45&#8243; margin_bottom=\u00bb45&#8243; animation_delay=\u00bb0&#8243;]NOVEDADES[\/cmsmasters_heading][\/cmsmasters_column][\/cmsmasters_row][cmsmasters_row data_width=\u00bbboxed\u00bb data_top_style=\u00bbdefault\u00bb data_bot_style=\u00bbdefault\u00bb data_color=\u00bbdefault\u00bb data_padding_top=\u00bb65&#8243; data_padding_bottom=\u00bb5&#8243;][cmsmasters_column data_width=\u00bb1\/1&#8243;][cmsmasters_text] Pase Sanitario Atento a lo establecido en el Decreto N\u00b0&#8230;<\/p>\n","protected":false},"author":1,"featured_media":0,"parent":0,"menu_order":0,"comment_status":"closed","ping_status":"closed","template":"","meta":{"_acf_changed":false,"footnotes":""},"class_list":["post-14222","page","type-page","status-publish","hentry"],"acf":[],"_links":{"self":[{"href":"https:\/\/www.santafe.gob.ar\/ms\/iapos-old\/wp-json\/wp\/v2\/pages\/14222","targetHints":{"allow":["GET"]}}],"collection":[{"href":"https:\/\/www.santafe.gob.ar\/ms\/iapos-old\/wp-json\/wp\/v2\/pages"}],"about":[{"href":"https:\/\/www.santafe.gob.ar\/ms\/iapos-old\/wp-json\/wp\/v2\/types\/page"}],"author":[{"embeddable":true,"href":"https:\/\/www.santafe.gob.ar\/ms\/iapos-old\/wp-json\/wp\/v2\/users\/1"}],"replies":[{"embeddable":true,"href":"https:\/\/www.santafe.gob.ar\/ms\/iapos-old\/wp-json\/wp\/v2\/comments?post=14222"}],"version-history":[{"count":42,"href":"https:\/\/www.santafe.gob.ar\/ms\/iapos-old\/wp-json\/wp\/v2\/pages\/14222\/revisions"}],"predecessor-version":[{"id":15757,"href":"https:\/\/www.santafe.gob.ar\/ms\/iapos-old\/wp-json\/wp\/v2\/pages\/14222\/revisions\/15757"}],"wp:attachment":[{"href":"https:\/\/www.santafe.gob.ar\/ms\/iapos-old\/wp-json\/wp\/v2\/media?parent=14222"}],"curies":[{"name":"wp","href":"https:\/\/api.w.org\/{rel}","templated":true}]}}