{"id":14877,"date":"2019-09-03T13:48:10","date_gmt":"2019-09-03T16:48:10","guid":{"rendered":"http:\/\/www.iapossantafe.gob.ar\/?page_id=14877"},"modified":"2023-02-24T09:15:53","modified_gmt":"2023-02-24T12:15:53","slug":"gestionesonline","status":"publish","type":"page","link":"https:\/\/www.santafe.gob.ar\/ms\/iapos-old\/gestionesonline\/","title":{"rendered":"GESTIONES ON LINE"},"content":{"rendered":"[cmsmasters_row data_shortcode_id=\u00bbf41225ba2a\u00bb data_width=\u00bbboxed\u00bb data_top_style=\u00bbdefault\u00bb data_bot_style=\u00bbdefault\u00bb data_color=\u00bbdefault\u00bb data_bg_color=\u00bb#efefef\u00bb data_padding_top=\u00bb70&#8243; data_padding_bottom=\u00bb70&#8243;][cmsmasters_column data_width=\u00bb1\/1&#8243;][cmsmasters_heading shortcode_id=\u00bbdf533e042d\u00bb type=\u00bbh1&#8243; font_size=\u00bb33&#8243; font_weight=\u00bbnormal\u00bb font_style=\u00bbnormal\u00bb text_align=\u00bbleft\u00bb color=\u00bb#09478d\u00bb margin_top=\u00bb0&#8243; margin_bottom=\u00bb15&#8243; animation=\u00bbfadeInLeft\u00bb animation_delay=\u00bb0&#8243;]GESTIONES ON LINE[\/cmsmasters_heading][\/cmsmasters_column][\/cmsmasters_row][cmsmasters_row][cmsmasters_column data_width=\u00bb1\/1&#8243;][cmsmasters_text]<\/p>\n<p>&nbsp;<\/p>\n<p>Con el objetivo de facilitar la realizaci\u00f3n de las tramitaciones, el IAPOS dispone de diversas modalidades para efectuar la gesti\u00f3n, evitando el traslado y circulaci\u00f3n de los afiliados hasta las sedes del Instituto.<\/p>\n<h5><b>Canales de consulta<\/b><\/h5>\n<ul>\n<li>Email: <a class=\"links_subrayados\" href=\"https:\/\/www.santafe.gob.ar\/index.php\/web\/iapos_consultas@santafe.gov.ar\" target=\"_self\" rel=\"noopener\">iapos_consultas@santafe.gob.ar<\/a><\/li>\n<li>Centro de Atenci\u00f3n Telef\u00f3nico:<b>\u00a00800 444 4276<\/b>, los d\u00edas h\u00e1biles de 8 a 16 hs.<\/li>\n<li>Instagram: <b>iapos.salud<\/b><\/li>\n<li>Consultas sobre\u00a0<b>medicamentos<\/b>:\n<ul>\n<li><b>0810 222 4276<\/b><\/li>\n<li><b>342 5532737<\/b>\u00a0(solo mensajes whatsapp)<\/li>\n<\/ul>\n<\/li>\n<\/ul>\n<h5><\/h5>\n<h5><b>Gestiones que no requieren concurrir a las sedes de IAPOS<\/b><\/h5>\n<p><b>COSEGUROS<\/b><\/p>\n<p>La adquisici\u00f3n de los mismos (\u00f3rdenes de consulta, bonos asistenciales y bono de internaci\u00f3n) se podr\u00e1 realizar a trav\u00e9s de los siguientes canales:<\/p>\n<ul>\n<li>Cajeros autom\u00e1ticos de la Red Link<\/li>\n<li>Locales de Santa Fe Servicios<\/li>\n<li>Homebanking del Banco de Santa Fe<\/li>\n<\/ul>\n<p>La impresi\u00f3n de\u00a0<b>ordenes de consulta y bonos asistenciales sin costo<\/b>\u00a0destinada a beneficiarios que tengan habilitada esta modalidad se puede realizar ingresando\u00a0<a class=\"links_subrayados\" href=\"https:\/\/www.santafe.gov.ar\/iapos-www\/servlet\/belgnstr02sf\" target=\"_blank\" rel=\"noopener\">Aqu\u00ed<\/a><\/p>\n<p>Los recetarios de medicamentos se pueden generar e imprimir ingresando\u00a0<a class=\"links_subrayados\" href=\"http:\/\/online.colfarsfe.org.ar\/iapos\" target=\"_blank\" rel=\"noopener\">Aqu\u00ed<\/a><\/p>\n<p><b>PRESTACIONES<\/b><\/p>\n<ul>\n<li><b>Enrolamiento Programa de Fertilizaci\u00f3n<\/b>, enviando correo electr\u00f3nico con certificado medico a:\n<ul>\n<li>Santa Fe (centro y norte de la provincia): <a href=\"mailto:fertilidad_iapos@santafe.gov.ar\">fertilidad_iapos@santafe.gov.ar<\/a><\/li>\n<li>Rosario (sur provincial):\u00a0<a class=\"links_subrayados\" href=\"mailto:prestacionesiaposrosario@santafe.gov.ar\" target=\"_blank\" rel=\"noopener\">prestacionesiaposrosario@santafe.gob.ar<\/a><\/li>\n<\/ul>\n<\/li>\n<li><b>Provisi\u00f3n de elementos m\u00e9dicos<\/b><b>para cirug\u00edas<\/b>: lo gestiona la instituci\u00f3n sanatorial donde se realizar\u00e1 la intervenci\u00f3n.<\/li>\n<li><b>Provisi\u00f3n de insumos m\u00e9dicos<\/b>, se env\u00eda la documentaci\u00f3n por mail a:\n<ul>\n<li>Santa Fe (centro y norte provincial): <a href=\"mailto:iapos.elementosmedicos@gmail.com\" target=\"_blank\" rel=\"noopener\">iapos.elementosmedicos@gmail.com<\/a><\/li>\n<li>Rosario (sur provincial):\u00a0<a class=\"links_subrayados\" href=\"mailto:prestacionesiaposrosario@santafe.gov.ar\" target=\"_self\" rel=\"noopener\">prestacionesiaposrosario@santafe.gob.ar<\/a><\/li>\n<\/ul>\n<\/li>\n<li>Se realizar\u00e1 la renovaci\u00f3n autom\u00e1tica de los<b>\u00a0elementos m\u00e9dicos entregados en comodato<\/b>.<\/li>\n<li>Autorizaci\u00f3n y provisi\u00f3n de<b>\u00a0elementos m\u00e9dicos no implantables<\/b>\u00a0se gestiona directamente en las ortopedias adheridas.<\/li>\n<li><b>Discapacidad<\/b>: consultas generales, internaci\u00f3n geri\u00e1trica y subsidio para dependientes y semidependientes:\n<ul>\n<li>Santa Fe (centro y norte provincial): recibe consultas por email a\u00a0<a class=\"links_subrayados\" href=\"https:\/\/www.santafe.gov.ar\/index.php\/web\/iapos_discapacidadrosario@santafe.gov.ar\" target=\"_blank\" rel=\"noopener\">iapos_discapacidad@santafe.gob.ar<\/a> o por WhatsApp al 342 5842000<\/li>\n<li>Rosario (Sur provincial): recibe consultas y otorga turnos para atenci\u00f3n presencial por email a\u00a0<a class=\"links_subrayados\" href=\"mailto:iaposbeneficiosdiscapacidad@santafe.gob.ar\" target=\"_self\" rel=\"noopener\">iaposbeneficiosdiscapacidad@santafe.gob.ar<\/a><\/li>\n<\/ul>\n<\/li>\n<li>Trasplantes, la autorizaci\u00f3n la gestiona la instituci\u00f3n sanatorial interviniente.<\/li>\n<li>Renovaci\u00f3n de servicios m\u00e9dicos (oxigenoterapia, nutrici\u00f3n asistida) La realiza el prestador del servicio en forma on line durante el periodo que dure el aislamiento social preventivo y obligatorio.<\/li>\n<li>Afiliados con convenio de reciprocidad:\n<ul>\n<li>Santa Fe (centro y norte provincial):\u00a0<a class=\"links_subrayados\" href=\"mailto:iapos_reciprocidad@santafe.gov.ar\" target=\"_self\" rel=\"noopener\">iapos_reciprocidad@santafe.gob.ar<\/a><\/li>\n<li>Rosario (sur provincial):\u00a0<a class=\"links_subrayados\" href=\"mailto:iaposreciprocidadrosario@santafe.gov.ar\" target=\"_self\" rel=\"noopener\">iaposreciprocidadrosario@santafe.gov.ar<\/a><\/li>\n<\/ul>\n<\/li>\n<li>Consultas sobre cobertura y tr\u00e1mites de\u00a0<b>Sepelio<\/b>:\u00a0<a class=\"links_subrayados\" href=\"mailto:iapos_sepelios@santafe.gov.ar\" target=\"_self\" rel=\"noopener\">i<\/a><a class=\"links_subrayados\" href=\"https:\/\/www.santafe.gob.ar\/index.php\/web\/iapos%C2%AD_venadotuerto@santafe.gob.ar\" target=\"_self\" rel=\"noopener\">apos_sepelios@santafe.gob.ar<\/a><\/li>\n<\/ul>\n<p>&nbsp;<\/p>\n<ul>\n<li><strong>IMPRESI\u00d3N DE BOLETAS DE DEP\u00d3SITO<\/strong><\/li>\n<\/ul>\n<p>Mensualmente se podr\u00e1n descargar\u00a0 desde el tr\u00e1mite <a href=\"http:\/\/www.iapossantafe.gob.ar\/impresionboletas\/\" target=\"_blank\" rel=\"noopener\">IMPRESI\u00d3N DE BOLETAS DE DEP\u00d3SITO<\/a>\u00a0para:<\/p>\n<ol>\n<li>Afiliados por Sistema Abierto<\/li>\n<li>Afiliados que se encuentren con Licencia Sin Goce de Haberes<\/li>\n<li>Afiliados con Convenio con Extra\u00f1a Jurisdicci\u00f3n que deben abonar la Cuota del Servicio Complementario<\/li>\n<\/ol>\n<p>&nbsp;<\/p>\n<ul>\n<li><strong>CARTA DEL VIAJERO\u00a0<\/strong><\/li>\n<\/ul>\n<p>Este tr\u00e1mite permite a los afiliados del IAPOS solicitar cobertura de salud cuando se trasladen en forma moment\u00e1nea a otras provincias. Gozar\u00e1n de servicios m\u00e9dicos asistenciales por razones de urgencia Los afiliados en tr\u00e1nsito <a href=\"http:\/\/www.iapossantafe.gob.ar\/carta-presentacion\/\" target=\"_blank\" rel=\"noopener noreferrer\">pueden generar e imprimir la carta del viajero desde aqu\u00ed<\/a>. Para recibir atenci\u00f3n m\u00e9dica esta carta debe ser presentada en la Sede de la Obra Social Provincial del lugar de destino.<\/p>\n<p>&nbsp;<\/p>\n<p><b>Correos electr\u00f3nicos de Delegaciones y Subdelegaciones del IAPOS:<\/b><\/p>\n<ul>\n<li>Rafaela:\u00a0<a class=\"links_subrayados\" href=\"mailto:iapos_delegacionrafaela@santafe.gov.ar\" target=\"_self\" rel=\"noopener\">iapos_delegacionrafaela@santafe.gob.ar<\/a><\/li>\n<li>Reconquista:\u00a0<a class=\"links_subrayados\" href=\"mailto:iaposreconquista@santafe.gov.ar\" target=\"_self\" rel=\"noopener\">iaposreconquista@santafe.gob.ar<\/a><\/li>\n<li>San Jorge:\u00a0<a class=\"links_subrayados\" href=\"mailto:iapossanjorge@hotmail.com\" target=\"_self\" rel=\"noopener\">iapossanjorge@hotmail.com<\/a><\/li>\n<li>Esperanza:\u00a0<a class=\"links_subrayados\" href=\"mailto:iapos_esperanza@santafe.gov.ar\" target=\"_self\" rel=\"noopener\">iapos_esperanza@santafe.gob.ar<\/a><\/li>\n<li>Helvecia:\u00a0<a class=\"links_subrayados\" href=\"mailto:iapos_helvecia@santafe.gov.ar\" target=\"_self\" rel=\"noopener\">iapos_helvecia@santafe.gob.ar<\/a><\/li>\n<li>Vera:\u00a0<a class=\"links_subrayados\" href=\"mailto:iapos_vera@santafe.gov.ar\" target=\"_self\" rel=\"noopener\">iapos_vera@santafe.gob.ar<\/a><\/li>\n<li>San Crist\u00f3bal:\u00a0<a class=\"links_subrayados\" href=\"mailto:mnwinkelmann@santafe.gov.ar\" target=\"_self\" rel=\"noopener\">mnwinkelmann@santafe.gob.ar<\/a>\u00a0&#8211;\u00a0<a class=\"links_subrayados\" href=\"mailto:mscamerlo@hotmail.com\" target=\"_self\" rel=\"noopener\">mscamerlo@hotmail.com<\/a><\/li>\n<li>G\u00e1lvez:\u00a0<a class=\"links_subrayados\" href=\"mailto:gastonjaviermicone@yahoo.com.ar\" target=\"_self\" rel=\"noopener\">gastonjaviermicone@yahoo.com.ar<\/a><\/li>\n<li>San Javier:\u00a0<a class=\"links_subrayados\" href=\"mailto:iapos_sanjavier@santafe.gov.ar\" target=\"_self\" rel=\"noopener\">iapos_sanjavier@santafe.gob.ar<\/a><\/li>\n<li>Laguna Paiva:\u00a0<a class=\"links_subrayados\" href=\"mailto:iapos_lagunapaiva@santafe.gov.ar\" target=\"_self\" rel=\"noopener\">iapos_lagunapaiva@santafe.gob.ar<\/a>\u00a0&#8211;\u00a0<a class=\"links_subrayados\" href=\"mailto:meramos@santafe.gov.ar\" target=\"_self\" rel=\"noopener\">meramos@santafe.gob.ar<\/a><\/li>\n<li>San Justo:\u00a0<a class=\"links_subrayados\" href=\"mailto:iapos_sanjusto@santafe.gov.ar\" target=\"_self\" rel=\"noopener\">iapos_sanjusto@santafe.gob.ar<\/a><\/li>\n<li>San Carlos Centro:\u00a0<a class=\"links_subrayados\" href=\"mailto:rcignetti@hotmail.com\" target=\"_self\" rel=\"noopener\">rcignetti@hotmail.com<\/a><\/li>\n<li>Ceres:\u00a0<a class=\"links_subrayados\" href=\"mailto:ladycolo14@gmail.com\" target=\"_self\" rel=\"noopener\">ladycolo14@gmail.com<\/a><\/li>\n<li>Tostado:\u00a0<a class=\"links_subrayados\" href=\"mailto:pconradi@santafe.gov.ar\" target=\"_self\" rel=\"noopener\">pconradi@santafe.gob.ar<\/a>\u00a0&#8211;\u00a0<a class=\"links_subrayados\" href=\"mailto:esancuns@santafe.gov.ar\" target=\"_self\" rel=\"noopener\">esancuns@santafe.gob.ar<\/a><\/li>\n<li>Coronda:\u00a0<a class=\"links_subrayados\" href=\"mailto:iapos_coronda@santafe.gov.ar\" target=\"_self\" rel=\"noopener\">iapos_coronda@santafe.gob.ar<\/a><\/li>\n<li>Villa Constituci\u00f3n:\u00a0<a class=\"links_subrayados\" href=\"mailto:iapos_villaconstitucion@santafe.gov.ar\" target=\"_self\" rel=\"noopener\">iapos_villaconstitucion@santafe.gob.ar<\/a><\/li>\n<li>Venado Tuerto:\u00a0<a id=\"__mce_tmp\" class=\"links_subrayados\" href=\"https:\/\/www.santafe.gob.ar\/index.php\/web\/iapos%C2%AD_venadotuerto@santafe.gob.ar\" target=\"_self\" rel=\"noopener\">iapos\u00ad_venadotuerto@santafe.gob.ar<\/a><\/li>\n<li>Casilda:\u00a0<a class=\"links_subrayados\" href=\"mailto:iapos_casilda@santafe.gov.ar\" target=\"_self\" rel=\"noopener\">iapos_casilda@santafe.gob.ar<\/a><\/li>\n<li>San Lorenzo:\u00a0<a class=\"links_subrayados\" href=\"mailto:iapos_sanlorenzo@santafe.gov.ar\" target=\"_self\" rel=\"noopener\">iapos_sanlorenzo@santafe.gob.ar<\/a><\/li>\n<li>Firmat:\u00a0<a class=\"links_subrayados\" href=\"mailto:iapos_firmat@santafe.gov.ar\" target=\"_self\" rel=\"noopener\">iapos_firmat@santafe.gob.ar<\/a><\/li>\n<li>Alcorta:\u00a0<a class=\"links_subrayados\" href=\"mailto:iapos_alcorta@santafe.gov.ar\" target=\"_self\" rel=\"noopener\">iapos_alcorta@santafe.gob.ar<\/a><\/li>\n<li>Rufino:\u00a0<a class=\"links_subrayados\" href=\"mailto:iapos_rufino@santafe.gov.ar\" target=\"_self\" rel=\"noopener\">iapos_rufino@santafe.gob.ar<\/a><\/li>\n<li>Ca\u00f1ada de G\u00f3mez:\u00a0<a class=\"links_subrayados\" href=\"mailto:iapos_cdadegomez@santafe.gov.ar\" target=\"_self\" rel=\"noopener\">iapos_cdadegomez@santafe.gob.ar<\/a><\/li>\n<li>Las Rosas:\u00a0<a id=\"__mce_tmp\" class=\"links_subrayados\" href=\"mailto:iapos_lasrosas@santafe.gov.ar\" target=\"_self\" rel=\"noopener\">iapos_lasrosas@santafe.gob.ar<\/a><\/li>\n<\/ul>\n<p>&nbsp;<\/p>\n<p>&nbsp;<\/p>\n<p>[\/cmsmasters_text][\/cmsmasters_column][\/cmsmasters_row]\n","protected":false},"excerpt":{"rendered":"<p>[cmsmasters_row data_shortcode_id=\u00bbf41225ba2a\u00bb data_width=\u00bbboxed\u00bb data_top_style=\u00bbdefault\u00bb data_bot_style=\u00bbdefault\u00bb data_color=\u00bbdefault\u00bb data_bg_color=\u00bb#efefef\u00bb data_padding_top=\u00bb70&#8243; data_padding_bottom=\u00bb70&#8243;][cmsmasters_column data_width=\u00bb1\/1&#8243;][cmsmasters_heading shortcode_id=\u00bbdf533e042d\u00bb type=\u00bbh1&#8243; font_size=\u00bb33&#8243; font_weight=\u00bbnormal\u00bb font_style=\u00bbnormal\u00bb text_align=\u00bbleft\u00bb color=\u00bb#09478d\u00bb margin_top=\u00bb0&#8243; margin_bottom=\u00bb15&#8243; animation=\u00bbfadeInLeft\u00bb animation_delay=\u00bb0&#8243;]GESTIONES ON LINE[\/cmsmasters_heading][\/cmsmasters_column][\/cmsmasters_row][cmsmasters_row][cmsmasters_column data_width=\u00bb1\/1&#8243;][cmsmasters_text] &nbsp; Con el objetivo de facilitar la realizaci\u00f3n de las tramitaciones, el IAPOS dispone de diversas modalidades para efectuar la gesti\u00f3n, evitando el traslado y circulaci\u00f3n de los afiliados hasta las&#8230;<\/p>\n","protected":false},"author":239,"featured_media":0,"parent":0,"menu_order":0,"comment_status":"closed","ping_status":"closed","template":"","meta":{"_acf_changed":false,"footnotes":""},"class_list":["post-14877","page","type-page","status-publish","hentry"],"acf":[],"_links":{"self":[{"href":"https:\/\/www.santafe.gob.ar\/ms\/iapos-old\/wp-json\/wp\/v2\/pages\/14877","targetHints":{"allow":["GET"]}}],"collection":[{"href":"https:\/\/www.santafe.gob.ar\/ms\/iapos-old\/wp-json\/wp\/v2\/pages"}],"about":[{"href":"https:\/\/www.santafe.gob.ar\/ms\/iapos-old\/wp-json\/wp\/v2\/types\/page"}],"author":[{"embeddable":true,"href":"https:\/\/www.santafe.gob.ar\/ms\/iapos-old\/wp-json\/wp\/v2\/users\/239"}],"replies":[{"embeddable":true,"href":"https:\/\/www.santafe.gob.ar\/ms\/iapos-old\/wp-json\/wp\/v2\/comments?post=14877"}],"version-history":[{"count":31,"href":"https:\/\/www.santafe.gob.ar\/ms\/iapos-old\/wp-json\/wp\/v2\/pages\/14877\/revisions"}],"predecessor-version":[{"id":15958,"href":"https:\/\/www.santafe.gob.ar\/ms\/iapos-old\/wp-json\/wp\/v2\/pages\/14877\/revisions\/15958"}],"wp:attachment":[{"href":"https:\/\/www.santafe.gob.ar\/ms\/iapos-old\/wp-json\/wp\/v2\/media?parent=14877"}],"curies":[{"name":"wp","href":"https:\/\/api.w.org\/{rel}","templated":true}]}}