{"id":15033,"date":"2020-02-12T08:50:49","date_gmt":"2020-02-12T11:50:49","guid":{"rendered":"http:\/\/www.iapossantafe.gob.ar\/?page_id=15033"},"modified":"2021-03-25T11:15:39","modified_gmt":"2021-03-25T14:15:39","slug":"telecuidados","status":"publish","type":"page","link":"https:\/\/www.santafe.gob.ar\/ms\/iapos-old\/telecuidados\/","title":{"rendered":"TELECUIDADOS"},"content":{"rendered":"[cmsmasters_row data_padding_bottom=\u00bb70&#8243; data_padding_top=\u00bb70&#8243; data_bg_color=\u00bb#efefef\u00bb data_color=\u00bbdefault\u00bb data_bot_style=\u00bbdefault\u00bb data_top_style=\u00bbdefault\u00bb data_width=\u00bbboxed\u00bb data_shortcode_id=\u00bbf41225ba2a\u00bb][cmsmasters_column data_width=\u00bb1\/1&#8243;][cmsmasters_heading shortcode_id=\u00bbdf533e042d\u00bb type=\u00bbh1&#8243; font_size=\u00bb33&#8243; font_weight=\u00bbnormal\u00bb font_style=\u00bbnormal\u00bb text_align=\u00bbleft\u00bb color=\u00bb#09478d\u00bb margin_top=\u00bb0&#8243; margin_bottom=\u00bb15&#8243; animation=\u00bbfadeInLeft\u00bb animation_delay=\u00bb0&#8243;]TELECUIDADOS[\/cmsmasters_heading]<\/p>\n<p>[cmsmasters_divider shortcode_id=\u00bbb0dbcd478c\u00bb width=\u00bbshort\u00bb height=\u00bb1&#8243; style=\u00bbsolid\u00bb position=\u00bbleft\u00bb color=\u00bb#09478d\u00bb margin_top=\u00bb10&#8243; margin_bottom=\u00bb25&#8243; animation_delay=\u00bb0&#8243;]<\/p>\n<p>[cmsmasters_text shortcode_id=\u00bb801592a0a0&#8243; animation=\u00bbfadeInLeft\u00bb animation_delay=\u00bb0&#8243;]<br \/>\n[\/cmsmasters_text][\/cmsmasters_column][\/cmsmasters_row][cmsmasters_row][cmsmasters_column data_width=\u00bb1\/1&#8243;][cmsmasters_text]<\/p>\n<p>El Programa de Telecuidados del IAPOS tiene por objetivo que los afiliados con patolog\u00edas de riesgo puedan recibir atenci\u00f3n medica, sin moverse de su hogar, mediante un dispositivo de atenci\u00f3n virtual. Tambi\u00e9n se prevee la atenci\u00f3n, contenci\u00f3n y acompa\u00f1amiento para trabajadores de la salud involucrados en la atenci\u00f3n de la pandemia.<\/p>\n<p><b>Actualmente el servicio se encuentra disponible en las localidades de Villa Ocampo, Helvecia y Casilda<\/b>.<\/p>\n<p>Pueden acceder al mismo los afiliados con riesgo de salud, tales como: diab\u00e9ticos, asm\u00e1ticos, oncol\u00f3gicos, hipertensos, con problemas neurol\u00f3gicos o psiqui\u00e1tricos, etc. Tambi\u00e9n estar\u00e1 disponible para mayores de 60 a\u00f1os y embarazadas.<\/p>\n<p>Este Programa no posee costos extras para el afiliado.<\/p>\n<p>El listado de profesionales incluidos en este Programa y la gesti\u00f3n de turnos para acceder a la atenci\u00f3n por Telecuidados, pueden consultarse desde el siguiente enlace: <a class=\"links_subrayados\" href=\"https:\/\/www.atesalud.com.ar\/redsalud\/medicos\" target=\"_self\" rel=\"noopener noreferrer\">Listado de Profesionales de Telemedicina y Horarios de Atenci\u00f3n<\/a><\/p>\n<p>La atenci\u00f3n por Telecuidados requiere, preferentemente, que el paciente posea una computadora o un tel\u00e9fono con c\u00e1mara frontal y conexi\u00f3n a internet.<\/p>\n<p>Se puede consultar mayor informaci\u00f3n por mail a:\u00a0<a class=\"links_subrayados\" href=\"mailto:telecuidadosiapos@santafe.gov.ar\" target=\"_self\" rel=\"noopener noreferrer\">telecuidadosiapos@santafe.gov.ar<\/a>, o enviando mensaje de WhatsApp al: <b>342 4499179<\/b>. Desde estos contactos tambi\u00e9n se puede solicitar turno, para lo cual se deber\u00e1 indicar los siguientes datos: Nombre, apellido y documento de identidad del solicitante; tel\u00e9fono de contacto del solicitante y, de ser posible, profesional para el cual solicita turno.<\/p>\n<p>[\/cmsmasters_text][\/cmsmasters_column][\/cmsmasters_row]\n","protected":false},"excerpt":{"rendered":"<p>[cmsmasters_row data_padding_bottom=\u00bb70&#8243; data_padding_top=\u00bb70&#8243; data_bg_color=\u00bb#efefef\u00bb data_color=\u00bbdefault\u00bb data_bot_style=\u00bbdefault\u00bb data_top_style=\u00bbdefault\u00bb data_width=\u00bbboxed\u00bb data_shortcode_id=\u00bbf41225ba2a\u00bb][cmsmasters_column data_width=\u00bb1\/1&#8243;][cmsmasters_heading shortcode_id=\u00bbdf533e042d\u00bb type=\u00bbh1&#8243; font_size=\u00bb33&#8243; font_weight=\u00bbnormal\u00bb font_style=\u00bbnormal\u00bb text_align=\u00bbleft\u00bb color=\u00bb#09478d\u00bb margin_top=\u00bb0&#8243; margin_bottom=\u00bb15&#8243; animation=\u00bbfadeInLeft\u00bb animation_delay=\u00bb0&#8243;]TELECUIDADOS[\/cmsmasters_heading] [cmsmasters_divider shortcode_id=\u00bbb0dbcd478c\u00bb width=\u00bbshort\u00bb height=\u00bb1&#8243; style=\u00bbsolid\u00bb position=\u00bbleft\u00bb color=\u00bb#09478d\u00bb margin_top=\u00bb10&#8243; margin_bottom=\u00bb25&#8243; animation_delay=\u00bb0&#8243;] [cmsmasters_text shortcode_id=\u00bb801592a0a0&#8243; animation=\u00bbfadeInLeft\u00bb animation_delay=\u00bb0&#8243;] [\/cmsmasters_text][\/cmsmasters_column][\/cmsmasters_row][cmsmasters_row][cmsmasters_column data_width=\u00bb1\/1&#8243;][cmsmasters_text] El Programa de Telecuidados del IAPOS tiene por objetivo que los afiliados con patolog\u00edas de riesgo puedan recibir&#8230;<\/p>\n","protected":false},"author":3190,"featured_media":0,"parent":0,"menu_order":0,"comment_status":"closed","ping_status":"closed","template":"","meta":{"_acf_changed":false,"footnotes":""},"class_list":["post-15033","page","type-page","status-publish","hentry"],"acf":[],"_links":{"self":[{"href":"https:\/\/www.santafe.gob.ar\/ms\/iapos-old\/wp-json\/wp\/v2\/pages\/15033","targetHints":{"allow":["GET"]}}],"collection":[{"href":"https:\/\/www.santafe.gob.ar\/ms\/iapos-old\/wp-json\/wp\/v2\/pages"}],"about":[{"href":"https:\/\/www.santafe.gob.ar\/ms\/iapos-old\/wp-json\/wp\/v2\/types\/page"}],"author":[{"embeddable":true,"href":"https:\/\/www.santafe.gob.ar\/ms\/iapos-old\/wp-json\/wp\/v2\/users\/3190"}],"replies":[{"embeddable":true,"href":"https:\/\/www.santafe.gob.ar\/ms\/iapos-old\/wp-json\/wp\/v2\/comments?post=15033"}],"version-history":[{"count":7,"href":"https:\/\/www.santafe.gob.ar\/ms\/iapos-old\/wp-json\/wp\/v2\/pages\/15033\/revisions"}],"predecessor-version":[{"id":15405,"href":"https:\/\/www.santafe.gob.ar\/ms\/iapos-old\/wp-json\/wp\/v2\/pages\/15033\/revisions\/15405"}],"wp:attachment":[{"href":"https:\/\/www.santafe.gob.ar\/ms\/iapos-old\/wp-json\/wp\/v2\/media?parent=15033"}],"curies":[{"name":"wp","href":"https:\/\/api.w.org\/{rel}","templated":true}]}}