{"id":15530,"date":"2021-04-30T13:58:14","date_gmt":"2021-04-30T16:58:14","guid":{"rendered":"http:\/\/www.iapossantafe.gob.ar\/?page_id=15530"},"modified":"2022-07-08T11:20:24","modified_gmt":"2022-07-08T14:20:24","slug":"docentes","status":"publish","type":"page","link":"https:\/\/www.santafe.gob.ar\/ms\/iapos-old\/docentes\/","title":{"rendered":"AFILIADOS DOCENTES Y ASISTENTES ESCOLARES"},"content":{"rendered":"[cmsmasters_row data_padding_bottom=\u00bb70&#8243; data_padding_top=\u00bb70&#8243; data_bg_color=\u00bb#efefef\u00bb data_color=\u00bbdefault\u00bb data_bot_style=\u00bbdefault\u00bb data_top_style=\u00bbdefault\u00bb data_width=\u00bbboxed\u00bb data_shortcode_id=\u00bbf41225ba2a\u00bb][cmsmasters_column data_width=\u00bb1\/1&#8243;][cmsmasters_heading shortcode_id=\u00bbdf533e042d\u00bb type=\u00bbh1&#8243; font_size=\u00bb33&#8243; font_weight=\u00bbnormal\u00bb font_style=\u00bbnormal\u00bb text_align=\u00bbleft\u00bb color=\u00bb#09478d\u00bb margin_top=\u00bb0&#8243; margin_bottom=\u00bb15&#8243; animation=\u00bbfadeInLeft\u00bb animation_delay=\u00bb0&#8243;]AFILIADOS DOCENTES Y ASISTENTES ESCOLARES[\/cmsmasters_heading]<\/p>\n<p>[cmsmasters_divider shortcode_id=\u00bbb0dbcd478c\u00bb width=\u00bbshort\u00bb height=\u00bb1&#8243; style=\u00bbsolid\u00bb position=\u00bbleft\u00bb color=\u00bb#09478d\u00bb margin_top=\u00bb10&#8243; margin_bottom=\u00bb25&#8243; animation_delay=\u00bb0&#8243;]<\/p>\n<p>[cmsmasters_text shortcode_id=\u00bb801592a0a0&#8243; animation=\u00bbfadeInLeft\u00bb animation_delay=\u00bb0&#8243;]<\/p>\n<p>Los docentes de escuelas provinciales y los asistentes escolares tienen distintos grados de cobertura en el IAPOS, seg\u00fan su situaci\u00f3n de revista. El tr\u00e1mite de afiliaci\u00f3n es el mismo que para afiliados obligatorios, excepto los docentes y asistentes escolares reemplazantes de corta duraci\u00f3n, que requieren un tratamiento especial.<\/p>\n<p>[\/cmsmasters_text][\/cmsmasters_column][\/cmsmasters_row][cmsmasters_row][cmsmasters_column data_width=\u00bb1\/1&#8243;][cmsmasters_text]<\/p>\n<p>&nbsp;<\/p>\n<h4 style=\"text-align: center\"><strong>ALTA AFILIATORIA<\/strong><\/h4>\n<p class=\"p1\"><span class=\"s1\">El tr\u00e1mite de afiliaci\u00f3n consta de dos pasos<\/span><\/p>\n<ol>\n<li style=\"list-style-type: none\">\n<ol>\n<li class=\"p1\"><span class=\"s1\">Completar la Solicitud de Afiliaci\u00f3n a trav\u00e9s del <i><a href=\"https:\/\/www.santafe.gob.ar\/tramites\/iapos-www\/servlet\/sfgeautowan\" target=\"_blank\" rel=\"noopener noreferrer\">Sistema de Autogesti\u00f3n Afiliatoria<\/a>. <\/i><\/span>Se debe completar una solicitud por cada beneficiario que se desee dar de alta.<\/li>\n<li><span class=\"s1\">Presentar la ficha de Solicitud impresa por Duplicado y la documentaci\u00f3n respaldatoria seg\u00fan corresponda. Esta documentaci\u00f3n se debe entregar de manera presencial en los Centros de Atenci\u00f3n de la obra social a excepci\u00f3n de la Sede de la Ciudad de Rosario en la cual preferentemente se debe enviar por correo electr\u00f3nico a iaposafiliacionesrosario@santafe.gov.ar<\/span><\/li>\n<\/ol>\n<\/li>\n<\/ol>\n<p>&nbsp;<\/p>\n<p>Seg\u00fan la situaci\u00f3n de revista el afiliado puede gozar de la siguiente cobertura:<\/p>\n<p><b>Titulares<\/b><\/p>\n<ul>\n<li>Ingresantes con carencia de 90 d\u00edas de aportes, previos a la cobertura, excepto en los casos de afiliados con cambio de situaci\u00f3n de revista.<\/li>\n<li>Puede afiliar al grupo familiar a cargo.<\/li>\n<li>C\u00f3digo de descuento: 740-1<\/li>\n<\/ul>\n<p><b>Interinos<\/b><\/p>\n<ul>\n<li>Ingresantes con carencia de 90 d\u00edas de aportes, previos a la cobertura, excepto en los casos de afiliados con cambio de situaci\u00f3n de revista.<\/li>\n<li>Puede afiliar al grupo familiar a cargo.<\/li>\n<li>C\u00f3digo de descuento: 740-1<\/li>\n<li>Si el interinato concluye los docentes interinos (y su grupo familiar primario con antecedente afiliatorio) poseen 90 d\u00edas de gracia.<\/li>\n<\/ul>\n<p><b>Reemplazantes de larga duraci\u00f3n<\/b><\/p>\n<ul>\n<li>Sin carencia; es decir, desde el primer d\u00eda del reemplazo hasta el \u00faltimo d\u00eda del reemplazo.<\/li>\n<li>Deben afiliar a su grupo familiar primario cuando perciben el primer haber.<\/li>\n<li>C\u00f3digo de descuento: 740-1<\/li>\n<li>Pueden adherirse al Sistema Complementario de cobertura.<\/li>\n<li>Para continuar con la cobertura en el per\u00edodo de receso escolar sin haberes se debe consultar en el Ministerio o Regional por la firma del convenio pertinente.<\/li>\n<\/ul>\n<p><b>Reemplazante de corta duraci\u00f3n<\/b><\/p>\n<ul>\n<li>La cobertura abarca solamente al agente (docente o administrativo, no puede afiliar al grupo familiar primario)<\/li>\n<li>La cobertura abarca desde el primer d\u00eda de reemplazo hasta la finalizaci\u00f3n del mismo. No hay per\u00edodo de carencia.<\/li>\n<li>No pueden adherirse a los beneficios del Sistema Complementario<\/li>\n<li>C\u00f3digo de descuento: 740-5<\/li>\n<li>A los docentes reemplazantes de corta duraci\u00f3n no se le otorgar\u00e1 una credencial. Para tramitar su alta en la Obra Social, deber\u00e1 presentarse en la Oficina de Afiliaciones con la Certificaci\u00f3n del directivo del establecimiento o Regional del Ministerio, donde conste el per\u00edodo del reemplazo (con fecha de inicio y de finalizaci\u00f3n); n\u00famero de DNI; domicilio particular del agente y fecha de nacimiento.<\/li>\n<li>Para recibir las prestaciones del IAPOS deber\u00e1n presentar certificado de la Escuela o Regional de Ministerio donde conste per\u00edodo de reemplazo (con fecha de inicio y finalizaci\u00f3n).<\/li>\n<\/ul>\n<p>[\/cmsmasters_text][\/cmsmasters_column][\/cmsmasters_row]\n","protected":false},"excerpt":{"rendered":"<p>[cmsmasters_row data_padding_bottom=\u00bb70&#8243; data_padding_top=\u00bb70&#8243; data_bg_color=\u00bb#efefef\u00bb data_color=\u00bbdefault\u00bb data_bot_style=\u00bbdefault\u00bb data_top_style=\u00bbdefault\u00bb data_width=\u00bbboxed\u00bb data_shortcode_id=\u00bbf41225ba2a\u00bb][cmsmasters_column data_width=\u00bb1\/1&#8243;][cmsmasters_heading shortcode_id=\u00bbdf533e042d\u00bb type=\u00bbh1&#8243; font_size=\u00bb33&#8243; font_weight=\u00bbnormal\u00bb font_style=\u00bbnormal\u00bb text_align=\u00bbleft\u00bb color=\u00bb#09478d\u00bb margin_top=\u00bb0&#8243; margin_bottom=\u00bb15&#8243; animation=\u00bbfadeInLeft\u00bb animation_delay=\u00bb0&#8243;]AFILIADOS DOCENTES Y ASISTENTES ESCOLARES[\/cmsmasters_heading] [cmsmasters_divider shortcode_id=\u00bbb0dbcd478c\u00bb width=\u00bbshort\u00bb height=\u00bb1&#8243; style=\u00bbsolid\u00bb position=\u00bbleft\u00bb color=\u00bb#09478d\u00bb margin_top=\u00bb10&#8243; margin_bottom=\u00bb25&#8243; animation_delay=\u00bb0&#8243;] [cmsmasters_text shortcode_id=\u00bb801592a0a0&#8243; animation=\u00bbfadeInLeft\u00bb animation_delay=\u00bb0&#8243;] Los docentes de escuelas provinciales y los asistentes escolares tienen distintos grados de cobertura en el&#8230;<\/p>\n","protected":false},"author":3190,"featured_media":0,"parent":0,"menu_order":0,"comment_status":"closed","ping_status":"closed","template":"","meta":{"_acf_changed":false,"footnotes":""},"class_list":["post-15530","page","type-page","status-publish","hentry"],"acf":[],"_links":{"self":[{"href":"https:\/\/www.santafe.gob.ar\/ms\/iapos-old\/wp-json\/wp\/v2\/pages\/15530","targetHints":{"allow":["GET"]}}],"collection":[{"href":"https:\/\/www.santafe.gob.ar\/ms\/iapos-old\/wp-json\/wp\/v2\/pages"}],"about":[{"href":"https:\/\/www.santafe.gob.ar\/ms\/iapos-old\/wp-json\/wp\/v2\/types\/page"}],"author":[{"embeddable":true,"href":"https:\/\/www.santafe.gob.ar\/ms\/iapos-old\/wp-json\/wp\/v2\/users\/3190"}],"replies":[{"embeddable":true,"href":"https:\/\/www.santafe.gob.ar\/ms\/iapos-old\/wp-json\/wp\/v2\/comments?post=15530"}],"version-history":[{"count":6,"href":"https:\/\/www.santafe.gob.ar\/ms\/iapos-old\/wp-json\/wp\/v2\/pages\/15530\/revisions"}],"predecessor-version":[{"id":15890,"href":"https:\/\/www.santafe.gob.ar\/ms\/iapos-old\/wp-json\/wp\/v2\/pages\/15530\/revisions\/15890"}],"wp:attachment":[{"href":"https:\/\/www.santafe.gob.ar\/ms\/iapos-old\/wp-json\/wp\/v2\/media?parent=15530"}],"curies":[{"name":"wp","href":"https:\/\/api.w.org\/{rel}","templated":true}]}}