{"id":1281,"date":"2024-06-14T01:08:38","date_gmt":"2024-06-14T04:08:38","guid":{"rendered":"https:\/\/www.santafe.gob.ar\/ms\/impulsa\/?post_type=oferta-formativa&#038;p=1281"},"modified":"2024-07-11T10:42:02","modified_gmt":"2024-07-11T13:42:02","slug":"capacitacion-para-el-desarrollo-creativo-en-el-mundo-del-streaming","status":"publish","type":"oferta-formativa","link":"https:\/\/www.santafe.gob.ar\/ms\/impulsa\/oferta-formativa\/capacitacion-para-el-desarrollo-creativo-en-el-mundo-del-streaming\/","title":{"rendered":"Capacitaci\u00f3n para el desarrollo creativo en el mundo del streaming"},"content":{"rendered":"<p>El egresado del curso de streaming tendr\u00e1 un conocimiento de los principios t\u00e9cnicos relacionados con la transmisi\u00f3n de contenidos en vivo. Podr\u00e1 configurar y operar equipos de audio, video y redes para garantizar una transmisi\u00f3n de alta calidad. Estar\u00e1 capacitado para planificar, producir y dirigir transmisiones en vivo, incluida la gesti\u00f3n de c\u00e1maras, la mezcla de audio, la selecci\u00f3n de contenidos y la integraci\u00f3n de gr\u00e1ficos.<\/p>\n<p>Tambi\u00e9n, estar\u00e1 familiarizado con diferentes plataformas de transmisi\u00f3n en vivo y herramientas herramientas de software utilizadas para la producci\u00f3n y distribuci\u00f3n de contenidos en l\u00ednea. Ser\u00e1 capaz de de desarrollar estrategias para interactuar con la audiencia durante las transmisiones en vivo.<\/p>\n<p>&nbsp;<\/p>\n<p>(Inscripci\u00f3n cerrada)<\/p>\n","protected":false},"featured_media":1282,"menu_order":0,"template":"","meta":{"_acf_changed":false,"_et_pb_use_builder":"","_et_pb_old_content":"","_et_gb_content_width":""},"destacado":[],"localidad":[49],"matriz-productiva":[28],"class_list":["post-1281","oferta-formativa","type-oferta-formativa","status-publish","has-post-thumbnail","hentry","localidad-santa-fe","matriz-productiva-tecnologia-e-innovacion"],"acf":{"matriz_productiva":[28],"institucion_oferente":"Asociaci\u00f3n Mesas de Trabajo Solidaria - Gobierno de la provincia de Santa Fe","horas_catedra":"","horas_reloj":80,"modalidad":"Presencial","requisitos_de_ingreso":"Personas entre 18 y 40 a\u00f1os, con estudios primarios completos y residentes en la ciudad de Santa Fe","localidades_de_dictado":[49],"fecha_de_ingreso":"20240702","link_a_inscripcion":"","destacado":false},"_links":{"self":[{"href":"https:\/\/www.santafe.gob.ar\/ms\/impulsa\/wp-json\/wp\/v2\/oferta-formativa\/1281","targetHints":{"allow":["GET"]}}],"collection":[{"href":"https:\/\/www.santafe.gob.ar\/ms\/impulsa\/wp-json\/wp\/v2\/oferta-formativa"}],"about":[{"href":"https:\/\/www.santafe.gob.ar\/ms\/impulsa\/wp-json\/wp\/v2\/types\/oferta-formativa"}],"acf:term":[{"embeddable":true,"taxonomy":"localidad","href":"https:\/\/www.santafe.gob.ar\/ms\/impulsa\/wp-json\/wp\/v2\/localidad\/49"},{"embeddable":true,"taxonomy":"matriz-productiva","href":"https:\/\/www.santafe.gob.ar\/ms\/impulsa\/wp-json\/wp\/v2\/matriz-productiva\/28"}],"wp:featuredmedia":[{"embeddable":true,"href":"https:\/\/www.santafe.gob.ar\/ms\/impulsa\/wp-json\/wp\/v2\/media\/1282"}],"wp:attachment":[{"href":"https:\/\/www.santafe.gob.ar\/ms\/impulsa\/wp-json\/wp\/v2\/media?parent=1281"}],"wp:term":[{"taxonomy":"destacado","embeddable":true,"href":"https:\/\/www.santafe.gob.ar\/ms\/impulsa\/wp-json\/wp\/v2\/destacado?post=1281"},{"taxonomy":"localidad","embeddable":true,"href":"https:\/\/www.santafe.gob.ar\/ms\/impulsa\/wp-json\/wp\/v2\/localidad?post=1281"},{"taxonomy":"matriz-productiva","embeddable":true,"href":"https:\/\/www.santafe.gob.ar\/ms\/impulsa\/wp-json\/wp\/v2\/matriz-productiva?post=1281"}],"curies":[{"name":"wp","href":"https:\/\/api.w.org\/{rel}","templated":true}]}}

Capacitación para el desarrollo creativo en el mundo del streaming

<p>El egresado del curso de streaming tendrá un conocimiento de los principios técnicos relacionados con la transmisión de contenidos en vivo. Podrá configurar y operar equipos de audio, video y redes para garantizar una transmisión de alta calidad. Estará capacitado para planificar, producir y dirigir transmisiones en vivo, incluida la gestión de cámaras, la mezcla de audio, la selección de contenidos y la integración de gráficos.</p>
<p>También, estará familiarizado con diferentes plataformas de transmisión en vivo y herramientas herramientas de software utilizadas para la producción y distribución de contenidos en línea. Será capaz de de desarrollar estrategias para interactuar con la audiencia durante las transmisiones en vivo.</p>
<p>&nbsp;</p>
<p>(Inscripción cerrada)</p>

Asociación Mesas de Trabajo Solidaria - Gobierno de la provincia de Santa Fe

Personas entre 18 y 40 años, con estudios primarios completos y residentes en la ciudad de Santa Fe
