{"id":1290,"date":"2024-06-14T00:56:27","date_gmt":"2024-06-14T03:56:27","guid":{"rendered":"https:\/\/www.santafe.gob.ar\/ms\/impulsa\/?post_type=oferta-formativa&#038;p=1290"},"modified":"2024-07-11T10:38:51","modified_gmt":"2024-07-11T13:38:51","slug":"capacitacion-laboral-en-soldadura","status":"publish","type":"oferta-formativa","link":"https:\/\/www.santafe.gob.ar\/ms\/impulsa\/oferta-formativa\/capacitacion-laboral-en-soldadura\/","title":{"rendered":"Capacitaci\u00f3n laboral en soldadura"},"content":{"rendered":"<p>El egresado estar\u00e1 capacitado para trabajar en un l\u00ednea de ensamble, construcci\u00f3n y reparaci\u00f3n de maquinarias, estructuras y otros, realizando uniones y rellenado de metales por medio de un proceso de soldadura (MIG MAG, soldadura el\u00e9ctrica con electrodos revestidos, procesos TIG).<\/p>\n<p>&nbsp;<\/p>\n<p>(Inscripci\u00f3n cerrada)<\/p>\n","protected":false},"featured_media":1291,"menu_order":0,"template":"","meta":{"_acf_changed":false,"_et_pb_use_builder":"","_et_pb_old_content":"","_et_gb_content_width":""},"destacado":[],"localidad":[59],"matriz-productiva":[24],"class_list":["post-1290","oferta-formativa","type-oferta-formativa","status-publish","has-post-thumbnail","hentry","localidad-firmat","matriz-productiva-siderurgia-y-metalurgia"],"acf":{"matriz_productiva":[24],"institucion_oferente":"Municipalidad de Firmat - Gobierno de la provincia de Santa Fe","horas_catedra":"","horas_reloj":80,"modalidad":"Presencial","requisitos_de_ingreso":"lMayores de 18 a\u00f1os, con la excepci\u00f3n del ingreso de adolescentes de 16 a\u00f1os de edad en propuestas vinculadas curricular o institucionalmente al cursado de niveles educativos. Adultos desempleados, trabajadores ocupados que necesitan recalificarse.","localidades_de_dictado":[59],"fecha_de_ingreso":"20240610","link_a_inscripcion":"","destacado":false},"_links":{"self":[{"href":"https:\/\/www.santafe.gob.ar\/ms\/impulsa\/wp-json\/wp\/v2\/oferta-formativa\/1290","targetHints":{"allow":["GET"]}}],"collection":[{"href":"https:\/\/www.santafe.gob.ar\/ms\/impulsa\/wp-json\/wp\/v2\/oferta-formativa"}],"about":[{"href":"https:\/\/www.santafe.gob.ar\/ms\/impulsa\/wp-json\/wp\/v2\/types\/oferta-formativa"}],"acf:term":[{"embeddable":true,"taxonomy":"localidad","href":"https:\/\/www.santafe.gob.ar\/ms\/impulsa\/wp-json\/wp\/v2\/localidad\/59"},{"embeddable":true,"taxonomy":"matriz-productiva","href":"https:\/\/www.santafe.gob.ar\/ms\/impulsa\/wp-json\/wp\/v2\/matriz-productiva\/24"}],"wp:featuredmedia":[{"embeddable":true,"href":"https:\/\/www.santafe.gob.ar\/ms\/impulsa\/wp-json\/wp\/v2\/media\/1291"}],"wp:attachment":[{"href":"https:\/\/www.santafe.gob.ar\/ms\/impulsa\/wp-json\/wp\/v2\/media?parent=1290"}],"wp:term":[{"taxonomy":"destacado","embeddable":true,"href":"https:\/\/www.santafe.gob.ar\/ms\/impulsa\/wp-json\/wp\/v2\/destacado?post=1290"},{"taxonomy":"localidad","embeddable":true,"href":"https:\/\/www.santafe.gob.ar\/ms\/impulsa\/wp-json\/wp\/v2\/localidad?post=1290"},{"taxonomy":"matriz-productiva","embeddable":true,"href":"https:\/\/www.santafe.gob.ar\/ms\/impulsa\/wp-json\/wp\/v2\/matriz-productiva?post=1290"}],"curies":[{"name":"wp","href":"https:\/\/api.w.org\/{rel}","templated":true}]}}

Capacitación laboral en soldadura

<p>El egresado estará capacitado para trabajar en un línea de ensamble, construcción y reparación de maquinarias, estructuras y otros, realizando uniones y rellenado de metales por medio de un proceso de soldadura (MIG MAG, soldadura eléctrica con electrodos revestidos, procesos TIG).</p>
<p>&nbsp;</p>
<p>(Inscripción cerrada)</p>

lMayores de 18 años, con la excepción del ingreso de adolescentes de 16 años de edad en propuestas vinculadas curricular o institucionalmente al cursado de niveles educativos. Adultos desempleados, trabajadores ocupados que necesitan recalificarse.
