{"id":1564,"date":"2024-07-20T15:37:04","date_gmt":"2024-07-20T18:37:04","guid":{"rendered":"https:\/\/www.santafe.gob.ar\/ms\/impulsa\/?post_type=oferta-formativa&#038;p=1564"},"modified":"2024-08-09T13:07:28","modified_gmt":"2024-08-09T16:07:28","slug":"herramientas-de-fortalecimiento-para-el-emprendedurismo","status":"publish","type":"oferta-formativa","link":"https:\/\/www.santafe.gob.ar\/ms\/impulsa\/oferta-formativa\/herramientas-de-fortalecimiento-para-el-emprendedurismo\/","title":{"rendered":"Herramientas de fortalecimiento para el emprendedurismo"},"content":{"rendered":"<p>El egresado comprender\u00e1 aspectos vinculados a la autogesti\u00f3n de emprendimientos, formas jur\u00eddicas que pueden tomar los distintos emprendimientos, registros contables b\u00e1sicos, tr\u00e1mites para contribuci\u00f3n y tributos (API-DREI-AFIP), etc.<\/p>\n<p>(Inscripci\u00f3n cerrada)<\/p>\n<p>(224)<\/p>\n","protected":false},"featured_media":1565,"menu_order":0,"template":"","meta":{"_acf_changed":false,"_et_pb_use_builder":"","_et_pb_old_content":"","_et_gb_content_width":""},"destacado":[],"localidad":[115],"matriz-productiva":[28],"class_list":["post-1564","oferta-formativa","type-oferta-formativa","status-publish","has-post-thumbnail","hentry","localidad-presidente-roca","matriz-productiva-tecnologia-e-innovacion"],"acf":{"matriz_productiva":[28],"institucion_oferente":"Comuna de Presidente Roca - Gobierno de la provincia de Santa Fe","horas_catedra":"","horas_reloj":60,"modalidad":"Presencial","requisitos_de_ingreso":"Mayores de 18 a\u00f1os, que cuenten con primaria completa. Deber\u00e1n ser emprendedores y en lo posible disponer de un dispositivo port\u00e1til. ","localidades_de_dictado":[115],"fecha_de_ingreso":"20240801","link_a_inscripcion":"","destacado":false},"_links":{"self":[{"href":"https:\/\/www.santafe.gob.ar\/ms\/impulsa\/wp-json\/wp\/v2\/oferta-formativa\/1564","targetHints":{"allow":["GET"]}}],"collection":[{"href":"https:\/\/www.santafe.gob.ar\/ms\/impulsa\/wp-json\/wp\/v2\/oferta-formativa"}],"about":[{"href":"https:\/\/www.santafe.gob.ar\/ms\/impulsa\/wp-json\/wp\/v2\/types\/oferta-formativa"}],"acf:term":[{"embeddable":true,"taxonomy":"localidad","href":"https:\/\/www.santafe.gob.ar\/ms\/impulsa\/wp-json\/wp\/v2\/localidad\/115"},{"embeddable":true,"taxonomy":"matriz-productiva","href":"https:\/\/www.santafe.gob.ar\/ms\/impulsa\/wp-json\/wp\/v2\/matriz-productiva\/28"}],"wp:featuredmedia":[{"embeddable":true,"href":"https:\/\/www.santafe.gob.ar\/ms\/impulsa\/wp-json\/wp\/v2\/media\/1565"}],"wp:attachment":[{"href":"https:\/\/www.santafe.gob.ar\/ms\/impulsa\/wp-json\/wp\/v2\/media?parent=1564"}],"wp:term":[{"taxonomy":"destacado","embeddable":true,"href":"https:\/\/www.santafe.gob.ar\/ms\/impulsa\/wp-json\/wp\/v2\/destacado?post=1564"},{"taxonomy":"localidad","embeddable":true,"href":"https:\/\/www.santafe.gob.ar\/ms\/impulsa\/wp-json\/wp\/v2\/localidad?post=1564"},{"taxonomy":"matriz-productiva","embeddable":true,"href":"https:\/\/www.santafe.gob.ar\/ms\/impulsa\/wp-json\/wp\/v2\/matriz-productiva?post=1564"}],"curies":[{"name":"wp","href":"https:\/\/api.w.org\/{rel}","templated":true}]}}

<p>El egresado comprenderá aspectos vinculados a la autogestión de emprendimientos, formas jurídicas que pueden tomar los distintos emprendimientos, registros contables básicos, trámites para contribución y tributos (API-DREI-AFIP), etc.</p>
<p>(Inscripción cerrada)</p>
<p>(224)</p>

Mayores de 18 años, que cuenten con primaria completa. Deberán ser emprendedores y en lo posible disponer de un dispositivo portátil.
