{"id":1599,"date":"2024-07-24T16:01:33","date_gmt":"2024-07-24T19:01:33","guid":{"rendered":"https:\/\/www.santafe.gob.ar\/ms\/impulsa\/?post_type=oferta-formativa&#038;p=1599"},"modified":"2024-07-24T16:01:33","modified_gmt":"2024-07-24T19:01:33","slug":"roldan-emprende","status":"publish","type":"oferta-formativa","link":"https:\/\/www.santafe.gob.ar\/ms\/impulsa\/oferta-formativa\/roldan-emprende\/","title":{"rendered":"Rold\u00e1n Emprende"},"content":{"rendered":"<p>Al tomar un curso de herramientas b\u00e1sicas para emprendedores, un alumno adquiere una variedad de habilidades y competencias fundamentales para tener \u00e9xito en el mundo del emprendimiento. Estas habilidades incluyen:<\/p>\n<ul>\n<li>Desarrollo de habilidades de liderazgo y trabajo en equipo.<\/li>\n<li>Aplicaci\u00f3n del pensamiento cr\u00edtico y la resoluci\u00f3n de problemas en situaciones emprendedoras.<\/li>\n<li>Generaci\u00f3n de ideas innovadoras y creativas.<\/li>\n<li>Comunicaci\u00f3n efectiva de propuestas y proyectos emprendedores.<\/li>\n<li>Identificaci\u00f3n de oportunidades de negocio y evaluaci\u00f3n de su viabilidad.<\/li>\n<li>Desarrollo de habilidades de planificaci\u00f3n y organizaci\u00f3n.<\/li>\n<li>Aplicaci\u00f3n de conceptos financieros y de marketing en el desarrollo de un emprendimiento.<\/li>\n<li>Elaboraci\u00f3n de un plan de negocio.<\/li>\n<\/ul>\n<p>&nbsp;<\/p>\n<p>(252)<\/p>\n","protected":false},"featured_media":1600,"menu_order":0,"template":"","meta":{"_acf_changed":false,"_et_pb_use_builder":"","_et_pb_old_content":"","_et_gb_content_width":""},"destacado":[],"localidad":[19],"matriz-productiva":[28],"class_list":["post-1599","oferta-formativa","type-oferta-formativa","status-publish","has-post-thumbnail","hentry","localidad-toda-la-provincia-de-santa-fe","matriz-productiva-tecnologia-e-innovacion"],"acf":{"matriz_productiva":[28],"institucion_oferente":"Fundaci\u00f3n educativa para el empleo, la producci\u00f3n y la innovaci\u00f3n - Gobierno de la provincia de Santa Fe","horas_catedra":"","horas_reloj":20,"modalidad":"Virtual","requisitos_de_ingreso":"Ser mayor de 18 a\u00f1os y educaci\u00f3n secundaria completa.","localidades_de_dictado":[19],"fecha_de_ingreso":"20240805","link_a_inscripcion":"https:\/\/forms.gle\/P15S5uXjych51Fnu9","destacado":false},"_links":{"self":[{"href":"https:\/\/www.santafe.gob.ar\/ms\/impulsa\/wp-json\/wp\/v2\/oferta-formativa\/1599","targetHints":{"allow":["GET"]}}],"collection":[{"href":"https:\/\/www.santafe.gob.ar\/ms\/impulsa\/wp-json\/wp\/v2\/oferta-formativa"}],"about":[{"href":"https:\/\/www.santafe.gob.ar\/ms\/impulsa\/wp-json\/wp\/v2\/types\/oferta-formativa"}],"acf:term":[{"embeddable":true,"taxonomy":"localidad","href":"https:\/\/www.santafe.gob.ar\/ms\/impulsa\/wp-json\/wp\/v2\/localidad\/19"},{"embeddable":true,"taxonomy":"matriz-productiva","href":"https:\/\/www.santafe.gob.ar\/ms\/impulsa\/wp-json\/wp\/v2\/matriz-productiva\/28"}],"wp:featuredmedia":[{"embeddable":true,"href":"https:\/\/www.santafe.gob.ar\/ms\/impulsa\/wp-json\/wp\/v2\/media\/1600"}],"wp:attachment":[{"href":"https:\/\/www.santafe.gob.ar\/ms\/impulsa\/wp-json\/wp\/v2\/media?parent=1599"}],"wp:term":[{"taxonomy":"destacado","embeddable":true,"href":"https:\/\/www.santafe.gob.ar\/ms\/impulsa\/wp-json\/wp\/v2\/destacado?post=1599"},{"taxonomy":"localidad","embeddable":true,"href":"https:\/\/www.santafe.gob.ar\/ms\/impulsa\/wp-json\/wp\/v2\/localidad?post=1599"},{"taxonomy":"matriz-productiva","embeddable":true,"href":"https:\/\/www.santafe.gob.ar\/ms\/impulsa\/wp-json\/wp\/v2\/matriz-productiva?post=1599"}],"curies":[{"name":"wp","href":"https:\/\/api.w.org\/{rel}","templated":true}]}}

Roldán Emprende

<p>Al tomar un curso de herramientas básicas para emprendedores, un alumno adquiere una variedad de habilidades y competencias fundamentales para tener éxito en el mundo del emprendimiento. Estas habilidades incluyen:</p>
<ul>
<li>Desarrollo de habilidades de liderazgo y trabajo en equipo.</li>
<li>Aplicación del pensamiento crítico y la resolución de problemas en situaciones emprendedoras.</li>
<li>Generación de ideas innovadoras y creativas.</li>
<li>Comunicación efectiva de propuestas y proyectos emprendedores.</li>
<li>Identificación de oportunidades de negocio y evaluación de su viabilidad.</li>
<li>Desarrollo de habilidades de planificación y organización.</li>
<li>Aplicación de conceptos financieros y de marketing en el desarrollo de un emprendimiento.</li>
<li>Elaboración de un plan de negocio.</li>
</ul>
<p>&nbsp;</p>
<p>(252)</p>

Fundación educativa para el empleo, la producción y la innovación - Gobierno de la provincia de Santa Fe

Ser mayor de 18 años y educación secundaria completa.
