{"id":1668,"date":"2024-08-19T10:04:40","date_gmt":"2024-08-19T13:04:40","guid":{"rendered":"https:\/\/www.santafe.gob.ar\/ms\/impulsa\/?post_type=oferta-formativa&#038;p=1668"},"modified":"2026-08-11T13:41:16","modified_gmt":"2026-08-11T16:41:16","slug":"soldadura-integral","status":"publish","type":"oferta-formativa","link":"https:\/\/www.santafe.gob.ar\/ms\/impulsa\/oferta-formativa\/soldadura-integral\/","title":{"rendered":"SOLDADURA INTEGRAL"},"content":{"rendered":"<div style=\"background: #d32f2f;color: #ffffff;text-align: center;font-weight: bold;font-size: 18px;padding: 12px 0;letter-spacing: 0.5px\">\ud83d\udeab INSCRIPCIONES FINALIZADAS<\/div>\n<p><!-- FONDO MOSAICO --><\/p>\n<div style=\"position: absolute;top: 0;left: 0;right: 0;bottom: 0;background-image: url('https:\/\/www.santafe.gob.ar\/ms\/impulsa\/wp-content\/uploads\/sites\/67\/2026\/08\/FondoImpulsa.png');background-repeat: repeat;background-size: 120px auto;background-position: center;opacity: 0.1;z-index: 0\"><\/div>\n<hr \/>\n<div style=\"font-size: 15px;line-height: 1.6\">\ud83d\udcc5 <strong>Inicio: <span data-sheets-root=\"1\">0\/0\/2024<\/span><\/strong><br \/>\n\ud83c\udfc1 <strong>Finalizaci\u00f3n: <span data-sheets-root=\"1\">0\/0\/2024<\/span><\/strong><\/div>\n<hr \/>\n<div style=\"min-height: 320px\">\n<p><span data-sheets-root=\"1\">En esta formaci\u00f3n el alumno se desempe\u00f1ar\u00e1 en soldadura semiautom\u00e1tica y soldaduras con electrodos revestidos, uso de EPP, manejo de amoladoras, corte y amolado de ca\u00f1os, preparaci\u00f3n de biseles, fabricaci\u00f3n de probetas, conocimientos en distintos materiales base, normas AWS, y norma API, riesgo y protecci\u00f3n de la soldadura, calificaci\u00f3n del soldador y procedimientos de soldaduras.<\/span><\/p>\n<\/div>\n<hr \/>\n<div style=\"background: url('https:\/\/www.santafe.gob.ar\/ms\/impulsa\/wp-content\/uploads\/sites\/67\/2026\/08\/franja.png') center center \/ cover no-repeat;height: 52px;line-height: 52px;padding: 0 12px;font-weight: bold;color: #ffffff;font-size: 14px\">Proy: 7 &#8211; 257 &#8211; 24<\/div>\n","protected":false},"featured_media":1604,"menu_order":0,"template":"","meta":{"_acf_changed":false,"_et_pb_use_builder":"","_et_pb_old_content":"","_et_gb_content_width":""},"destacado":[],"localidad":[48],"matriz-productiva":[24],"class_list":["post-1668","oferta-formativa","type-oferta-formativa","status-publish","has-post-thumbnail","hentry","localidad-san-lorenzo","matriz-productiva-siderurgia-y-metalurgia"],"acf":{"matriz_productiva":[24],"institucion_oferente":"MUNICIPALIDAD DE SAN LORENZO \u2013 Gobierno de la provincia de Santa Fe \u2013","horas_catedra":"","horas_reloj":80,"modalidad":"Presencial","requisitos_de_ingreso":"Mayores de 16 a\u00f1os","localidades_de_dictado":[48],"fecha_de_ingreso":"20240826","link_a_inscripcion":"","destacado":false},"_links":{"self":[{"href":"https:\/\/www.santafe.gob.ar\/ms\/impulsa\/wp-json\/wp\/v2\/oferta-formativa\/1668","targetHints":{"allow":["GET"]}}],"collection":[{"href":"https:\/\/www.santafe.gob.ar\/ms\/impulsa\/wp-json\/wp\/v2\/oferta-formativa"}],"about":[{"href":"https:\/\/www.santafe.gob.ar\/ms\/impulsa\/wp-json\/wp\/v2\/types\/oferta-formativa"}],"acf:term":[{"embeddable":true,"taxonomy":"localidad","href":"https:\/\/www.santafe.gob.ar\/ms\/impulsa\/wp-json\/wp\/v2\/localidad\/48"},{"embeddable":true,"taxonomy":"matriz-productiva","href":"https:\/\/www.santafe.gob.ar\/ms\/impulsa\/wp-json\/wp\/v2\/matriz-productiva\/24"}],"wp:featuredmedia":[{"embeddable":true,"href":"https:\/\/www.santafe.gob.ar\/ms\/impulsa\/wp-json\/wp\/v2\/media\/1604"}],"wp:attachment":[{"href":"https:\/\/www.santafe.gob.ar\/ms\/impulsa\/wp-json\/wp\/v2\/media?parent=1668"}],"wp:term":[{"taxonomy":"destacado","embeddable":true,"href":"https:\/\/www.santafe.gob.ar\/ms\/impulsa\/wp-json\/wp\/v2\/destacado?post=1668"},{"taxonomy":"localidad","embeddable":true,"href":"https:\/\/www.santafe.gob.ar\/ms\/impulsa\/wp-json\/wp\/v2\/localidad?post=1668"},{"taxonomy":"matriz-productiva","embeddable":true,"href":"https:\/\/www.santafe.gob.ar\/ms\/impulsa\/wp-json\/wp\/v2\/matriz-productiva?post=1668"}],"curies":[{"name":"wp","href":"https:\/\/api.w.org\/{rel}","templated":true}]}}

<div style="background: #d32f2f;color: #ffffff;text-align: center;font-weight: bold;font-size: 18px;padding: 12px 0;letter-spacing: 0.5px">🚫 INSCRIPCIONES FINALIZADAS</div>
<p><!-- FONDO MOSAICO --></p>
<div style="position: absolute;top: 0;left: 0;right: 0;bottom: 0;background-image: url('https://www.santafe.gob.ar/ms/impulsa/wp-content/uploads/sites/67/2026/08/FondoImpulsa.png');background-repeat: repeat;background-size: 120px auto;background-position: center;opacity: 0.1;z-index: 0"></div>
<hr />
<div style="font-size: 15px;line-height: 1.6">📅 <strong>Inicio: <span data-sheets-root="1">0/0/2024</span></strong><br />
🏁 <strong>Finalización: <span data-sheets-root="1">0/0/2024</span></strong></div>
<hr />
<div style="min-height: 320px">
<p><span data-sheets-root="1">En esta formación el alumno se desempeñará en soldadura semiautomática y soldaduras con electrodos revestidos, uso de EPP, manejo de amoladoras, corte y amolado de caños, preparación de biseles, fabricación de probetas, conocimientos en distintos materiales base, normas AWS, y norma API, riesgo y protección de la soldadura, calificación del soldador y procedimientos de soldaduras.</span></p>
</div>
<hr />
<div style="background: url('https://www.santafe.gob.ar/ms/impulsa/wp-content/uploads/sites/67/2026/08/franja.png') center center / cover no-repeat;height: 52px;line-height: 52px;padding: 0 12px;font-weight: bold;color: #ffffff;font-size: 14px">Proy: 7 &#8211; 257 &#8211; 24</div>

Mayores de 16 años
