{"id":1671,"date":"2024-08-19T10:10:00","date_gmt":"2024-08-19T13:10:00","guid":{"rendered":"https:\/\/www.santafe.gob.ar\/ms\/impulsa\/?post_type=oferta-formativa&#038;p=1671"},"modified":"2024-08-20T10:23:59","modified_gmt":"2024-08-20T13:23:59","slug":"ayudante-de-panaderia-2","status":"publish","type":"oferta-formativa","link":"https:\/\/www.santafe.gob.ar\/ms\/impulsa\/oferta-formativa\/ayudante-de-panaderia-2\/","title":{"rendered":"AYUDANTE DE PANADERIA"},"content":{"rendered":"<table style=\"height: 55px\" width=\"671\">\n<tbody>\n<tr>\n<td style=\"width: 661px\">Proyecto N\u00ba 260 &#8211; Acta N\u00ba 7 &#8211; 2024<\/td>\n<\/tr>\n<\/tbody>\n<\/table>\n<table style=\"height: 82px\" width=\"1268\">\n<tbody>\n<tr style=\"height: 119px\">\n<td style=\"width: 1258px;height: 119px\">El egresado ser\u00e1 capaz de ayudar a pre\u00a0&#8211; elaborar\u00a0 preparar\u00a0 presentar y conservar toda clase de productos de la panader\u00eda\u00a0 aplicando las t\u00e9cnicas correspondientes\u00a0 consiguiendo la calidad y objetivos econ\u00f3micos establecidos y respetando las normas y pr\u00e1cticas de seguridad e higiene en la manipulaci\u00f3n de alimentos<\/td>\n<\/tr>\n<\/tbody>\n<\/table>\n","protected":false},"featured_media":1608,"menu_order":0,"template":"","meta":{"_acf_changed":false,"_et_pb_use_builder":"","_et_pb_old_content":"","_et_gb_content_width":""},"destacado":[],"localidad":[49],"matriz-productiva":[123],"class_list":["post-1671","oferta-formativa","type-oferta-formativa","status-publish","has-post-thumbnail","hentry","localidad-santa-fe","matriz-productiva-panaderos"],"acf":{"matriz_productiva":[123],"institucion_oferente":"ASOCIACI\u00d3N PARA LA PEQUE\u00d1A Y MEDIANA EMPRESA \u2013 Gobierno de la provincia de Santa Fe \u2013","horas_catedra":"","horas_reloj":109,"modalidad":"Presencial","requisitos_de_ingreso":"Mayores de 16 a\u00f1os, preferentemente con estudios primarios completos","localidades_de_dictado":[49],"fecha_de_ingreso":"20240821","link_a_inscripcion":"https:\/\/forms.gle\/xhe5Mi61QYy4eoqp9","destacado":false},"_links":{"self":[{"href":"https:\/\/www.santafe.gob.ar\/ms\/impulsa\/wp-json\/wp\/v2\/oferta-formativa\/1671","targetHints":{"allow":["GET"]}}],"collection":[{"href":"https:\/\/www.santafe.gob.ar\/ms\/impulsa\/wp-json\/wp\/v2\/oferta-formativa"}],"about":[{"href":"https:\/\/www.santafe.gob.ar\/ms\/impulsa\/wp-json\/wp\/v2\/types\/oferta-formativa"}],"acf:term":[{"embeddable":true,"taxonomy":"localidad","href":"https:\/\/www.santafe.gob.ar\/ms\/impulsa\/wp-json\/wp\/v2\/localidad\/49"},{"embeddable":true,"taxonomy":"matriz-productiva","href":"https:\/\/www.santafe.gob.ar\/ms\/impulsa\/wp-json\/wp\/v2\/matriz-productiva\/123"}],"wp:featuredmedia":[{"embeddable":true,"href":"https:\/\/www.santafe.gob.ar\/ms\/impulsa\/wp-json\/wp\/v2\/media\/1608"}],"wp:attachment":[{"href":"https:\/\/www.santafe.gob.ar\/ms\/impulsa\/wp-json\/wp\/v2\/media?parent=1671"}],"wp:term":[{"taxonomy":"destacado","embeddable":true,"href":"https:\/\/www.santafe.gob.ar\/ms\/impulsa\/wp-json\/wp\/v2\/destacado?post=1671"},{"taxonomy":"localidad","embeddable":true,"href":"https:\/\/www.santafe.gob.ar\/ms\/impulsa\/wp-json\/wp\/v2\/localidad?post=1671"},{"taxonomy":"matriz-productiva","embeddable":true,"href":"https:\/\/www.santafe.gob.ar\/ms\/impulsa\/wp-json\/wp\/v2\/matriz-productiva?post=1671"}],"curies":[{"name":"wp","href":"https:\/\/api.w.org\/{rel}","templated":true}]}}

<table style="height: 55px" width="671">
<tbody>
<tr>
<td style="width: 661px">Proyecto Nº 260 &#8211; Acta Nº 7 &#8211; 2024</td>
</tr>
</tbody>
</table>
<table style="height: 82px" width="1268">
<tbody>
<tr style="height: 119px">
<td style="width: 1258px;height: 119px">El egresado será capaz de ayudar a pre &#8211; elaborar  preparar  presentar y conservar toda clase de productos de la panadería  aplicando las técnicas correspondientes  consiguiendo la calidad y objetivos económicos establecidos y respetando las normas y prácticas de seguridad e higiene en la manipulación de alimentos</td>
</tr>
</tbody>
</table>

ASOCIACIÓN PARA LA PEQUEÑA Y MEDIANA EMPRESA – Gobierno de la provincia de Santa Fe –

Mayores de 16 años, preferentemente con estudios primarios completos
