{"id":1674,"date":"2024-08-19T10:23:03","date_gmt":"2024-08-19T13:23:03","guid":{"rendered":"https:\/\/www.santafe.gob.ar\/ms\/impulsa\/?post_type=oferta-formativa&#038;p=1674"},"modified":"2024-08-20T10:16:11","modified_gmt":"2024-08-20T13:16:11","slug":"ayudante-pastelero-2","status":"publish","type":"oferta-formativa","link":"https:\/\/www.santafe.gob.ar\/ms\/impulsa\/oferta-formativa\/ayudante-pastelero-2\/","title":{"rendered":"AYUDANTE PASTELERO"},"content":{"rendered":"<table style=\"height: 48px\" width=\"1111\">\n<tbody>\n<tr>\n<td style=\"width: 1101px\">Proyecto N\u00ba 265 &#8211; Acta N\u00ba 7 &#8211; 2024<\/td>\n<\/tr>\n<\/tbody>\n<\/table>\n<table style=\"height: 136px\" width=\"1343\">\n<tbody>\n<tr>\n<td style=\"width: 1333px\">El egresado estar\u00e1 capacitado para pre-elaborar\u00a0 preparar\u00a0 presentar y conservar toda clase de productos de la pasteler\u00eda\u00a0 aplicando las t\u00e9cnicas correspondientes\u00a0 consiguiendo la calidad y objetivos econ\u00f3micos\u00a0 respetando las normas y pr\u00e1cticas de seguridad e higiene en la manipulaci\u00f3n alimentaria. Tambi\u00e9n tiene una base de conocimientos en elaboraci\u00f3n de productos b\u00e1sicos de chocolater\u00eda\u00a0 panader\u00eda y helader\u00eda.<\/td>\n<\/tr>\n<\/tbody>\n<\/table>\n","protected":false},"featured_media":0,"menu_order":0,"template":"","meta":{"_acf_changed":false,"_et_pb_use_builder":"","_et_pb_old_content":"","_et_gb_content_width":""},"destacado":[],"localidad":[49],"matriz-productiva":[126],"class_list":["post-1674","oferta-formativa","type-oferta-formativa","status-publish","hentry","localidad-santa-fe","matriz-productiva-pasteleros-confiteros-y-pizzeros"],"acf":{"matriz_productiva":[126],"institucion_oferente":"ASOCIACI\u00d3N PARA LA PEQUE\u00d1A Y MEDIANA EMPRESA - Gobierno de la provincia de Santa Fe -","horas_catedra":"","horas_reloj":109,"modalidad":"Presencial","requisitos_de_ingreso":"Mayores de 16 a\u00f1os, preferentemente con estudios primarios completos","localidades_de_dictado":[49],"fecha_de_ingreso":"20240822","link_a_inscripcion":"https:\/\/forms.gle\/1QqHRvMZ4kaCJD2e8","destacado":false},"_links":{"self":[{"href":"https:\/\/www.santafe.gob.ar\/ms\/impulsa\/wp-json\/wp\/v2\/oferta-formativa\/1674","targetHints":{"allow":["GET"]}}],"collection":[{"href":"https:\/\/www.santafe.gob.ar\/ms\/impulsa\/wp-json\/wp\/v2\/oferta-formativa"}],"about":[{"href":"https:\/\/www.santafe.gob.ar\/ms\/impulsa\/wp-json\/wp\/v2\/types\/oferta-formativa"}],"acf:term":[{"embeddable":true,"taxonomy":"localidad","href":"https:\/\/www.santafe.gob.ar\/ms\/impulsa\/wp-json\/wp\/v2\/localidad\/49"},{"embeddable":true,"taxonomy":"matriz-productiva","href":"https:\/\/www.santafe.gob.ar\/ms\/impulsa\/wp-json\/wp\/v2\/matriz-productiva\/126"}],"wp:attachment":[{"href":"https:\/\/www.santafe.gob.ar\/ms\/impulsa\/wp-json\/wp\/v2\/media?parent=1674"}],"wp:term":[{"taxonomy":"destacado","embeddable":true,"href":"https:\/\/www.santafe.gob.ar\/ms\/impulsa\/wp-json\/wp\/v2\/destacado?post=1674"},{"taxonomy":"localidad","embeddable":true,"href":"https:\/\/www.santafe.gob.ar\/ms\/impulsa\/wp-json\/wp\/v2\/localidad?post=1674"},{"taxonomy":"matriz-productiva","embeddable":true,"href":"https:\/\/www.santafe.gob.ar\/ms\/impulsa\/wp-json\/wp\/v2\/matriz-productiva?post=1674"}],"curies":[{"name":"wp","href":"https:\/\/api.w.org\/{rel}","templated":true}]}}

<table style="height: 48px" width="1111">
<tbody>
<tr>
<td style="width: 1101px">Proyecto Nº 265 &#8211; Acta Nº 7 &#8211; 2024</td>
</tr>
</tbody>
</table>
<table style="height: 136px" width="1343">
<tbody>
<tr>
<td style="width: 1333px">El egresado estará capacitado para pre-elaborar  preparar  presentar y conservar toda clase de productos de la pastelería  aplicando las técnicas correspondientes  consiguiendo la calidad y objetivos económicos  respetando las normas y prácticas de seguridad e higiene en la manipulación alimentaria. También tiene una base de conocimientos en elaboración de productos básicos de chocolatería  panadería y heladería.</td>
</tr>
</tbody>
</table>

ASOCIACIÓN PARA LA PEQUEÑA Y MEDIANA EMPRESA - Gobierno de la provincia de Santa Fe -

Mayores de 16 años, preferentemente con estudios primarios completos
