{"id":1675,"date":"2024-08-19T10:25:58","date_gmt":"2024-08-19T13:25:58","guid":{"rendered":"https:\/\/www.santafe.gob.ar\/ms\/impulsa\/?post_type=oferta-formativa&#038;p=1675"},"modified":"2024-08-20T10:16:17","modified_gmt":"2024-08-20T13:16:17","slug":"elaboracion-de-pastas-y-salsas-2","status":"publish","type":"oferta-formativa","link":"https:\/\/www.santafe.gob.ar\/ms\/impulsa\/oferta-formativa\/elaboracion-de-pastas-y-salsas-2\/","title":{"rendered":"ELABORACI\u00d3N DE PASTAS Y SALSAS"},"content":{"rendered":"<table style=\"height: 83px\" width=\"1025\">\n<tbody>\n<tr>\n<td style=\"width: 1015px\">Proyecto N\u00ba 266 &#8211; Acta N\u00ba 7 &#8211; 2024<\/td>\n<\/tr>\n<\/tbody>\n<\/table>\n<table style=\"height: 97px\" width=\"1345\">\n<tbody>\n<tr>\n<td style=\"width: 1335px\">El egresado estar\u00e1 capacitado para elaborar\u00a0 preparar\u00a0 presentar y conservar toda clase de pastas y salsas\u00a0 aplicando las t\u00e9cnicas correspondientes consiguiendo calidad y respetando las normas y pr\u00e1cticas de seguridad e higiene en la manipulaci\u00f3n de alimento<\/td>\n<\/tr>\n<\/tbody>\n<\/table>\n","protected":false},"featured_media":739,"menu_order":0,"template":"","meta":{"_acf_changed":false,"_et_pb_use_builder":"","_et_pb_old_content":"","_et_gb_content_width":""},"destacado":[],"localidad":[49],"matriz-productiva":[123],"class_list":["post-1675","oferta-formativa","type-oferta-formativa","status-publish","has-post-thumbnail","hentry","localidad-santa-fe","matriz-productiva-panaderos"],"acf":{"matriz_productiva":[123],"institucion_oferente":"ASOCIACI\u00d3N PARA LA PEQUE\u00d1A Y MEDIANA EMPRESA - Gobierno de la provincia de Santa Fe -","horas_catedra":"","horas_reloj":109,"modalidad":"Presencial","requisitos_de_ingreso":"Mayores de 16 a\u00f1os, preferentemente con estudios primarios completos","localidades_de_dictado":[49],"fecha_de_ingreso":"20240820","link_a_inscripcion":"https:\/\/forms.gle\/b12xLwaTNcQU5CUP9","destacado":false},"_links":{"self":[{"href":"https:\/\/www.santafe.gob.ar\/ms\/impulsa\/wp-json\/wp\/v2\/oferta-formativa\/1675","targetHints":{"allow":["GET"]}}],"collection":[{"href":"https:\/\/www.santafe.gob.ar\/ms\/impulsa\/wp-json\/wp\/v2\/oferta-formativa"}],"about":[{"href":"https:\/\/www.santafe.gob.ar\/ms\/impulsa\/wp-json\/wp\/v2\/types\/oferta-formativa"}],"acf:term":[{"embeddable":true,"taxonomy":"localidad","href":"https:\/\/www.santafe.gob.ar\/ms\/impulsa\/wp-json\/wp\/v2\/localidad\/49"},{"embeddable":true,"taxonomy":"matriz-productiva","href":"https:\/\/www.santafe.gob.ar\/ms\/impulsa\/wp-json\/wp\/v2\/matriz-productiva\/123"}],"wp:featuredmedia":[{"embeddable":true,"href":"https:\/\/www.santafe.gob.ar\/ms\/impulsa\/wp-json\/wp\/v2\/media\/739"}],"wp:attachment":[{"href":"https:\/\/www.santafe.gob.ar\/ms\/impulsa\/wp-json\/wp\/v2\/media?parent=1675"}],"wp:term":[{"taxonomy":"destacado","embeddable":true,"href":"https:\/\/www.santafe.gob.ar\/ms\/impulsa\/wp-json\/wp\/v2\/destacado?post=1675"},{"taxonomy":"localidad","embeddable":true,"href":"https:\/\/www.santafe.gob.ar\/ms\/impulsa\/wp-json\/wp\/v2\/localidad?post=1675"},{"taxonomy":"matriz-productiva","embeddable":true,"href":"https:\/\/www.santafe.gob.ar\/ms\/impulsa\/wp-json\/wp\/v2\/matriz-productiva?post=1675"}],"curies":[{"name":"wp","href":"https:\/\/api.w.org\/{rel}","templated":true}]}}

ELABORACIÓN DE PASTAS Y SALSAS

<table style="height: 83px" width="1025">
<tbody>
<tr>
<td style="width: 1015px">Proyecto Nº 266 &#8211; Acta Nº 7 &#8211; 2024</td>
</tr>
</tbody>
</table>
<table style="height: 97px" width="1345">
<tbody>
<tr>
<td style="width: 1335px">El egresado estará capacitado para elaborar  preparar  presentar y conservar toda clase de pastas y salsas  aplicando las técnicas correspondientes consiguiendo calidad y respetando las normas y prácticas de seguridad e higiene en la manipulación de alimento</td>
</tr>
</tbody>
</table>

ASOCIACIÓN PARA LA PEQUEÑA Y MEDIANA EMPRESA - Gobierno de la provincia de Santa Fe -

Mayores de 16 años, preferentemente con estudios primarios completos
