{"id":1686,"date":"2024-08-19T11:17:49","date_gmt":"2024-08-19T14:17:49","guid":{"rendered":"https:\/\/www.santafe.gob.ar\/ms\/impulsa\/?post_type=oferta-formativa&#038;p=1686"},"modified":"2024-08-20T10:07:36","modified_gmt":"2024-08-20T13:07:36","slug":"auxiliar-de-panaderia","status":"publish","type":"oferta-formativa","link":"https:\/\/www.santafe.gob.ar\/ms\/impulsa\/oferta-formativa\/auxiliar-de-panaderia\/","title":{"rendered":"AUXILIAR DE PANADERIA"},"content":{"rendered":"<table style=\"height: 80px\" width=\"840\">\n<tbody>\n<tr>\n<td style=\"width: 830px\">Proyecto N\u00ba 276 &#8211; Acta N\u00ba 7 &#8211; 2024<\/td>\n<\/tr>\n<\/tbody>\n<\/table>\n<table style=\"height: 78px\" width=\"1268\">\n<tbody>\n<tr>\n<td style=\"width: 1258px\">El egresado estar\u00e1 capacitado para implementar distintos procesos de panificaci\u00f3n y conservaci\u00f3n de alimentos en lugares aptos y formales del rubro\u00a0 conociendo las normas de seguridad e higiene que regulan estos establecimientos<\/td>\n<\/tr>\n<\/tbody>\n<\/table>\n","protected":false},"featured_media":1608,"menu_order":0,"template":"","meta":{"_acf_changed":false,"_et_pb_use_builder":"","_et_pb_old_content":"","_et_gb_content_width":""},"destacado":[],"localidad":[49],"matriz-productiva":[123],"class_list":["post-1686","oferta-formativa","type-oferta-formativa","status-publish","has-post-thumbnail","hentry","localidad-santa-fe","matriz-productiva-panaderos"],"acf":{"matriz_productiva":[123],"institucion_oferente":"ASOCIACI\u00d3N CIVIL SANTA MARIA DE LA PROVIDENCIA - Gobierno de la provincia de Santa Fe -","horas_catedra":"","horas_reloj":90,"modalidad":"Presencial","requisitos_de_ingreso":"Mayores de 18 a\u00f1os con conocimientos de lecto escritura elemental y manejo de las cuatro operaciones matem\u00e1ticas b\u00e1sicas","localidades_de_dictado":[49],"fecha_de_ingreso":"20240820","link_a_inscripcion":"https:\/\/forms.gle\/q6o54BkkJ3wSCVbC6","destacado":false},"_links":{"self":[{"href":"https:\/\/www.santafe.gob.ar\/ms\/impulsa\/wp-json\/wp\/v2\/oferta-formativa\/1686","targetHints":{"allow":["GET"]}}],"collection":[{"href":"https:\/\/www.santafe.gob.ar\/ms\/impulsa\/wp-json\/wp\/v2\/oferta-formativa"}],"about":[{"href":"https:\/\/www.santafe.gob.ar\/ms\/impulsa\/wp-json\/wp\/v2\/types\/oferta-formativa"}],"acf:term":[{"embeddable":true,"taxonomy":"localidad","href":"https:\/\/www.santafe.gob.ar\/ms\/impulsa\/wp-json\/wp\/v2\/localidad\/49"},{"embeddable":true,"taxonomy":"matriz-productiva","href":"https:\/\/www.santafe.gob.ar\/ms\/impulsa\/wp-json\/wp\/v2\/matriz-productiva\/123"}],"wp:featuredmedia":[{"embeddable":true,"href":"https:\/\/www.santafe.gob.ar\/ms\/impulsa\/wp-json\/wp\/v2\/media\/1608"}],"wp:attachment":[{"href":"https:\/\/www.santafe.gob.ar\/ms\/impulsa\/wp-json\/wp\/v2\/media?parent=1686"}],"wp:term":[{"taxonomy":"destacado","embeddable":true,"href":"https:\/\/www.santafe.gob.ar\/ms\/impulsa\/wp-json\/wp\/v2\/destacado?post=1686"},{"taxonomy":"localidad","embeddable":true,"href":"https:\/\/www.santafe.gob.ar\/ms\/impulsa\/wp-json\/wp\/v2\/localidad?post=1686"},{"taxonomy":"matriz-productiva","embeddable":true,"href":"https:\/\/www.santafe.gob.ar\/ms\/impulsa\/wp-json\/wp\/v2\/matriz-productiva?post=1686"}],"curies":[{"name":"wp","href":"https:\/\/api.w.org\/{rel}","templated":true}]}}

<table style="height: 80px" width="840">
<tbody>
<tr>
<td style="width: 830px">Proyecto Nº 276 &#8211; Acta Nº 7 &#8211; 2024</td>
</tr>
</tbody>
</table>
<table style="height: 78px" width="1268">
<tbody>
<tr>
<td style="width: 1258px">El egresado estará capacitado para implementar distintos procesos de panificación y conservación de alimentos en lugares aptos y formales del rubro  conociendo las normas de seguridad e higiene que regulan estos establecimientos</td>
</tr>
</tbody>
</table>

ASOCIACIÓN CIVIL SANTA MARIA DE LA PROVIDENCIA - Gobierno de la provincia de Santa Fe -

Mayores de 18 años con conocimientos de lecto escritura elemental y manejo de las cuatro operaciones matemáticas básicas
