{"id":1784,"date":"2024-08-21T11:35:49","date_gmt":"2024-08-21T14:35:49","guid":{"rendered":"https:\/\/www.santafe.gob.ar\/ms\/impulsa\/?post_type=oferta-formativa&#038;p=1784"},"modified":"2024-08-21T11:55:24","modified_gmt":"2024-08-21T14:55:24","slug":"planeamiento-ejecucion-y-mantenimiento-de-areas-verdes-y-jardines","status":"publish","type":"oferta-formativa","link":"https:\/\/www.santafe.gob.ar\/ms\/impulsa\/oferta-formativa\/planeamiento-ejecucion-y-mantenimiento-de-areas-verdes-y-jardines\/","title":{"rendered":"PLANEAMIENTO, EJECUCI\u00d3N Y MANTENIMIENTO DE \u00c1REAS VERDES Y JARDINES"},"content":{"rendered":"<table style=\"height: 59px\" width=\"730\">\n<tbody>\n<tr>\n<td style=\"font-weight: 400;width: 720px\">Proyecto N\u00ba 325 &#8211; Acta N\u00ba 7 &#8211; 2024<\/td>\n<\/tr>\n<\/tbody>\n<\/table>\n<table style=\"height: 66px\" width=\"1393\">\n<tbody>\n<tr>\n<td style=\"font-weight: 400;width: 1383px\">Emplear con sentido cr\u00edtico t\u00e9cnicas y herramientas destinadas a tareas de planeamiento, ejecuci\u00f3n y mantenimiento de \u00e1reas verdes. Manipular herramientas espec\u00edficas. Colaborar en el cultivo y transplante de especies vegetales de uso paisaj\u00edstico.<\/td>\n<\/tr>\n<\/tbody>\n<\/table>\n","protected":false},"featured_media":1606,"menu_order":0,"template":"","meta":{"_acf_changed":false,"_et_pb_use_builder":"","_et_pb_old_content":"","_et_gb_content_width":""},"destacado":[],"localidad":[74],"matriz-productiva":[],"class_list":["post-1784","oferta-formativa","type-oferta-formativa","status-publish","has-post-thumbnail","hentry","localidad-san-jeronimo-sud"],"acf":{"matriz_productiva":false,"institucion_oferente":"COMUNA DE SAN JERONIMO - Gobierno de la provincia de Santa Fe -","horas_catedra":"","horas_reloj":80,"modalidad":"Presencial","requisitos_de_ingreso":"Personas mayores de 17 a\u00f1os, residente de la localidad, secundario completo o en tr\u00e1nsito","localidades_de_dictado":[74],"fecha_de_ingreso":"20240901","link_a_inscripcion":"https:\/\/forms.gle\/CGfGzoWbLNsEcFfU7","destacado":false},"_links":{"self":[{"href":"https:\/\/www.santafe.gob.ar\/ms\/impulsa\/wp-json\/wp\/v2\/oferta-formativa\/1784","targetHints":{"allow":["GET"]}}],"collection":[{"href":"https:\/\/www.santafe.gob.ar\/ms\/impulsa\/wp-json\/wp\/v2\/oferta-formativa"}],"about":[{"href":"https:\/\/www.santafe.gob.ar\/ms\/impulsa\/wp-json\/wp\/v2\/types\/oferta-formativa"}],"acf:term":[{"embeddable":true,"taxonomy":"localidad","href":"https:\/\/www.santafe.gob.ar\/ms\/impulsa\/wp-json\/wp\/v2\/localidad\/74"}],"wp:featuredmedia":[{"embeddable":true,"href":"https:\/\/www.santafe.gob.ar\/ms\/impulsa\/wp-json\/wp\/v2\/media\/1606"}],"wp:attachment":[{"href":"https:\/\/www.santafe.gob.ar\/ms\/impulsa\/wp-json\/wp\/v2\/media?parent=1784"}],"wp:term":[{"taxonomy":"destacado","embeddable":true,"href":"https:\/\/www.santafe.gob.ar\/ms\/impulsa\/wp-json\/wp\/v2\/destacado?post=1784"},{"taxonomy":"localidad","embeddable":true,"href":"https:\/\/www.santafe.gob.ar\/ms\/impulsa\/wp-json\/wp\/v2\/localidad?post=1784"},{"taxonomy":"matriz-productiva","embeddable":true,"href":"https:\/\/www.santafe.gob.ar\/ms\/impulsa\/wp-json\/wp\/v2\/matriz-productiva?post=1784"}],"curies":[{"name":"wp","href":"https:\/\/api.w.org\/{rel}","templated":true}]}}

PLANEAMIENTO, EJECUCIÓN Y MANTENIMIENTO DE ÁREAS VERDES Y JARDINES

<table style="height: 59px" width="730">
<tbody>
<tr>
<td style="font-weight: 400;width: 720px">Proyecto Nº 325 &#8211; Acta Nº 7 &#8211; 2024</td>
</tr>
</tbody>
</table>
<table style="height: 66px" width="1393">
<tbody>
<tr>
<td style="font-weight: 400;width: 1383px">Emplear con sentido crítico técnicas y herramientas destinadas a tareas de planeamiento, ejecución y mantenimiento de áreas verdes. Manipular herramientas específicas. Colaborar en el cultivo y transplante de especies vegetales de uso paisajístico.</td>
</tr>
</tbody>
</table>

Personas mayores de 17 años, residente de la localidad, secundario completo o en tránsito
