{"id":1786,"date":"2024-08-21T11:55:13","date_gmt":"2024-08-21T14:55:13","guid":{"rendered":"https:\/\/www.santafe.gob.ar\/ms\/impulsa\/?post_type=oferta-formativa&#038;p=1786"},"modified":"2024-08-21T11:55:13","modified_gmt":"2024-08-21T14:55:13","slug":"auxiliar-en-gestion-de-emprendiemientos","status":"publish","type":"oferta-formativa","link":"https:\/\/www.santafe.gob.ar\/ms\/impulsa\/oferta-formativa\/auxiliar-en-gestion-de-emprendiemientos\/","title":{"rendered":"AUXILIAR EN GESTI\u00d3N DE EMPRENDIEMIENTOS"},"content":{"rendered":"<table style=\"height: 54px\" width=\"702\">\n<tbody>\n<tr>\n<td style=\"font-weight: 400;width: 692px\">Proyecto N\u00ba 327 &#8211; Acta N\u00ba 7 &#8211; 2024<\/td>\n<\/tr>\n<\/tbody>\n<\/table>\n<table style=\"height: 123px\" width=\"1528\">\n<tbody>\n<tr>\n<td style=\"font-weight: 400;width: 1518px\">Los conocimientos adquiridos en el curso permiten al egresado, adquirir competencias para el an\u00e1lisis de una idea de negocios, dise\u00f1ar y seleccionar productos entendiendo el proceso de formaci\u00f3n de precios, an\u00e1lisis de costos y presupuestaci\u00f3n y aplicaci\u00f3n de recursos. Adicionalmente, incorporar\u00e1 herramientas propias del sistema financiero que le permitir\u00e1n seleccionar medios de cobros y pagos, analizar diferentes instrumentos de inversi\u00f3n y evaluar cu\u00e1les de ellos se ajustan mejor para un proyecto econ\u00f3mico. Por su parte, adem\u00e1s, se pondr\u00e1n en juego habilidades de comunicaci\u00f3n y comercializaci\u00f3n a trav\u00e9s del uso de plataformas; captar potenciales clientes y establecer v\u00ednculos con ellos y otras audiencias en entornos digitales; colaborar en el dise\u00f1o de los planes de desarrollo de marcas, estudio de mercados y medici\u00f3n de impacto de estrategias de venta; anticipar las tendencias y generar contenidos espec\u00edficos para redes sociales; y podr\u00e1 asistir en el armado de tiendas virtuales, potenciando el proceso de fidelizaci\u00f3n de marcas y aportando su mirada en la construcci\u00f3n de la identidad digital.<\/td>\n<\/tr>\n<\/tbody>\n<\/table>\n","protected":false},"featured_media":1794,"menu_order":0,"template":"","meta":{"_acf_changed":false,"_et_pb_use_builder":"","_et_pb_old_content":"","_et_gb_content_width":""},"destacado":[],"localidad":[74],"matriz-productiva":[],"class_list":["post-1786","oferta-formativa","type-oferta-formativa","status-publish","has-post-thumbnail","hentry","localidad-san-jeronimo-sud"],"acf":{"matriz_productiva":false,"institucion_oferente":"COMUNA DE SAN JERONIMO - Gobierno de la provincia de Santa Fe -","horas_catedra":"","horas_reloj":84,"modalidad":"Presencial","requisitos_de_ingreso":"Personas mayores de 18 a\u00f1os, con formaci\u00f3n b\u00e1sica completa y con acceso a conexi\u00f3n a internet y dispositivo (Ipad, PC, Notebook)","localidades_de_dictado":[74],"fecha_de_ingreso":"20240901","link_a_inscripcion":"https:\/\/forms.gle\/srbQ6dwkBVkRbTwq8","destacado":false},"_links":{"self":[{"href":"https:\/\/www.santafe.gob.ar\/ms\/impulsa\/wp-json\/wp\/v2\/oferta-formativa\/1786","targetHints":{"allow":["GET"]}}],"collection":[{"href":"https:\/\/www.santafe.gob.ar\/ms\/impulsa\/wp-json\/wp\/v2\/oferta-formativa"}],"about":[{"href":"https:\/\/www.santafe.gob.ar\/ms\/impulsa\/wp-json\/wp\/v2\/types\/oferta-formativa"}],"acf:term":[{"embeddable":true,"taxonomy":"localidad","href":"https:\/\/www.santafe.gob.ar\/ms\/impulsa\/wp-json\/wp\/v2\/localidad\/74"}],"wp:featuredmedia":[{"embeddable":true,"href":"https:\/\/www.santafe.gob.ar\/ms\/impulsa\/wp-json\/wp\/v2\/media\/1794"}],"wp:attachment":[{"href":"https:\/\/www.santafe.gob.ar\/ms\/impulsa\/wp-json\/wp\/v2\/media?parent=1786"}],"wp:term":[{"taxonomy":"destacado","embeddable":true,"href":"https:\/\/www.santafe.gob.ar\/ms\/impulsa\/wp-json\/wp\/v2\/destacado?post=1786"},{"taxonomy":"localidad","embeddable":true,"href":"https:\/\/www.santafe.gob.ar\/ms\/impulsa\/wp-json\/wp\/v2\/localidad?post=1786"},{"taxonomy":"matriz-productiva","embeddable":true,"href":"https:\/\/www.santafe.gob.ar\/ms\/impulsa\/wp-json\/wp\/v2\/matriz-productiva?post=1786"}],"curies":[{"name":"wp","href":"https:\/\/api.w.org\/{rel}","templated":true}]}}

AUXILIAR EN GESTIÓN DE EMPRENDIEMIENTOS

<table style="height: 54px" width="702">
<tbody>
<tr>
<td style="font-weight: 400;width: 692px">Proyecto Nº 327 &#8211; Acta Nº 7 &#8211; 2024</td>
</tr>
</tbody>
</table>
<table style="height: 123px" width="1528">
<tbody>
<tr>
<td style="font-weight: 400;width: 1518px">Los conocimientos adquiridos en el curso permiten al egresado, adquirir competencias para el análisis de una idea de negocios, diseñar y seleccionar productos entendiendo el proceso de formación de precios, análisis de costos y presupuestación y aplicación de recursos. Adicionalmente, incorporará herramientas propias del sistema financiero que le permitirán seleccionar medios de cobros y pagos, analizar diferentes instrumentos de inversión y evaluar cuáles de ellos se ajustan mejor para un proyecto económico. Por su parte, además, se pondrán en juego habilidades de comunicación y comercialización a través del uso de plataformas; captar potenciales clientes y establecer vínculos con ellos y otras audiencias en entornos digitales; colaborar en el diseño de los planes de desarrollo de marcas, estudio de mercados y medición de impacto de estrategias de venta; anticipar las tendencias y generar contenidos específicos para redes sociales; y podrá asistir en el armado de tiendas virtuales, potenciando el proceso de fidelización de marcas y aportando su mirada en la construcción de la identidad digital.</td>
</tr>
</tbody>
</table>

Personas mayores de 18 años, con formación básica completa y con acceso a conexión a internet y dispositivo (Ipad, PC, Notebook)
