{"id":1976,"date":"2024-09-17T15:17:56","date_gmt":"2024-09-17T18:17:56","guid":{"rendered":"https:\/\/www.santafe.gob.ar\/ms\/impulsa\/?post_type=oferta-formativa&#038;p=1976"},"modified":"2024-09-23T17:23:22","modified_gmt":"2024-09-23T20:23:22","slug":"herramientas-digitales-basicas","status":"publish","type":"oferta-formativa","link":"https:\/\/www.santafe.gob.ar\/ms\/impulsa\/oferta-formativa\/herramientas-digitales-basicas\/","title":{"rendered":"HERRAMIENTAS DIGITALES B\u00c1SICAS"},"content":{"rendered":"<p>Las herramientas que se abordan en la capacitaci\u00f3n son:<\/p>\n<ul>\n<li><strong>Navegadores de Internet<\/strong><\/li>\n<li><strong>Mail<\/strong><\/li>\n<li><strong>Calendar<\/strong><\/li>\n<li><strong>Drive<\/strong><\/li>\n<li><strong>Meet<\/strong><\/li>\n<li><strong>Procesador de texto, planillas de c\u00e1lculo, presentaciones.<\/strong><\/li>\n<li><strong>Formularios<\/strong><\/li>\n<li><strong>Edici\u00f3n gr\u00e1fica<\/strong><\/li>\n<li><strong>Medios de pago virtual<\/strong><\/li>\n<\/ul>\n<p>&nbsp;<\/p>\n<p>La capacitaci\u00f3n tiene como objetivos que los alumnos puedan:<\/p>\n<ul>\n<li>Desarrollar conocimientos fundamentales para el entendimiento de las herramientas digitales b\u00e1sicas actuales.<\/li>\n<li>Aplicar nuevas tecnolog\u00edas en el ejercicio laboral.<\/li>\n<li>Manejar herramientas digitales, gratuitas y de f\u00e1cil accesibilidad desde su tel\u00e9fono o computadora.<\/li>\n<li>Identificar las propias barreras tecnol\u00f3gicas y conocer las herramientas digitales y nuevas tecnolog\u00edas.<\/li>\n<li>Utilizar herramientas digitales y aumentar las competencias laborales diarias.<\/li>\n<li>Mejorar el desempe\u00f1o profesional y social.<\/li>\n<\/ul>\n<p>&nbsp;<\/p>\n<p>La propuesta arrancar\u00e1 el 25 de septiembre. Se cursar\u00e1 los mi\u00e9rcoles de 9 a 12 hs., en el Instituto Superior N\u00b0 12 \u00abGast\u00f3n Gori\u00bb, ubicado en 9 de Julio 1756 de la ciudad de Santa Fe.<\/p>\n<p>El curso requiere inscripci\u00f3n previa, dado que los cupos son limitados.<\/p>\n","protected":false},"featured_media":1977,"menu_order":0,"template":"","meta":{"_acf_changed":false,"_et_pb_use_builder":"","_et_pb_old_content":"","_et_gb_content_width":""},"destacado":[],"localidad":[49],"matriz-productiva":[28],"class_list":["post-1976","oferta-formativa","type-oferta-formativa","status-publish","has-post-thumbnail","hentry","localidad-santa-fe","matriz-productiva-tecnologia-e-innovacion"],"acf":{"matriz_productiva":[28],"institucion_oferente":"Ministerio de Educaci\u00f3n de la provincia de Santa Fe","horas_catedra":"","horas_reloj":30,"modalidad":"Presencial","requisitos_de_ingreso":"Mayores de 18 a\u00f1os. Llevar celular.","localidades_de_dictado":[49],"fecha_de_ingreso":"20240925","link_a_inscripcion":"https:\/\/docs.google.com\/forms\/d\/e\/1FAIpQLSet_iabBZy1hjoyqe6StUub43nqc8osSlCBFyq0Loc6PuTxbA\/viewform","destacado":false},"_links":{"self":[{"href":"https:\/\/www.santafe.gob.ar\/ms\/impulsa\/wp-json\/wp\/v2\/oferta-formativa\/1976","targetHints":{"allow":["GET"]}}],"collection":[{"href":"https:\/\/www.santafe.gob.ar\/ms\/impulsa\/wp-json\/wp\/v2\/oferta-formativa"}],"about":[{"href":"https:\/\/www.santafe.gob.ar\/ms\/impulsa\/wp-json\/wp\/v2\/types\/oferta-formativa"}],"acf:term":[{"embeddable":true,"taxonomy":"localidad","href":"https:\/\/www.santafe.gob.ar\/ms\/impulsa\/wp-json\/wp\/v2\/localidad\/49"},{"embeddable":true,"taxonomy":"matriz-productiva","href":"https:\/\/www.santafe.gob.ar\/ms\/impulsa\/wp-json\/wp\/v2\/matriz-productiva\/28"}],"wp:featuredmedia":[{"embeddable":true,"href":"https:\/\/www.santafe.gob.ar\/ms\/impulsa\/wp-json\/wp\/v2\/media\/1977"}],"wp:attachment":[{"href":"https:\/\/www.santafe.gob.ar\/ms\/impulsa\/wp-json\/wp\/v2\/media?parent=1976"}],"wp:term":[{"taxonomy":"destacado","embeddable":true,"href":"https:\/\/www.santafe.gob.ar\/ms\/impulsa\/wp-json\/wp\/v2\/destacado?post=1976"},{"taxonomy":"localidad","embeddable":true,"href":"https:\/\/www.santafe.gob.ar\/ms\/impulsa\/wp-json\/wp\/v2\/localidad?post=1976"},{"taxonomy":"matriz-productiva","embeddable":true,"href":"https:\/\/www.santafe.gob.ar\/ms\/impulsa\/wp-json\/wp\/v2\/matriz-productiva?post=1976"}],"curies":[{"name":"wp","href":"https:\/\/api.w.org\/{rel}","templated":true}]}}

HERRAMIENTAS DIGITALES BÁSICAS

<p>Las herramientas que se abordan en la capacitación son:</p>
<ul>
<li><strong>Navegadores de Internet</strong></li>
<li><strong>Mail</strong></li>
<li><strong>Calendar</strong></li>
<li><strong>Drive</strong></li>
<li><strong>Meet</strong></li>
<li><strong>Procesador de texto, planillas de cálculo, presentaciones.</strong></li>
<li><strong>Formularios</strong></li>
<li><strong>Edición gráfica</strong></li>
<li><strong>Medios de pago virtual</strong></li>
</ul>
<p>&nbsp;</p>
<p>La capacitación tiene como objetivos que los alumnos puedan:</p>
<ul>
<li>Desarrollar conocimientos fundamentales para el entendimiento de las herramientas digitales básicas actuales.</li>
<li>Aplicar nuevas tecnologías en el ejercicio laboral.</li>
<li>Manejar herramientas digitales, gratuitas y de fácil accesibilidad desde su teléfono o computadora.</li>
<li>Identificar las propias barreras tecnológicas y conocer las herramientas digitales y nuevas tecnologías.</li>
<li>Utilizar herramientas digitales y aumentar las competencias laborales diarias.</li>
<li>Mejorar el desempeño profesional y social.</li>
</ul>
<p>&nbsp;</p>
<p>La propuesta arrancará el 25 de septiembre. Se cursará los miércoles de 9 a 12 hs., en el Instituto Superior N° 12 «Gastón Gori», ubicado en 9 de Julio 1756 de la ciudad de Santa Fe.</p>
<p>El curso requiere inscripción previa, dado que los cupos son limitados.</p>

Ministerio de Educación de la provincia de Santa Fe

Mayores de 18 años. Llevar celular.
