{"id":2012,"date":"2024-09-18T12:23:21","date_gmt":"2024-09-18T15:23:21","guid":{"rendered":"https:\/\/www.santafe.gob.ar\/ms\/impulsa\/?post_type=oferta-formativa&#038;p=2012"},"modified":"2024-09-18T12:23:21","modified_gmt":"2024-09-18T15:23:21","slug":"operador-apicola-2","status":"publish","type":"oferta-formativa","link":"https:\/\/www.santafe.gob.ar\/ms\/impulsa\/oferta-formativa\/operador-apicola-2\/","title":{"rendered":"OPERADOR AP\u00cdCOLA"},"content":{"rendered":"<p>PROYECTO N\u00ba 447 &#8211; ACTA 9 &#8211; 2024<\/p>\n<p>Los egresados podr\u00e1n estar a cargo de su propio emprendimiento productivo, colaborar con productores ap\u00edcolas, prestar servicios en salas de extracci\u00f3n de miel y cera.<\/p>\n","protected":false},"featured_media":1070,"menu_order":0,"template":"","meta":{"_acf_changed":false,"_et_pb_use_builder":"","_et_pb_old_content":"","_et_gb_content_width":""},"destacado":[],"localidad":[59],"matriz-productiva":[10],"class_list":["post-2012","oferta-formativa","type-oferta-formativa","status-publish","has-post-thumbnail","hentry","localidad-firmat","matriz-productiva-agricultura-y-ganaderia"],"acf":{"matriz_productiva":[10],"institucion_oferente":"MUNICIPALIDAD DE FIRMAT - Gobierno de la Provincia de Santa Fe","horas_catedra":"","horas_reloj":60,"modalidad":"Bimodal","requisitos_de_ingreso":"18 a\u00f1os con secundario completo","localidades_de_dictado":[59],"fecha_de_ingreso":"20241004","link_a_inscripcion":"https:\/\/forms.gle\/rBjegbPqeFVoh8tJ8","destacado":false},"_links":{"self":[{"href":"https:\/\/www.santafe.gob.ar\/ms\/impulsa\/wp-json\/wp\/v2\/oferta-formativa\/2012","targetHints":{"allow":["GET"]}}],"collection":[{"href":"https:\/\/www.santafe.gob.ar\/ms\/impulsa\/wp-json\/wp\/v2\/oferta-formativa"}],"about":[{"href":"https:\/\/www.santafe.gob.ar\/ms\/impulsa\/wp-json\/wp\/v2\/types\/oferta-formativa"}],"acf:term":[{"embeddable":true,"taxonomy":"localidad","href":"https:\/\/www.santafe.gob.ar\/ms\/impulsa\/wp-json\/wp\/v2\/localidad\/59"},{"embeddable":true,"taxonomy":"matriz-productiva","href":"https:\/\/www.santafe.gob.ar\/ms\/impulsa\/wp-json\/wp\/v2\/matriz-productiva\/10"}],"wp:featuredmedia":[{"embeddable":true,"href":"https:\/\/www.santafe.gob.ar\/ms\/impulsa\/wp-json\/wp\/v2\/media\/1070"}],"wp:attachment":[{"href":"https:\/\/www.santafe.gob.ar\/ms\/impulsa\/wp-json\/wp\/v2\/media?parent=2012"}],"wp:term":[{"taxonomy":"destacado","embeddable":true,"href":"https:\/\/www.santafe.gob.ar\/ms\/impulsa\/wp-json\/wp\/v2\/destacado?post=2012"},{"taxonomy":"localidad","embeddable":true,"href":"https:\/\/www.santafe.gob.ar\/ms\/impulsa\/wp-json\/wp\/v2\/localidad?post=2012"},{"taxonomy":"matriz-productiva","embeddable":true,"href":"https:\/\/www.santafe.gob.ar\/ms\/impulsa\/wp-json\/wp\/v2\/matriz-productiva?post=2012"}],"curies":[{"name":"wp","href":"https:\/\/api.w.org\/{rel}","templated":true}]}}

OPERADOR APÍCOLA

<p>PROYECTO Nº 447 &#8211; ACTA 9 &#8211; 2024</p>
<p>Los egresados podrán estar a cargo de su propio emprendimiento productivo, colaborar con productores apícolas, prestar servicios en salas de extracción de miel y cera.</p>

18 años con secundario completo
