{"id":2019,"date":"2024-09-19T07:11:09","date_gmt":"2024-09-19T10:11:09","guid":{"rendered":"https:\/\/www.santafe.gob.ar\/ms\/impulsa\/?post_type=oferta-formativa&#038;p=2019"},"modified":"2024-09-19T07:11:09","modified_gmt":"2024-09-19T10:11:09","slug":"capacitacion-para-camarera-o-de-piso-2","status":"publish","type":"oferta-formativa","link":"https:\/\/www.santafe.gob.ar\/ms\/impulsa\/oferta-formativa\/capacitacion-para-camarera-o-de-piso-2\/","title":{"rendered":"CAPACITACION PARA CAMARERA\/O DE PISO"},"content":{"rendered":"<p>PROYECTO N\u00ba 465 &#8211; ACTA 9 &#8211; 2024<\/p>\n<p>El perfil que va a desarrollar en el marco de esta funci\u00f3n profesional de Mucama de piso; es la limpieza de habitaciones, ba\u00f1os, \u00e1reas publicas, salones y dem\u00e1s dependencias, mantenimiento preparado y ordenado sus elementos en el lugar de trabajo, as\u00ed como tambi\u00e9n interpelar las demandas delos estamentos jer\u00e1rquicos, teniendo en cuenta los criterios de seguridad el impacto ambiental y las relaciones humanas, calidad y productividad.<\/p>\n","protected":false},"featured_media":1902,"menu_order":0,"template":"","meta":{"_acf_changed":false,"_et_pb_use_builder":"","_et_pb_old_content":"","_et_gb_content_width":""},"destacado":[],"localidad":[49],"matriz-productiva":[127,26],"class_list":["post-2019","oferta-formativa","type-oferta-formativa","status-publish","has-post-thumbnail","hentry","localidad-santa-fe","matriz-productiva-gastronomia","matriz-productiva-turismo"],"acf":{"matriz_productiva":[26,127],"institucion_oferente":"CENTRO DE FORMACION PROFESIONAL UTHGRA SECCIONAL SANTA FE - Gobierno de la Provincia de Santa Fe -","horas_catedra":"","horas_reloj":80,"modalidad":"Presencial","requisitos_de_ingreso":"Mayores de 16 a\u00f1os con estudios primarios completos.","localidades_de_dictado":[49],"fecha_de_ingreso":"20240930","link_a_inscripcion":"https:\/\/forms.gle\/XLP4aQSKCxBb6S8L7","destacado":false},"_links":{"self":[{"href":"https:\/\/www.santafe.gob.ar\/ms\/impulsa\/wp-json\/wp\/v2\/oferta-formativa\/2019","targetHints":{"allow":["GET"]}}],"collection":[{"href":"https:\/\/www.santafe.gob.ar\/ms\/impulsa\/wp-json\/wp\/v2\/oferta-formativa"}],"about":[{"href":"https:\/\/www.santafe.gob.ar\/ms\/impulsa\/wp-json\/wp\/v2\/types\/oferta-formativa"}],"acf:term":[{"embeddable":true,"taxonomy":"localidad","href":"https:\/\/www.santafe.gob.ar\/ms\/impulsa\/wp-json\/wp\/v2\/localidad\/49"},{"embeddable":true,"taxonomy":"matriz-productiva","href":"https:\/\/www.santafe.gob.ar\/ms\/impulsa\/wp-json\/wp\/v2\/matriz-productiva\/127"},{"embeddable":true,"taxonomy":"matriz-productiva","href":"https:\/\/www.santafe.gob.ar\/ms\/impulsa\/wp-json\/wp\/v2\/matriz-productiva\/26"}],"wp:featuredmedia":[{"embeddable":true,"href":"https:\/\/www.santafe.gob.ar\/ms\/impulsa\/wp-json\/wp\/v2\/media\/1902"}],"wp:attachment":[{"href":"https:\/\/www.santafe.gob.ar\/ms\/impulsa\/wp-json\/wp\/v2\/media?parent=2019"}],"wp:term":[{"taxonomy":"destacado","embeddable":true,"href":"https:\/\/www.santafe.gob.ar\/ms\/impulsa\/wp-json\/wp\/v2\/destacado?post=2019"},{"taxonomy":"localidad","embeddable":true,"href":"https:\/\/www.santafe.gob.ar\/ms\/impulsa\/wp-json\/wp\/v2\/localidad?post=2019"},{"taxonomy":"matriz-productiva","embeddable":true,"href":"https:\/\/www.santafe.gob.ar\/ms\/impulsa\/wp-json\/wp\/v2\/matriz-productiva?post=2019"}],"curies":[{"name":"wp","href":"https:\/\/api.w.org\/{rel}","templated":true}]}}

<p>PROYECTO Nº 465 &#8211; ACTA 9 &#8211; 2024</p>
<p>El perfil que va a desarrollar en el marco de esta función profesional de Mucama de piso; es la limpieza de habitaciones, baños, áreas publicas, salones y demás dependencias, mantenimiento preparado y ordenado sus elementos en el lugar de trabajo, así como también interpelar las demandas delos estamentos jerárquicos, teniendo en cuenta los criterios de seguridad el impacto ambiental y las relaciones humanas, calidad y productividad.</p>

Mayores de 16 años con estudios primarios completos.
