{"id":2036,"date":"2024-09-20T08:26:30","date_gmt":"2024-09-20T11:26:30","guid":{"rendered":"https:\/\/www.santafe.gob.ar\/ms\/impulsa\/?post_type=oferta-formativa&#038;p=2036"},"modified":"2024-09-20T08:26:30","modified_gmt":"2024-09-20T11:26:30","slug":"formacion-en-diseno-y-confeccion-de-indumentaria-de-ropa-de-trabajo","status":"publish","type":"oferta-formativa","link":"https:\/\/www.santafe.gob.ar\/ms\/impulsa\/oferta-formativa\/formacion-en-diseno-y-confeccion-de-indumentaria-de-ropa-de-trabajo\/","title":{"rendered":"FORMACION EN DISE\u00d1O Y CONFECCI\u00d3N DE INDUMENTARIA DE ROPA DE TRABAJO"},"content":{"rendered":"<p>PROYECTO N\u00ba 383 &#8211; ACTA 9 &#8211; 2024<\/p>\n<table style=\"width: 873px\" width=\"273\">\n<tbody>\n<tr>\n<td style=\"width: 863px\">El egresado podr\u00e1 desempe\u00f1ar de forma competente operaciones b\u00e1sicas de<br \/>\ndise\u00f1o, elaboraci\u00f3n de moldes, arreglos varios y confecci\u00f3n de prendas,<br \/>\nutilizando m\u00e1quinas de coser en forma aut\u00f3noma.<\/td>\n<\/tr>\n<\/tbody>\n<\/table>\n","protected":false},"featured_media":1908,"menu_order":0,"template":"","meta":{"_acf_changed":false,"_et_pb_use_builder":"","_et_pb_old_content":"","_et_gb_content_width":""},"destacado":[],"localidad":[34],"matriz-productiva":[103],"class_list":["post-2036","oferta-formativa","type-oferta-formativa","status-publish","has-post-thumbnail","hentry","localidad-galvez","matriz-productiva-industria"],"acf":{"matriz_productiva":[103],"institucion_oferente":"MUNICIPALIDAD DE GALVEZ - Gobierno de la Provincia de Santa Fe - ","horas_catedra":"","horas_reloj":40,"modalidad":"Presencial","requisitos_de_ingreso":"Mayores de 16 a\u00f1os con estudios primarios completos.","localidades_de_dictado":[34],"fecha_de_ingreso":"20241001","link_a_inscripcion":"https:\/\/forms.gle\/WVwZ5j1gSqcs5GhT8","destacado":false},"_links":{"self":[{"href":"https:\/\/www.santafe.gob.ar\/ms\/impulsa\/wp-json\/wp\/v2\/oferta-formativa\/2036","targetHints":{"allow":["GET"]}}],"collection":[{"href":"https:\/\/www.santafe.gob.ar\/ms\/impulsa\/wp-json\/wp\/v2\/oferta-formativa"}],"about":[{"href":"https:\/\/www.santafe.gob.ar\/ms\/impulsa\/wp-json\/wp\/v2\/types\/oferta-formativa"}],"acf:term":[{"embeddable":true,"taxonomy":"localidad","href":"https:\/\/www.santafe.gob.ar\/ms\/impulsa\/wp-json\/wp\/v2\/localidad\/34"},{"embeddable":true,"taxonomy":"matriz-productiva","href":"https:\/\/www.santafe.gob.ar\/ms\/impulsa\/wp-json\/wp\/v2\/matriz-productiva\/103"}],"wp:featuredmedia":[{"embeddable":true,"href":"https:\/\/www.santafe.gob.ar\/ms\/impulsa\/wp-json\/wp\/v2\/media\/1908"}],"wp:attachment":[{"href":"https:\/\/www.santafe.gob.ar\/ms\/impulsa\/wp-json\/wp\/v2\/media?parent=2036"}],"wp:term":[{"taxonomy":"destacado","embeddable":true,"href":"https:\/\/www.santafe.gob.ar\/ms\/impulsa\/wp-json\/wp\/v2\/destacado?post=2036"},{"taxonomy":"localidad","embeddable":true,"href":"https:\/\/www.santafe.gob.ar\/ms\/impulsa\/wp-json\/wp\/v2\/localidad?post=2036"},{"taxonomy":"matriz-productiva","embeddable":true,"href":"https:\/\/www.santafe.gob.ar\/ms\/impulsa\/wp-json\/wp\/v2\/matriz-productiva?post=2036"}],"curies":[{"name":"wp","href":"https:\/\/api.w.org\/{rel}","templated":true}]}}

FORMACION EN DISEÑO Y CONFECCIÓN DE INDUMENTARIA DE ROPA DE TRABAJO

<p>PROYECTO Nº 383 &#8211; ACTA 9 &#8211; 2024</p>
<table style="width: 873px" width="273">
<tbody>
<tr>
<td style="width: 863px">El egresado podrá desempeñar de forma competente operaciones básicas de<br />
diseño, elaboración de moldes, arreglos varios y confección de prendas,<br />
utilizando máquinas de coser en forma autónoma.</td>
</tr>
</tbody>
</table>

Mayores de 16 años con estudios primarios completos.
