{"id":2066,"date":"2024-09-23T09:19:25","date_gmt":"2024-09-23T12:19:25","guid":{"rendered":"https:\/\/www.santafe.gob.ar\/ms\/impulsa\/?post_type=oferta-formativa&#038;p=2066"},"modified":"2024-09-23T09:19:25","modified_gmt":"2024-09-23T12:19:25","slug":"atencion-al-cliente-para-vender-mas","status":"publish","type":"oferta-formativa","link":"https:\/\/www.santafe.gob.ar\/ms\/impulsa\/oferta-formativa\/atencion-al-cliente-para-vender-mas\/","title":{"rendered":"ATENCION AL CLIENTE PARA VENDER MAS"},"content":{"rendered":"<p>PROYECTO N\u00ba 228 &#8211; ACTA 9 &#8211; 2024<\/p>\n<p>Al finalizar las unidades, la persona estar\u00e1 capacitada para manejar<br \/>\nsignificativamente la atenci\u00f3n al cliente, incrementando las ventas a trav\u00e9s de<br \/>\nun buen servicio de calidad.<\/p>\n","protected":false},"featured_media":1981,"menu_order":0,"template":"","meta":{"_acf_changed":false,"_et_pb_use_builder":"","_et_pb_old_content":"","_et_gb_content_width":""},"destacado":[],"localidad":[49],"matriz-productiva":[30],"class_list":["post-2066","oferta-formativa","type-oferta-formativa","status-publish","has-post-thumbnail","hentry","localidad-santa-fe","matriz-productiva-comercio-y-servicios"],"acf":{"matriz_productiva":[30],"institucion_oferente":"A. M. MICRO, PEQUE\u00d1A Y MEDIANA - Gobierno de la Provincia de Santa Fe -","horas_catedra":"","horas_reloj":100,"modalidad":"Virtual","requisitos_de_ingreso":"\"Emprendedores j\u00f3venes de 18 a 35 a\u00f1os, que tengan conocimientos precio de actividades de proyectos autogestionados. Individuos que est\u00e9n comprometidos en generar impacto social y ambiental positivo.\"","localidades_de_dictado":[49],"fecha_de_ingreso":"20240924","link_a_inscripcion":"https:\/\/forms.gle\/PnN5u7nrN6Ruerxz6","destacado":false},"_links":{"self":[{"href":"https:\/\/www.santafe.gob.ar\/ms\/impulsa\/wp-json\/wp\/v2\/oferta-formativa\/2066","targetHints":{"allow":["GET"]}}],"collection":[{"href":"https:\/\/www.santafe.gob.ar\/ms\/impulsa\/wp-json\/wp\/v2\/oferta-formativa"}],"about":[{"href":"https:\/\/www.santafe.gob.ar\/ms\/impulsa\/wp-json\/wp\/v2\/types\/oferta-formativa"}],"acf:term":[{"embeddable":true,"taxonomy":"localidad","href":"https:\/\/www.santafe.gob.ar\/ms\/impulsa\/wp-json\/wp\/v2\/localidad\/49"},{"embeddable":true,"taxonomy":"matriz-productiva","href":"https:\/\/www.santafe.gob.ar\/ms\/impulsa\/wp-json\/wp\/v2\/matriz-productiva\/30"}],"wp:featuredmedia":[{"embeddable":true,"href":"https:\/\/www.santafe.gob.ar\/ms\/impulsa\/wp-json\/wp\/v2\/media\/1981"}],"wp:attachment":[{"href":"https:\/\/www.santafe.gob.ar\/ms\/impulsa\/wp-json\/wp\/v2\/media?parent=2066"}],"wp:term":[{"taxonomy":"destacado","embeddable":true,"href":"https:\/\/www.santafe.gob.ar\/ms\/impulsa\/wp-json\/wp\/v2\/destacado?post=2066"},{"taxonomy":"localidad","embeddable":true,"href":"https:\/\/www.santafe.gob.ar\/ms\/impulsa\/wp-json\/wp\/v2\/localidad?post=2066"},{"taxonomy":"matriz-productiva","embeddable":true,"href":"https:\/\/www.santafe.gob.ar\/ms\/impulsa\/wp-json\/wp\/v2\/matriz-productiva?post=2066"}],"curies":[{"name":"wp","href":"https:\/\/api.w.org\/{rel}","templated":true}]}}

<p>PROYECTO Nº 228 &#8211; ACTA 9 &#8211; 2024</p>
<p>Al finalizar las unidades, la persona estará capacitada para manejar<br />
significativamente la atención al cliente, incrementando las ventas a través de<br />
un buen servicio de calidad.</p>

A. M. MICRO, PEQUEÑA Y MEDIANA - Gobierno de la Provincia de Santa Fe -

"Emprendedores jóvenes de 18 a 35 años, que tengan conocimientos precio de actividades de proyectos autogestionados. Individuos que estén comprometidos en generar impacto social y ambiental positivo."
