{"id":2100,"date":"2024-09-24T10:23:30","date_gmt":"2024-09-24T13:23:30","guid":{"rendered":"https:\/\/www.santafe.gob.ar\/ms\/impulsa\/?post_type=oferta-formativa&#038;p=2100"},"modified":"2024-09-24T10:23:30","modified_gmt":"2024-09-24T13:23:30","slug":"integracion-de-energias-renovables-en-la-arquitectura-sustentable","status":"publish","type":"oferta-formativa","link":"https:\/\/www.santafe.gob.ar\/ms\/impulsa\/oferta-formativa\/integracion-de-energias-renovables-en-la-arquitectura-sustentable\/","title":{"rendered":"INTEGRACI\u00d3N DE ENERG\u00cdAS RENOVABLES EN LA ARQUITECTURA SUSTENTABLE"},"content":{"rendered":"<p>Proyecto N\u00ba 490 &#8211; Acta 10 &#8211; 2024<\/p>\n<p>Los egresados adquirir\u00e1n conocimientos de energ\u00edas renovables, su necesidad e importancia de implementaci\u00f3n en el marco de la estrategia de transici\u00f3n energ\u00e9tica de la Provincia de Santa Fe<\/p>\n","protected":false},"featured_media":1311,"menu_order":0,"template":"","meta":{"_acf_changed":false,"_et_pb_use_builder":"","_et_pb_old_content":"","_et_gb_content_width":""},"destacado":[],"localidad":[49],"matriz-productiva":[28],"class_list":["post-2100","oferta-formativa","type-oferta-formativa","status-publish","has-post-thumbnail","hentry","localidad-santa-fe","matriz-productiva-tecnologia-e-innovacion"],"acf":{"matriz_productiva":[28],"institucion_oferente":"UNIVERSIDAD CATOLICA DE SANTA FE - Gobierno de la Provincia de Santa Fe - ","horas_catedra":"","horas_reloj":70,"modalidad":"Bimodal","requisitos_de_ingreso":"Profesionales de ingenier\u00eda civil, arquitectos y estudiantes de carreras a fin","localidades_de_dictado":[49],"fecha_de_ingreso":"20241009","link_a_inscripcion":"https:\/\/forms.gle\/CieguiFYgGKX4vpC9","destacado":false},"_links":{"self":[{"href":"https:\/\/www.santafe.gob.ar\/ms\/impulsa\/wp-json\/wp\/v2\/oferta-formativa\/2100","targetHints":{"allow":["GET"]}}],"collection":[{"href":"https:\/\/www.santafe.gob.ar\/ms\/impulsa\/wp-json\/wp\/v2\/oferta-formativa"}],"about":[{"href":"https:\/\/www.santafe.gob.ar\/ms\/impulsa\/wp-json\/wp\/v2\/types\/oferta-formativa"}],"acf:term":[{"embeddable":true,"taxonomy":"localidad","href":"https:\/\/www.santafe.gob.ar\/ms\/impulsa\/wp-json\/wp\/v2\/localidad\/49"},{"embeddable":true,"taxonomy":"matriz-productiva","href":"https:\/\/www.santafe.gob.ar\/ms\/impulsa\/wp-json\/wp\/v2\/matriz-productiva\/28"}],"wp:featuredmedia":[{"embeddable":true,"href":"https:\/\/www.santafe.gob.ar\/ms\/impulsa\/wp-json\/wp\/v2\/media\/1311"}],"wp:attachment":[{"href":"https:\/\/www.santafe.gob.ar\/ms\/impulsa\/wp-json\/wp\/v2\/media?parent=2100"}],"wp:term":[{"taxonomy":"destacado","embeddable":true,"href":"https:\/\/www.santafe.gob.ar\/ms\/impulsa\/wp-json\/wp\/v2\/destacado?post=2100"},{"taxonomy":"localidad","embeddable":true,"href":"https:\/\/www.santafe.gob.ar\/ms\/impulsa\/wp-json\/wp\/v2\/localidad?post=2100"},{"taxonomy":"matriz-productiva","embeddable":true,"href":"https:\/\/www.santafe.gob.ar\/ms\/impulsa\/wp-json\/wp\/v2\/matriz-productiva?post=2100"}],"curies":[{"name":"wp","href":"https:\/\/api.w.org\/{rel}","templated":true}]}}

INTEGRACIÓN DE ENERGÍAS RENOVABLES EN LA ARQUITECTURA SUSTENTABLE

<p>Proyecto Nº 490 &#8211; Acta 10 &#8211; 2024</p>
<p>Los egresados adquirirán conocimientos de energías renovables, su necesidad e importancia de implementación en el marco de la estrategia de transición energética de la Provincia de Santa Fe</p>

Profesionales de ingeniería civil, arquitectos y estudiantes de carreras a fin
