{"id":2186,"date":"2024-11-02T16:40:03","date_gmt":"2024-11-02T19:40:03","guid":{"rendered":"https:\/\/www.santafe.gob.ar\/ms\/impulsa\/?post_type=oferta-formativa&#038;p=2186"},"modified":"2024-11-02T16:40:46","modified_gmt":"2024-11-02T19:40:46","slug":"oferta-de-formacion-profesional-san-cristobal-departamento-san-cristobal","status":"publish","type":"oferta-formativa","link":"https:\/\/www.santafe.gob.ar\/ms\/impulsa\/oferta-formativa\/oferta-de-formacion-profesional-san-cristobal-departamento-san-cristobal\/","title":{"rendered":"Oferta de formaci\u00f3n profesional &#8211; San Crist\u00f3bal &#8211; Departamento San Crist\u00f3bal"},"content":{"rendered":"<p><strong>Escuela de Educaci\u00f3n T\u00e9cnico Profesional N.\u00ba 474<\/strong><br \/>\nDirecci\u00f3n: Hip\u00f3lito Irigoyen 1140<br \/>\nTel: 03408-422059<br \/>\nE-mail: sec474_sancristobal @santafe.edu.ar<br \/>\nCapacitate en:<br \/>\n\u2022 Instalaciones de Gas<\/p>\n<p>&nbsp;<\/p>\n<p><strong>Centro de Capacitaci\u00f3n Laboral N.\u00ba 2<\/strong><br \/>\nEscuela Primaria Nocturna N.\u00ba 14<br \/>\nDirecci\u00f3n: San Lorenzo 931<br \/>\nTel: 03408-424757<br \/>\nE-mail: cecla 2_sancristobal @santafe.edu.ar<br \/>\nCapacitate en:<br \/>\n\u2022 Producciones Artesanales<\/p>\n<p>&nbsp;<\/p>\n<p><strong>Escuela de Educaci\u00f3n T\u00e9cnico Profesional N.\u00ba 339<\/strong><br \/>\nDirecci\u00f3n: Ruta Provincial N\u00ba 13 enlace Ruta N\u00ba 4<br \/>\nTel: 03408-426014<br \/>\nE-mail: sec339_sancristobal @santafe.edu.ar<br \/>\nCapacitate en:<br \/>\n\u2022 Capacitaciones en Ingl\u00e9s<br \/>\n\u2022 Inform\u00e1tica \/ Administraci\u00f3n \/ Gesti\u00f3n<br \/>\n\u2022 CAD \/ Dise\u00f1o Asistido por Computadora<br \/>\n\u2022 Redes Sociales y Marketing Online<br \/>\n\u2022 Gastronom\u00eda<br \/>\n\u2022 Carpinter\u00eda de Madera<br \/>\n\u2022 Instalaciones El\u00e9ctricas Domiciliarias<br \/>\n\u2022 Est\u00e9tica Capilar<br \/>\n\u2022 Confecci\u00f3n Textil<br \/>\n\u2022 Fotograf\u00eda<br \/>\n\u2022 Gesti\u00f3n de Proyectos \/ Emprendimientos<br \/>\n\u2022 Elaboraci\u00f3n de Derivados L\u00e1cteos \/ Quesos<br \/>\n\u2022 Elaboraci\u00f3n Artesanal de Dulces y Conservas<br \/>\n\u2022 Soldadura<br \/>\n\u2022 Producci\u00f3n de Hidroponias<\/p>\n","protected":false},"featured_media":0,"menu_order":0,"template":"","meta":{"_acf_changed":false,"_et_pb_use_builder":"","_et_pb_old_content":"","_et_gb_content_width":""},"destacado":[],"localidad":[154],"matriz-productiva":[],"class_list":["post-2186","oferta-formativa","type-oferta-formativa","status-publish","hentry","localidad-san-cristobal"],"acf":{"matriz_productiva":false,"institucion_oferente":"Ministerio de Educaci\u00f3n de la provincia de Santa Fe","horas_catedra":"","horas_reloj":"","modalidad":"Presencial","requisitos_de_ingreso":"","localidades_de_dictado":[154],"fecha_de_ingreso":null,"link_a_inscripcion":"","destacado":false},"_links":{"self":[{"href":"https:\/\/www.santafe.gob.ar\/ms\/impulsa\/wp-json\/wp\/v2\/oferta-formativa\/2186","targetHints":{"allow":["GET"]}}],"collection":[{"href":"https:\/\/www.santafe.gob.ar\/ms\/impulsa\/wp-json\/wp\/v2\/oferta-formativa"}],"about":[{"href":"https:\/\/www.santafe.gob.ar\/ms\/impulsa\/wp-json\/wp\/v2\/types\/oferta-formativa"}],"acf:term":[{"embeddable":true,"taxonomy":"localidad","href":"https:\/\/www.santafe.gob.ar\/ms\/impulsa\/wp-json\/wp\/v2\/localidad\/154"}],"wp:attachment":[{"href":"https:\/\/www.santafe.gob.ar\/ms\/impulsa\/wp-json\/wp\/v2\/media?parent=2186"}],"wp:term":[{"taxonomy":"destacado","embeddable":true,"href":"https:\/\/www.santafe.gob.ar\/ms\/impulsa\/wp-json\/wp\/v2\/destacado?post=2186"},{"taxonomy":"localidad","embeddable":true,"href":"https:\/\/www.santafe.gob.ar\/ms\/impulsa\/wp-json\/wp\/v2\/localidad?post=2186"},{"taxonomy":"matriz-productiva","embeddable":true,"href":"https:\/\/www.santafe.gob.ar\/ms\/impulsa\/wp-json\/wp\/v2\/matriz-productiva?post=2186"}],"curies":[{"name":"wp","href":"https:\/\/api.w.org\/{rel}","templated":true}]}}

Oferta de formación profesional &#8211; San Cristóbal &#8211; Departamento San Cristóbal

<p><strong>Escuela de Educación Técnico Profesional N.º 474</strong><br />
Dirección: Hipólito Irigoyen 1140<br />
Tel: 03408-422059<br />
E-mail: sec474_sancristobal @santafe.edu.ar<br />
Capacitate en:<br />
• Instalaciones de Gas</p>
<p>&nbsp;</p>
<p><strong>Centro de Capacitación Laboral N.º 2</strong><br />
Escuela Primaria Nocturna N.º 14<br />
Dirección: San Lorenzo 931<br />
Tel: 03408-424757<br />
E-mail: cecla 2_sancristobal @santafe.edu.ar<br />
Capacitate en:<br />
• Producciones Artesanales</p>
<p>&nbsp;</p>
<p><strong>Escuela de Educación Técnico Profesional N.º 339</strong><br />
Dirección: Ruta Provincial Nº 13 enlace Ruta Nº 4<br />
Tel: 03408-426014<br />
E-mail: sec339_sancristobal @santafe.edu.ar<br />
Capacitate en:<br />
• Capacitaciones en Inglés<br />
• Informática / Administración / Gestión<br />
• CAD / Diseño Asistido por Computadora<br />
• Redes Sociales y Marketing Online<br />
• Gastronomía<br />
• Carpintería de Madera<br />
• Instalaciones Eléctricas Domiciliarias<br />
• Estética Capilar<br />
• Confección Textil<br />
• Fotografía<br />
• Gestión de Proyectos / Emprendimientos<br />
• Elaboración de Derivados Lácteos / Quesos<br />
• Elaboración Artesanal de Dulces y Conservas<br />
• Soldadura<br />
• Producción de Hidroponias</p>

Ministerio de Educación de la provincia de Santa Fe
