{"id":2214,"date":"2024-11-06T07:49:45","date_gmt":"2024-11-06T10:49:45","guid":{"rendered":"https:\/\/www.santafe.gob.ar\/ms\/impulsa\/?post_type=oferta-formativa&#038;p=2214"},"modified":"2024-11-06T07:49:45","modified_gmt":"2024-11-06T10:49:45","slug":"oferta-de-formacion-profesional-canada-de-gomez-departamento-iriondo","status":"publish","type":"oferta-formativa","link":"https:\/\/www.santafe.gob.ar\/ms\/impulsa\/oferta-formativa\/oferta-de-formacion-profesional-canada-de-gomez-departamento-iriondo\/","title":{"rendered":"Oferta de formaci\u00f3n profesional &#8211; Ca\u00f1ada de G\u00f3mez &#8211; Departamento Iriondo"},"content":{"rendered":"<p><strong>Centro de Capacitaci\u00f3n Laboral N\u00ba 26<\/strong><br \/>\nDirecci\u00f3n: Iriondo 558<br \/>\nTel: 03471-429165<br \/>\nE-mail: cecla26_canadadegomez @santafe.<br \/>\nCapacitate en:<br \/>\n\u2022 Instalaciones de Gas Domiciliarias<br \/>\n\u2022 Inform\u00e1tica \/ Administraci\u00f3n \/ Gesti\u00f3n<br \/>\n\u2022 Dise\u00f1o de P\u00e1ginas Web con HTML<br \/>\n\u2022 Electr\u00f3nica con Introducci\u00f3n a Arduino<br \/>\n\u2022 Armado y Mantenimiento de PC \/ Reparaci\u00f3n de Computadoras y Redes<br \/>\n\u2022 Confecci\u00f3n Textil<br \/>\n\u2022 Gastronom\u00eda<br \/>\n\u2022 Instalaciones El\u00e9ctricas Domiciliarias<br \/>\n\u2022 Mec\u00e1nica del Automotor<br \/>\n\u2022 Soldadura<br \/>\n\u2022 Producciones Artesanales<br \/>\n\u2022 Carpinter\u00eda de Madera<\/p>\n<p>&nbsp;<\/p>\n<p><strong>Escuela de Educaci\u00f3n T\u00e9cnico Profesional N.\u00ba 692<\/strong><br \/>\nDirecci\u00f3n: Almirante Brown 211<br \/>\nTel: 03471-422343<br \/>\nE-mail: sec692_canadadegomez @santafe.edu.ar<br \/>\nCapacitate en:<br \/>\n\u2022 Armado y Mantenimiento de PC<br \/>\n\u2022 Dise\u00f1o de P\u00e1ginas Web con HTML<br \/>\n\u2022 Confecci\u00f3n Textil<br \/>\n\u2022 Producciones Artesanales<br \/>\n\u2022 Inform\u00e1tica \/ Administraci\u00f3n \/ Gesti\u00f3n<br \/>\n\u2022 Gastronom\u00eda<br \/>\n\u2022 Est\u00e9tica Capilar<br \/>\n\u2022 Belleza de U\u00f1as<br \/>\n\u2022 Bordado Industrial<\/p>\n","protected":false},"featured_media":0,"menu_order":0,"template":"","meta":{"_acf_changed":false,"_et_pb_use_builder":"","_et_pb_old_content":"","_et_gb_content_width":""},"destacado":[],"localidad":[157],"matriz-productiva":[],"class_list":["post-2214","oferta-formativa","type-oferta-formativa","status-publish","hentry","localidad-canada-de-gomez"],"acf":{"matriz_productiva":false,"institucion_oferente":"Ministerio de Educaci\u00f3n de la provincia de Santa Fe","horas_catedra":"","horas_reloj":"","modalidad":"Presencial","requisitos_de_ingreso":"Mayores de 18 a\u00f1os","localidades_de_dictado":[157],"fecha_de_ingreso":null,"link_a_inscripcion":"","destacado":false},"_links":{"self":[{"href":"https:\/\/www.santafe.gob.ar\/ms\/impulsa\/wp-json\/wp\/v2\/oferta-formativa\/2214","targetHints":{"allow":["GET"]}}],"collection":[{"href":"https:\/\/www.santafe.gob.ar\/ms\/impulsa\/wp-json\/wp\/v2\/oferta-formativa"}],"about":[{"href":"https:\/\/www.santafe.gob.ar\/ms\/impulsa\/wp-json\/wp\/v2\/types\/oferta-formativa"}],"acf:term":[{"embeddable":true,"taxonomy":"localidad","href":"https:\/\/www.santafe.gob.ar\/ms\/impulsa\/wp-json\/wp\/v2\/localidad\/157"}],"wp:attachment":[{"href":"https:\/\/www.santafe.gob.ar\/ms\/impulsa\/wp-json\/wp\/v2\/media?parent=2214"}],"wp:term":[{"taxonomy":"destacado","embeddable":true,"href":"https:\/\/www.santafe.gob.ar\/ms\/impulsa\/wp-json\/wp\/v2\/destacado?post=2214"},{"taxonomy":"localidad","embeddable":true,"href":"https:\/\/www.santafe.gob.ar\/ms\/impulsa\/wp-json\/wp\/v2\/localidad?post=2214"},{"taxonomy":"matriz-productiva","embeddable":true,"href":"https:\/\/www.santafe.gob.ar\/ms\/impulsa\/wp-json\/wp\/v2\/matriz-productiva?post=2214"}],"curies":[{"name":"wp","href":"https:\/\/api.w.org\/{rel}","templated":true}]}}

Oferta de formación profesional &#8211; Cañada de Gómez &#8211; Departamento Iriondo

<p><strong>Centro de Capacitación Laboral Nº 26</strong><br />
Dirección: Iriondo 558<br />
Tel: 03471-429165<br />
E-mail: cecla26_canadadegomez @santafe.<br />
Capacitate en:<br />
• Instalaciones de Gas Domiciliarias<br />
• Informática / Administración / Gestión<br />
• Diseño de Páginas Web con HTML<br />
• Electrónica con Introducción a Arduino<br />
• Armado y Mantenimiento de PC / Reparación de Computadoras y Redes<br />
• Confección Textil<br />
• Gastronomía<br />
• Instalaciones Eléctricas Domiciliarias<br />
• Mecánica del Automotor<br />
• Soldadura<br />
• Producciones Artesanales<br />
• Carpintería de Madera</p>
<p>&nbsp;</p>
<p><strong>Escuela de Educación Técnico Profesional N.º 692</strong><br />
Dirección: Almirante Brown 211<br />
Tel: 03471-422343<br />
E-mail: sec692_canadadegomez @santafe.edu.ar<br />
Capacitate en:<br />
• Armado y Mantenimiento de PC<br />
• Diseño de Páginas Web con HTML<br />
• Confección Textil<br />
• Producciones Artesanales<br />
• Informática / Administración / Gestión<br />
• Gastronomía<br />
• Estética Capilar<br />
• Belleza de Uñas<br />
• Bordado Industrial</p>

Ministerio de Educación de la provincia de Santa Fe

Mayores de 18 años
