{"id":2306,"date":"2025-03-10T07:24:13","date_gmt":"2025-03-10T10:24:13","guid":{"rendered":"https:\/\/www.santafe.gob.ar\/ms\/impulsa\/?post_type=oferta-formativa&#038;p=2306"},"modified":"2025-03-13T11:49:02","modified_gmt":"2025-03-13T14:49:02","slug":"diseno-de-espacios-para-la-creacion-de-contenidos-audiovisuales","status":"publish","type":"oferta-formativa","link":"https:\/\/www.santafe.gob.ar\/ms\/impulsa\/oferta-formativa\/diseno-de-espacios-para-la-creacion-de-contenidos-audiovisuales\/","title":{"rendered":"DISE\u00d1O DE ESPACIOS PARA LA CREACI\u00d3N DE CONTENIDOS AUDIOVISUALES"},"content":{"rendered":"<p>Este curso brinda una formaci\u00f3n introductoria hacia la exploraci\u00f3n del proceso creativo aplicado en la b\u00fasqueda est\u00e9tica para dise\u00f1ar espacios y fondos para la creaci\u00f3n de contenido audiovisual. Se brindar\u00e1n nociones de composici\u00f3n de escenas y proporcionar\u00e1 herramientas para comprender c\u00f3mo el dise\u00f1o del espacio influye en la est\u00e9tica, la funcionalidad y la efectividad de los contenidos.<\/p>\n<p>Est\u00e1 destinado a quienes trabajan en la creaci\u00f3n, grabaci\u00f3n y edici\u00f3n de contenido audiovisual, como as\u00ed tambi\u00e9n para aquellos que se inician en marketing digital y la creaci\u00f3n de contenido, que necesiten dise\u00f1ar su propio espacio de grabaci\u00f3n. Tambi\u00e9n, a quienes buscan especializarse en la creaci\u00f3n de espacios para medios y entender c\u00f3mo la escenograf\u00eda, el espacio y el entorno influyen en la comunicaci\u00f3n visual y la narrativa de los contenidos audiovisuales.<\/p>\n<p>La propuesta es presencial y gratuita para mayores de 18 a\u00f1os. Dar\u00e1 inicio el 19 de marzo y finalizar\u00e1 el 7 de mayo.<br \/>\nSe cursar\u00e1 los mi\u00e9rcoles de 11.30 a 13.30 hs., en el Instituto Superior N\u00b0 12 Gast\u00f3n Gori (9 de Julio 1756) de la ciudad de Santa Fe.<\/p>\n<p>El curso requiere inscripci\u00f3n previa, dado que los cupos son limitados.<\/p>\n","protected":false},"featured_media":2307,"menu_order":0,"template":"","meta":{"_acf_changed":false,"_et_pb_use_builder":"","_et_pb_old_content":"","_et_gb_content_width":""},"destacado":[],"localidad":[49],"matriz-productiva":[135],"class_list":["post-2306","oferta-formativa","type-oferta-formativa","status-publish","has-post-thumbnail","hentry","localidad-santa-fe","matriz-productiva-comunicacion"],"acf":{"matriz_productiva":[135],"institucion_oferente":"Gobierno de la provincia de Santa Fe","horas_catedra":"","horas_reloj":24,"modalidad":"Presencial","requisitos_de_ingreso":"Mayores de 18 a\u00f1os.","localidades_de_dictado":[49],"fecha_de_ingreso":"20250319","link_a_inscripcion":"https:\/\/docs.google.com\/forms\/d\/e\/1FAIpQLSc590-AU0FeyRN4t3gm9BF-ucyBbekLeacLljIvRZwa6xRuhA\/viewform","destacado":false},"_links":{"self":[{"href":"https:\/\/www.santafe.gob.ar\/ms\/impulsa\/wp-json\/wp\/v2\/oferta-formativa\/2306","targetHints":{"allow":["GET"]}}],"collection":[{"href":"https:\/\/www.santafe.gob.ar\/ms\/impulsa\/wp-json\/wp\/v2\/oferta-formativa"}],"about":[{"href":"https:\/\/www.santafe.gob.ar\/ms\/impulsa\/wp-json\/wp\/v2\/types\/oferta-formativa"}],"acf:term":[{"embeddable":true,"taxonomy":"localidad","href":"https:\/\/www.santafe.gob.ar\/ms\/impulsa\/wp-json\/wp\/v2\/localidad\/49"},{"embeddable":true,"taxonomy":"matriz-productiva","href":"https:\/\/www.santafe.gob.ar\/ms\/impulsa\/wp-json\/wp\/v2\/matriz-productiva\/135"}],"wp:featuredmedia":[{"embeddable":true,"href":"https:\/\/www.santafe.gob.ar\/ms\/impulsa\/wp-json\/wp\/v2\/media\/2307"}],"wp:attachment":[{"href":"https:\/\/www.santafe.gob.ar\/ms\/impulsa\/wp-json\/wp\/v2\/media?parent=2306"}],"wp:term":[{"taxonomy":"destacado","embeddable":true,"href":"https:\/\/www.santafe.gob.ar\/ms\/impulsa\/wp-json\/wp\/v2\/destacado?post=2306"},{"taxonomy":"localidad","embeddable":true,"href":"https:\/\/www.santafe.gob.ar\/ms\/impulsa\/wp-json\/wp\/v2\/localidad?post=2306"},{"taxonomy":"matriz-productiva","embeddable":true,"href":"https:\/\/www.santafe.gob.ar\/ms\/impulsa\/wp-json\/wp\/v2\/matriz-productiva?post=2306"}],"curies":[{"name":"wp","href":"https:\/\/api.w.org\/{rel}","templated":true}]}}

DISEÑO DE ESPACIOS PARA LA CREACIÓN DE CONTENIDOS AUDIOVISUALES

<p>Este curso brinda una formación introductoria hacia la exploración del proceso creativo aplicado en la búsqueda estética para diseñar espacios y fondos para la creación de contenido audiovisual. Se brindarán nociones de composición de escenas y proporcionará herramientas para comprender cómo el diseño del espacio influye en la estética, la funcionalidad y la efectividad de los contenidos.</p>
<p>Está destinado a quienes trabajan en la creación, grabación y edición de contenido audiovisual, como así también para aquellos que se inician en marketing digital y la creación de contenido, que necesiten diseñar su propio espacio de grabación. También, a quienes buscan especializarse en la creación de espacios para medios y entender cómo la escenografía, el espacio y el entorno influyen en la comunicación visual y la narrativa de los contenidos audiovisuales.</p>
<p>La propuesta es presencial y gratuita para mayores de 18 años. Dará inicio el 19 de marzo y finalizará el 7 de mayo.<br />
Se cursará los miércoles de 11.30 a 13.30 hs., en el Instituto Superior N° 12 Gastón Gori (9 de Julio 1756) de la ciudad de Santa Fe.</p>
<p>El curso requiere inscripción previa, dado que los cupos son limitados.</p>

Mayores de 18 años.
