{"id":2340,"date":"2025-03-19T11:31:22","date_gmt":"2025-03-19T14:31:22","guid":{"rendered":"https:\/\/www.santafe.gob.ar\/ms\/impulsa\/?post_type=oferta-formativa&#038;p=2340"},"modified":"2025-03-19T11:45:09","modified_gmt":"2025-03-19T14:45:09","slug":"introduccion-a-ciberseguridad","status":"publish","type":"oferta-formativa","link":"https:\/\/www.santafe.gob.ar\/ms\/impulsa\/oferta-formativa\/introduccion-a-ciberseguridad\/","title":{"rendered":"Introducci\u00f3n a Ciberseguridad"},"content":{"rendered":"<p class=\"Cuerpo\"><span lang=\"ES-TRAD\" style=\"font-size: 10.0pt\">Este curso introductorio lo lleva al mundo de la ciberseguridad. Aprender\u00e1 los conceptos b\u00e1sicos de ciberseguridad para proteger su vida digital personal y obtendr\u00e1 informaci\u00f3n sobre los mayores desaf\u00edos de seguridad que enfrentan las empresas, los gobiernos y las instituciones educativas en la actualidad. Los profesionales de ciberseguridad que pueden proteger y defender la red de una organizaci\u00f3n tienen una gran demanda.<\/span><\/p>\n","protected":false},"featured_media":2327,"menu_order":0,"template":"","meta":{"_acf_changed":false,"_et_pb_use_builder":"","_et_pb_old_content":"","_et_gb_content_width":""},"destacado":[],"localidad":[19],"matriz-productiva":[28],"class_list":["post-2340","oferta-formativa","type-oferta-formativa","status-publish","has-post-thumbnail","hentry","localidad-toda-la-provincia-de-santa-fe","matriz-productiva-tecnologia-e-innovacion"],"acf":{"matriz_productiva":[28],"institucion_oferente":"Cisco Networking Academy","horas_catedra":"","horas_reloj":6,"modalidad":"Virtual","requisitos_de_ingreso":"Sin requisitos","localidades_de_dictado":[19],"fecha_de_ingreso":"20250319","link_a_inscripcion":"https:\/\/www.netacad.com\/courses\/introduction-to-cybersecurity?courseLang=es-XL&amp;instance_id=8f88585d-afa9-4115-9288-1599a3aefbdb","destacado":false},"_links":{"self":[{"href":"https:\/\/www.santafe.gob.ar\/ms\/impulsa\/wp-json\/wp\/v2\/oferta-formativa\/2340","targetHints":{"allow":["GET"]}}],"collection":[{"href":"https:\/\/www.santafe.gob.ar\/ms\/impulsa\/wp-json\/wp\/v2\/oferta-formativa"}],"about":[{"href":"https:\/\/www.santafe.gob.ar\/ms\/impulsa\/wp-json\/wp\/v2\/types\/oferta-formativa"}],"acf:term":[{"embeddable":true,"taxonomy":"localidad","href":"https:\/\/www.santafe.gob.ar\/ms\/impulsa\/wp-json\/wp\/v2\/localidad\/19"},{"embeddable":true,"taxonomy":"matriz-productiva","href":"https:\/\/www.santafe.gob.ar\/ms\/impulsa\/wp-json\/wp\/v2\/matriz-productiva\/28"}],"wp:featuredmedia":[{"embeddable":true,"href":"https:\/\/www.santafe.gob.ar\/ms\/impulsa\/wp-json\/wp\/v2\/media\/2327"}],"wp:attachment":[{"href":"https:\/\/www.santafe.gob.ar\/ms\/impulsa\/wp-json\/wp\/v2\/media?parent=2340"}],"wp:term":[{"taxonomy":"destacado","embeddable":true,"href":"https:\/\/www.santafe.gob.ar\/ms\/impulsa\/wp-json\/wp\/v2\/destacado?post=2340"},{"taxonomy":"localidad","embeddable":true,"href":"https:\/\/www.santafe.gob.ar\/ms\/impulsa\/wp-json\/wp\/v2\/localidad?post=2340"},{"taxonomy":"matriz-productiva","embeddable":true,"href":"https:\/\/www.santafe.gob.ar\/ms\/impulsa\/wp-json\/wp\/v2\/matriz-productiva?post=2340"}],"curies":[{"name":"wp","href":"https:\/\/api.w.org\/{rel}","templated":true}]}}

Introducción a Ciberseguridad

<p class="Cuerpo"><span lang="ES-TRAD" style="font-size: 10.0pt">Este curso introductorio lo lleva al mundo de la ciberseguridad. Aprenderá los conceptos básicos de ciberseguridad para proteger su vida digital personal y obtendrá información sobre los mayores desafíos de seguridad que enfrentan las empresas, los gobiernos y las instituciones educativas en la actualidad. Los profesionales de ciberseguridad que pueden proteger y defender la red de una organización tienen una gran demanda.</span></p>
