{"id":2597,"date":"2025-07-29T17:02:56","date_gmt":"2025-07-29T20:02:56","guid":{"rendered":"https:\/\/www.santafe.gob.ar\/ms\/impulsa\/?post_type=oferta-formativa&#038;p=2597"},"modified":"2025-08-01T12:17:52","modified_gmt":"2025-08-01T15:17:52","slug":"oratoria-instituto-12-santa-fe-3","status":"publish","type":"oferta-formativa","link":"https:\/\/www.santafe.gob.ar\/ms\/impulsa\/oferta-formativa\/oratoria-instituto-12-santa-fe-3\/","title":{"rendered":"ORATORIA \u2013 Casa de la Cultura \u2013 Santa Fe &#8211; Mi\u00e9rcoles de 14.30 a 17.30 hs."},"content":{"rendered":"<p>MEJORAMIENTO DE PRESENTACIONES ORALES Y LA TRANSMISI\u00d3N DE INFORMACI\u00d3N E IDEAS<\/p>\n<p>La capacitaci\u00f3n tiene los siguientes objetivos:<\/p>\n<ul>\n<li>Incorporar los elementos del lenguaje verbal y no verbal.<\/li>\n<li>Identificar las propias barreras comunicacionales y conocer las herramientas adecuadas para revertirlas, generar empat\u00eda y capacidad de escucha activa.<\/li>\n<li>Transmitir de manera clara y eficaz un mensaje, ideas y sugerencias a fin de ser valoradas por los interlocutores.<\/li>\n<li>Estructurar una intervenci\u00f3n oral clara y coherente.<\/li>\n<li>Perfeccionar las presentaciones orales y la capacidad de transmitir informaci\u00f3n, ideas y fundamentos.<\/li>\n<li>Mejorar el desempe\u00f1o profesional y social.<\/li>\n<li>Utilizar el lenguaje con rigor y de manera adecuada, atendiendo a los aspectos normativos del uso de la lengua.<\/li>\n<\/ul>\n<p>&nbsp;<\/p>\n<p>La propuesta arrancar\u00e1 el 13 de agosto y finalizar\u00e1 el 1 de octubre de 2025. Se cursar\u00e1 los mi\u00e9rcoles de 14.30 a 17.30 hs., en la\u00a0 Casa de la Cultura, ubicada en Bv. G\u00e1lvez 1274 de la ciudad de Santa Fe.<\/p>\n<p>&nbsp;<\/p>\n<p>El curso requiere inscripci\u00f3n previa, dado que los cupos son limitados.<\/p>\n","protected":false},"featured_media":1979,"menu_order":0,"template":"","meta":{"_acf_changed":false,"_et_pb_use_builder":"","_et_pb_old_content":"","_et_gb_content_width":""},"destacado":[],"localidad":[],"matriz-productiva":[],"class_list":["post-2597","oferta-formativa","type-oferta-formativa","status-publish","has-post-thumbnail","hentry"],"acf":{"matriz_productiva":false,"institucion_oferente":"Gobierno de la provincia de Santa Fe","horas_catedra":"","horas_reloj":40,"modalidad":"Presencial","requisitos_de_ingreso":"Mayores de 18 a\u00f1os","localidades_de_dictado":false,"fecha_de_ingreso":"20250813","link_a_inscripcion":"https:\/\/docs.google.com\/forms\/d\/e\/1FAIpQLSc590-AU0FeyRN4t3gm9BF-ucyBbekLeacLljIvRZwa6xRuhA\/viewform","destacado":false},"_links":{"self":[{"href":"https:\/\/www.santafe.gob.ar\/ms\/impulsa\/wp-json\/wp\/v2\/oferta-formativa\/2597","targetHints":{"allow":["GET"]}}],"collection":[{"href":"https:\/\/www.santafe.gob.ar\/ms\/impulsa\/wp-json\/wp\/v2\/oferta-formativa"}],"about":[{"href":"https:\/\/www.santafe.gob.ar\/ms\/impulsa\/wp-json\/wp\/v2\/types\/oferta-formativa"}],"wp:featuredmedia":[{"embeddable":true,"href":"https:\/\/www.santafe.gob.ar\/ms\/impulsa\/wp-json\/wp\/v2\/media\/1979"}],"wp:attachment":[{"href":"https:\/\/www.santafe.gob.ar\/ms\/impulsa\/wp-json\/wp\/v2\/media?parent=2597"}],"wp:term":[{"taxonomy":"destacado","embeddable":true,"href":"https:\/\/www.santafe.gob.ar\/ms\/impulsa\/wp-json\/wp\/v2\/destacado?post=2597"},{"taxonomy":"localidad","embeddable":true,"href":"https:\/\/www.santafe.gob.ar\/ms\/impulsa\/wp-json\/wp\/v2\/localidad?post=2597"},{"taxonomy":"matriz-productiva","embeddable":true,"href":"https:\/\/www.santafe.gob.ar\/ms\/impulsa\/wp-json\/wp\/v2\/matriz-productiva?post=2597"}],"curies":[{"name":"wp","href":"https:\/\/api.w.org\/{rel}","templated":true}]}}

ORATORIA – Casa de la Cultura – Santa Fe &#8211; Miércoles de 14.30 a 17.30 hs.

<p>MEJORAMIENTO DE PRESENTACIONES ORALES Y LA TRANSMISIÓN DE INFORMACIÓN E IDEAS</p>
<p>La capacitación tiene los siguientes objetivos:</p>
<ul>
<li>Incorporar los elementos del lenguaje verbal y no verbal.</li>
<li>Identificar las propias barreras comunicacionales y conocer las herramientas adecuadas para revertirlas, generar empatía y capacidad de escucha activa.</li>
<li>Transmitir de manera clara y eficaz un mensaje, ideas y sugerencias a fin de ser valoradas por los interlocutores.</li>
<li>Estructurar una intervención oral clara y coherente.</li>
<li>Perfeccionar las presentaciones orales y la capacidad de transmitir información, ideas y fundamentos.</li>
<li>Mejorar el desempeño profesional y social.</li>
<li>Utilizar el lenguaje con rigor y de manera adecuada, atendiendo a los aspectos normativos del uso de la lengua.</li>
</ul>
<p>&nbsp;</p>
<p>La propuesta arrancará el 13 de agosto y finalizará el 1 de octubre de 2025. Se cursará los miércoles de 14.30 a 17.30 hs., en la  Casa de la Cultura, ubicada en Bv. Gálvez 1274 de la ciudad de Santa Fe.</p>
<p>&nbsp;</p>
<p>El curso requiere inscripción previa, dado que los cupos son limitados.</p>

Mayores de 18 años
