{"id":2754,"date":"2025-09-30T11:55:41","date_gmt":"2025-09-30T14:55:41","guid":{"rendered":"https:\/\/www.santafe.gob.ar\/ms\/impulsa\/?post_type=oferta-formativa&#038;p=2754"},"modified":"2025-10-01T08:57:22","modified_gmt":"2025-10-01T11:57:22","slug":"estrategias-de-posicionamiento-de-marca","status":"publish","type":"oferta-formativa","link":"https:\/\/www.santafe.gob.ar\/ms\/impulsa\/oferta-formativa\/estrategias-de-posicionamiento-de-marca\/","title":{"rendered":"Estrategias de posicionamiento de marca"},"content":{"rendered":"<p><strong>NO REQUIERE INSCRIPCI\u00d3N<\/strong><\/p>\n<p><strong>\ud83c\udfaf Descripci\u00f3n:<\/strong><\/p>\n<p>En este taller vas a aprender qu\u00e9 es el posicionamiento de marca y c\u00f3mo construir una estrategia s\u00f3lida para que tu marca ocupe un lugar claro, deseado y diferenciador en la mente de tu p\u00fablico. Ideal para emprendedores, marcas personales y proyectos en crecimiento.<\/p>\n<p><strong>\ud83d\udcdd Temario:<\/strong><\/p>\n<ul>\n<li>Qu\u00e9 es el posicionamiento y por qu\u00e9 es clave para tu marca<\/li>\n<li>Diferencia entre branding y posicionamiento<\/li>\n<li>Elementos clave: p\u00fablico, competencia, propuesta de valor<\/li>\n<li>C\u00f3mo definir tu diferencial<\/li>\n<li>Ejemplos y ejercicios pr\u00e1cticos<\/li>\n<\/ul>\n<p><strong>\ud83d\udd17 Enlace al taller:<\/strong><\/p>\n<p><a href=\"https:\/\/talleres.donweb.com\/talleres\/estrategias-de-posicionamiento-de-marca\/\">https:\/\/talleres.donweb.com\/talleres\/estrategias-de-posicionamiento-de-marca\/<\/a><\/p>\n<p>&nbsp;<\/p>\n","protected":false},"featured_media":2730,"menu_order":0,"template":"","meta":{"_acf_changed":false,"_et_pb_use_builder":"","_et_pb_old_content":"","_et_gb_content_width":""},"destacado":[],"localidad":[19],"matriz-productiva":[28],"class_list":["post-2754","oferta-formativa","type-oferta-formativa","status-publish","has-post-thumbnail","hentry","localidad-toda-la-provincia-de-santa-fe","matriz-productiva-tecnologia-e-innovacion"],"acf":{"matriz_productiva":[28],"institucion_oferente":"Talleres Donweb","horas_catedra":"","horas_reloj":1,"modalidad":"Virtual","requisitos_de_ingreso":"Sin requisitos","localidades_de_dictado":[19],"fecha_de_ingreso":null,"link_a_inscripcion":"https:\/\/talleres.donweb.com\/talleres\/estrategias-de-posicionamiento-de-marca\/","destacado":false},"_links":{"self":[{"href":"https:\/\/www.santafe.gob.ar\/ms\/impulsa\/wp-json\/wp\/v2\/oferta-formativa\/2754","targetHints":{"allow":["GET"]}}],"collection":[{"href":"https:\/\/www.santafe.gob.ar\/ms\/impulsa\/wp-json\/wp\/v2\/oferta-formativa"}],"about":[{"href":"https:\/\/www.santafe.gob.ar\/ms\/impulsa\/wp-json\/wp\/v2\/types\/oferta-formativa"}],"acf:term":[{"embeddable":true,"taxonomy":"localidad","href":"https:\/\/www.santafe.gob.ar\/ms\/impulsa\/wp-json\/wp\/v2\/localidad\/19"},{"embeddable":true,"taxonomy":"matriz-productiva","href":"https:\/\/www.santafe.gob.ar\/ms\/impulsa\/wp-json\/wp\/v2\/matriz-productiva\/28"}],"wp:featuredmedia":[{"embeddable":true,"href":"https:\/\/www.santafe.gob.ar\/ms\/impulsa\/wp-json\/wp\/v2\/media\/2730"}],"wp:attachment":[{"href":"https:\/\/www.santafe.gob.ar\/ms\/impulsa\/wp-json\/wp\/v2\/media?parent=2754"}],"wp:term":[{"taxonomy":"destacado","embeddable":true,"href":"https:\/\/www.santafe.gob.ar\/ms\/impulsa\/wp-json\/wp\/v2\/destacado?post=2754"},{"taxonomy":"localidad","embeddable":true,"href":"https:\/\/www.santafe.gob.ar\/ms\/impulsa\/wp-json\/wp\/v2\/localidad?post=2754"},{"taxonomy":"matriz-productiva","embeddable":true,"href":"https:\/\/www.santafe.gob.ar\/ms\/impulsa\/wp-json\/wp\/v2\/matriz-productiva?post=2754"}],"curies":[{"name":"wp","href":"https:\/\/api.w.org\/{rel}","templated":true}]}}

<p><strong>NO REQUIERE INSCRIPCIÓN</strong></p>
<p><strong>🎯 Descripción:</strong></p>
<p>En este taller vas a aprender qué es el posicionamiento de marca y cómo construir una estrategia sólida para que tu marca ocupe un lugar claro, deseado y diferenciador en la mente de tu público. Ideal para emprendedores, marcas personales y proyectos en crecimiento.</p>
<p><strong>📝 Temario:</strong></p>
<ul>
<li>Qué es el posicionamiento y por qué es clave para tu marca</li>
<li>Diferencia entre branding y posicionamiento</li>
<li>Elementos clave: público, competencia, propuesta de valor</li>
<li>Cómo definir tu diferencial</li>
<li>Ejemplos y ejercicios prácticos</li>
</ul>
<p><strong>🔗 Enlace al taller:</strong></p>
<p><a href="https://talleres.donweb.com/talleres/estrategias-de-posicionamiento-de-marca/">https://talleres.donweb.com/talleres/estrategias-de-posicionamiento-de-marca/</a></p>
<p>&nbsp;</p>
