{"id":307,"date":"2024-03-04T22:30:56","date_gmt":"2024-03-05T01:30:56","guid":{"rendered":"https:\/\/www.santafe.gob.ar\/ms\/impulsa\/?post_type=oferta-formativa&#038;p=307"},"modified":"2024-03-05T08:30:09","modified_gmt":"2024-03-05T11:30:09","slug":"procesos-industriales-primarios","status":"publish","type":"oferta-formativa","link":"https:\/\/www.santafe.gob.ar\/ms\/impulsa\/oferta-formativa\/procesos-industriales-primarios\/","title":{"rendered":"Procesos industriales primarios"},"content":{"rendered":"<p>La capacitaci\u00f3n tiene como finalidad brindar las herramientas necesarias para mejorar el desempe\u00f1o del trabajador de la agroindustria y el desarrollo de las habilidades \u00abblandas\u00bb para que su desempe\u00f1o laboral sea responsable y saludable. Su enfoque es conceptual con acento en la aplicabilidad.<\/p>\n<p>Los ejes centrales de la capacitaci\u00f3n son:<\/p>\n<ul>\n<li>Organizaci\u00f3n. Liderazgo. Trabajo en equipo. Procesos industriales; Producci\u00f3n y materiales; Calidad; Higiene y seguridad.<\/li>\n<li>Talleres de Materiales y medici\u00f3n; Corte y prensa; Torner\u00eda y agujereado; Soldadura; Pintura.<\/li>\n<\/ul>\n","protected":false},"featured_media":308,"menu_order":0,"template":"","meta":{"_acf_changed":false,"_et_pb_use_builder":"","_et_pb_old_content":"","_et_gb_content_width":""},"destacado":[],"localidad":[15],"matriz-productiva":[10],"class_list":["post-307","oferta-formativa","type-oferta-formativa","status-publish","has-post-thumbnail","hentry","localidad-amstrong","matriz-productiva-agricultura-y-ganaderia"],"acf":{"matriz_productiva":[10],"institucion_oferente":"Empresa CRUCIANELLI S.A. y Gobierno de la Provincia de Santa Fe","horas_catedra":36,"horas_reloj":54,"modalidad":"La capacitaci\u00f3n se desarrollar\u00e1 en 12 encuentros de 3 horas reloj cada uno. El cursado te\u00f3rico se realizar\u00e1 bajo la modalidad virtual y los talleres se desarrollar\u00e1n de manera presencial.","requisitos_de_ingreso":"J\u00f3venes y adultos mayores de 18 a\u00f1os de edad, sin conocimientos previos en la materia.","localidades_de_dictado":[15],"fecha_de_ingreso":"20240401","link_a_inscripcion":"","destacado":false},"_links":{"self":[{"href":"https:\/\/www.santafe.gob.ar\/ms\/impulsa\/wp-json\/wp\/v2\/oferta-formativa\/307","targetHints":{"allow":["GET"]}}],"collection":[{"href":"https:\/\/www.santafe.gob.ar\/ms\/impulsa\/wp-json\/wp\/v2\/oferta-formativa"}],"about":[{"href":"https:\/\/www.santafe.gob.ar\/ms\/impulsa\/wp-json\/wp\/v2\/types\/oferta-formativa"}],"acf:term":[{"embeddable":true,"taxonomy":"localidad","href":"https:\/\/www.santafe.gob.ar\/ms\/impulsa\/wp-json\/wp\/v2\/localidad\/15"},{"embeddable":true,"taxonomy":"matriz-productiva","href":"https:\/\/www.santafe.gob.ar\/ms\/impulsa\/wp-json\/wp\/v2\/matriz-productiva\/10"}],"wp:featuredmedia":[{"embeddable":true,"href":"https:\/\/www.santafe.gob.ar\/ms\/impulsa\/wp-json\/wp\/v2\/media\/308"}],"wp:attachment":[{"href":"https:\/\/www.santafe.gob.ar\/ms\/impulsa\/wp-json\/wp\/v2\/media?parent=307"}],"wp:term":[{"taxonomy":"destacado","embeddable":true,"href":"https:\/\/www.santafe.gob.ar\/ms\/impulsa\/wp-json\/wp\/v2\/destacado?post=307"},{"taxonomy":"localidad","embeddable":true,"href":"https:\/\/www.santafe.gob.ar\/ms\/impulsa\/wp-json\/wp\/v2\/localidad?post=307"},{"taxonomy":"matriz-productiva","embeddable":true,"href":"https:\/\/www.santafe.gob.ar\/ms\/impulsa\/wp-json\/wp\/v2\/matriz-productiva?post=307"}],"curies":[{"name":"wp","href":"https:\/\/api.w.org\/{rel}","templated":true}]}}

<p>La capacitación tiene como finalidad brindar las herramientas necesarias para mejorar el desempeño del trabajador de la agroindustria y el desarrollo de las habilidades «blandas» para que su desempeño laboral sea responsable y saludable. Su enfoque es conceptual con acento en la aplicabilidad.</p>
<p>Los ejes centrales de la capacitación son:</p>
<ul>
<li>Organización. Liderazgo. Trabajo en equipo. Procesos industriales; Producción y materiales; Calidad; Higiene y seguridad.</li>
<li>Talleres de Materiales y medición; Corte y prensa; Tornería y agujereado; Soldadura; Pintura.</li>
</ul>

La capacitación se desarrollará en 12 encuentros de 3 horas reloj cada uno. El cursado teórico se realizará bajo la modalidad virtual y los talleres se desarrollarán de manera presencial.

Jóvenes y adultos mayores de 18 años de edad, sin conocimientos previos en la materia.
