{"id":314,"date":"2024-03-05T09:11:48","date_gmt":"2024-03-05T12:11:48","guid":{"rendered":"https:\/\/www.santafe.gob.ar\/ms\/impulsa\/?post_type=oferta-formativa&#038;p=314"},"modified":"2024-03-05T09:57:09","modified_gmt":"2024-03-05T12:57:09","slug":"procesos-industriales-primarios-avanzados","status":"publish","type":"oferta-formativa","link":"https:\/\/www.santafe.gob.ar\/ms\/impulsa\/oferta-formativa\/procesos-industriales-primarios-avanzados\/","title":{"rendered":"Procesos industriales primarios avanzados"},"content":{"rendered":"<p>La propuesta tiene como finalidad ampliar y complementar la propuesta inicial de procesos industriales primarios. Aborda principalmente contenidos vinculados a la autogesti\u00f3n, comunicaci\u00f3n y cultura empresarial; transformaci\u00f3n digital; planificaci\u00f3n y log\u00edstica. Adem\u00e1s desarrolla talleres de fundici\u00f3n; corte y prensa plasma y laser; CNC; soldadura robot; hidr\u00e1ulica; pintura y armado.<\/p>\n","protected":false},"featured_media":319,"menu_order":0,"template":"","meta":{"_acf_changed":false,"_et_pb_use_builder":"","_et_pb_old_content":"","_et_gb_content_width":""},"destacado":[],"localidad":[15],"matriz-productiva":[10],"class_list":["post-314","oferta-formativa","type-oferta-formativa","status-publish","has-post-thumbnail","hentry","localidad-amstrong","matriz-productiva-agricultura-y-ganaderia"],"acf":{"matriz_productiva":[10],"institucion_oferente":"Empresa CRUCIANELLI S.A. y Gobierno de la Provincia de Santa Fe","horas_catedra":63,"horas_reloj":42,"modalidad":"La capacitaci\u00f3n se desarrollar\u00e1 en 14 encuentros de 3 horas reloj cada uno. El cursado te\u00f3rico se realizar\u00e1 bajo la modalidad virtual y los talleres se desarrollar\u00e1n de manera presencial.","requisitos_de_ingreso":"J\u00f3venes y adultos mayores de 18 a\u00f1os de edad, sin conocimientos previos en la materia.","localidades_de_dictado":[15],"fecha_de_ingreso":"20240401","link_a_inscripcion":"","destacado":false},"_links":{"self":[{"href":"https:\/\/www.santafe.gob.ar\/ms\/impulsa\/wp-json\/wp\/v2\/oferta-formativa\/314","targetHints":{"allow":["GET"]}}],"collection":[{"href":"https:\/\/www.santafe.gob.ar\/ms\/impulsa\/wp-json\/wp\/v2\/oferta-formativa"}],"about":[{"href":"https:\/\/www.santafe.gob.ar\/ms\/impulsa\/wp-json\/wp\/v2\/types\/oferta-formativa"}],"acf:term":[{"embeddable":true,"taxonomy":"localidad","href":"https:\/\/www.santafe.gob.ar\/ms\/impulsa\/wp-json\/wp\/v2\/localidad\/15"},{"embeddable":true,"taxonomy":"matriz-productiva","href":"https:\/\/www.santafe.gob.ar\/ms\/impulsa\/wp-json\/wp\/v2\/matriz-productiva\/10"}],"wp:featuredmedia":[{"embeddable":true,"href":"https:\/\/www.santafe.gob.ar\/ms\/impulsa\/wp-json\/wp\/v2\/media\/319"}],"wp:attachment":[{"href":"https:\/\/www.santafe.gob.ar\/ms\/impulsa\/wp-json\/wp\/v2\/media?parent=314"}],"wp:term":[{"taxonomy":"destacado","embeddable":true,"href":"https:\/\/www.santafe.gob.ar\/ms\/impulsa\/wp-json\/wp\/v2\/destacado?post=314"},{"taxonomy":"localidad","embeddable":true,"href":"https:\/\/www.santafe.gob.ar\/ms\/impulsa\/wp-json\/wp\/v2\/localidad?post=314"},{"taxonomy":"matriz-productiva","embeddable":true,"href":"https:\/\/www.santafe.gob.ar\/ms\/impulsa\/wp-json\/wp\/v2\/matriz-productiva?post=314"}],"curies":[{"name":"wp","href":"https:\/\/api.w.org\/{rel}","templated":true}]}}

<p>La propuesta tiene como finalidad ampliar y complementar la propuesta inicial de procesos industriales primarios. Aborda principalmente contenidos vinculados a la autogestión, comunicación y cultura empresarial; transformación digital; planificación y logística. Además desarrolla talleres de fundición; corte y prensa plasma y laser; CNC; soldadura robot; hidráulica; pintura y armado.</p>

La capacitación se desarrollará en 14 encuentros de 3 horas reloj cada uno. El cursado teórico se realizará bajo la modalidad virtual y los talleres se desarrollarán de manera presencial.

Jóvenes y adultos mayores de 18 años de edad, sin conocimientos previos en la materia.
