{"id":315,"date":"2024-03-05T09:17:07","date_gmt":"2024-03-05T12:17:07","guid":{"rendered":"https:\/\/www.santafe.gob.ar\/ms\/impulsa\/?post_type=oferta-formativa&#038;p=315"},"modified":"2024-03-05T09:17:07","modified_gmt":"2024-03-05T12:17:07","slug":"procesos-industriales-electronicos","status":"publish","type":"oferta-formativa","link":"https:\/\/www.santafe.gob.ar\/ms\/impulsa\/oferta-formativa\/procesos-industriales-electronicos\/","title":{"rendered":"Procesos industriales electr\u00f3nicos"},"content":{"rendered":"<p>La capacitaci\u00f3n propone acercar a los j\u00f3venes y adultos al mundo de la industria electr\u00f3nica y de la maquinaria agr\u00edcola en general. Hace hincapi\u00e9 en las habilidades \u00abblandas\u00bb necesarias para desempe\u00f1arse en la industria y al conocimiento y entrenamiento en todos los procesos espec\u00edficos de la industria agrotr\u00f3nica y electr\u00f3nica en general.<\/p>\n","protected":false},"featured_media":316,"menu_order":0,"template":"","meta":{"_acf_changed":false,"_et_pb_use_builder":"","_et_pb_old_content":"","_et_gb_content_width":""},"destacado":[],"localidad":[15],"matriz-productiva":[10],"class_list":["post-315","oferta-formativa","type-oferta-formativa","status-publish","has-post-thumbnail","hentry","localidad-amstrong","matriz-productiva-agricultura-y-ganaderia"],"acf":{"matriz_productiva":[10],"institucion_oferente":"Empresa CRUCIANELLI S.A. y Gobierno de la Provincia de Santa Fe","horas_catedra":54,"horas_reloj":36,"modalidad":"La capcitaci\u00f3n se desarrollar\u00e1 en 12 encuentros presenciales de 3 horas reloj c\/u.","requisitos_de_ingreso":"J\u00f3venes y adultos mayores de 18 a\u00f1os de edad, sin conocimientos previos en la materia.","localidades_de_dictado":[15],"fecha_de_ingreso":"20240401","link_a_inscripcion":"","destacado":false},"_links":{"self":[{"href":"https:\/\/www.santafe.gob.ar\/ms\/impulsa\/wp-json\/wp\/v2\/oferta-formativa\/315","targetHints":{"allow":["GET"]}}],"collection":[{"href":"https:\/\/www.santafe.gob.ar\/ms\/impulsa\/wp-json\/wp\/v2\/oferta-formativa"}],"about":[{"href":"https:\/\/www.santafe.gob.ar\/ms\/impulsa\/wp-json\/wp\/v2\/types\/oferta-formativa"}],"acf:term":[{"embeddable":true,"taxonomy":"localidad","href":"https:\/\/www.santafe.gob.ar\/ms\/impulsa\/wp-json\/wp\/v2\/localidad\/15"},{"embeddable":true,"taxonomy":"matriz-productiva","href":"https:\/\/www.santafe.gob.ar\/ms\/impulsa\/wp-json\/wp\/v2\/matriz-productiva\/10"}],"wp:featuredmedia":[{"embeddable":true,"href":"https:\/\/www.santafe.gob.ar\/ms\/impulsa\/wp-json\/wp\/v2\/media\/316"}],"wp:attachment":[{"href":"https:\/\/www.santafe.gob.ar\/ms\/impulsa\/wp-json\/wp\/v2\/media?parent=315"}],"wp:term":[{"taxonomy":"destacado","embeddable":true,"href":"https:\/\/www.santafe.gob.ar\/ms\/impulsa\/wp-json\/wp\/v2\/destacado?post=315"},{"taxonomy":"localidad","embeddable":true,"href":"https:\/\/www.santafe.gob.ar\/ms\/impulsa\/wp-json\/wp\/v2\/localidad?post=315"},{"taxonomy":"matriz-productiva","embeddable":true,"href":"https:\/\/www.santafe.gob.ar\/ms\/impulsa\/wp-json\/wp\/v2\/matriz-productiva?post=315"}],"curies":[{"name":"wp","href":"https:\/\/api.w.org\/{rel}","templated":true}]}}

Procesos industriales electrónicos

<p>La capacitación propone acercar a los jóvenes y adultos al mundo de la industria electrónica y de la maquinaria agrícola en general. Hace hincapié en las habilidades «blandas» necesarias para desempeñarse en la industria y al conocimiento y entrenamiento en todos los procesos específicos de la industria agrotrónica y electrónica en general.</p>

La capcitación se desarrollará en 12 encuentros presenciales de 3 horas reloj c/u.

Jóvenes y adultos mayores de 18 años de edad, sin conocimientos previos en la materia.
