{"id":3385,"date":"2026-08-11T09:54:13","date_gmt":"2026-08-11T12:54:13","guid":{"rendered":"https:\/\/www.santafe.gob.ar\/ms\/impulsa\/?post_type=oferta-formativa&#038;p=3385"},"modified":"2026-08-26T07:45:59","modified_gmt":"2026-08-26T10:45:59","slug":"auxiliar-en-operaciones-en-torno-paralelo-nivel-avanzado","status":"publish","type":"oferta-formativa","link":"https:\/\/www.santafe.gob.ar\/ms\/impulsa\/oferta-formativa\/auxiliar-en-operaciones-en-torno-paralelo-nivel-avanzado\/","title":{"rendered":"AUXILIAR EN OPERACIONES EN TORNO PARALELO NIVEL AVANZADO"},"content":{"rendered":"<p><!-- FONDO MOSAICO --><\/p>\n<div style=\"position: absolute;top: 0;left: 0;right: 0;bottom: 0;background-image: url('https:\/\/www.santafe.gob.ar\/ms\/impulsa\/wp-content\/uploads\/sites\/67\/2026\/08\/FondoImpulsa.png');background-repeat: repeat;background-size: 120px auto;background-position: center;opacity: 0.1;z-index: 0\"><\/div>\n<div style=\"background: #d32f2f;color: #ffffff;text-align: center;font-weight: bold;font-size: 18px;padding: 12px 0;letter-spacing: 0.5px\"><strong>\ud83d\udeab INSCRIPCIONES FINALIZADAS<\/strong><\/div>\n<div><\/div>\n<div style=\"font-size: 15px;line-height: 1.6\"><strong>\ud83d\udcc5 Inicio: 20\/8\/2026<\/strong><\/div>\n<div><\/div>\n<div style=\"font-size: 15px;line-height: 1.6\"><strong>\ud83c\udfc1 Finalizaci\u00f3n:\u00a029\/10\/2026<\/strong><\/div>\n<hr \/>\n<div style=\"min-height: 320px\">\n<p><strong>Al finalizar el curso, se espera que el participante haya<br \/>\ndesarrollado las capacidades necesarias para: Efectuar las<br \/>\noperaciones necesarias para la fabricaci\u00f3n de piezas torneadas<br \/>\ncomplejas, y roscado, de acuerdo con el programa de producci\u00f3n<br \/>\nestablecido bajo requerimientos de calidad, higiene y seguridad<br \/>\nindustrial preservando el medioambiente.<\/strong><\/p>\n<\/div>\n<hr \/>\n<div style=\"background: url('https:\/\/www.santafe.gob.ar\/ms\/impulsa\/wp-content\/uploads\/sites\/67\/2026\/08\/franja.png') center center \/ cover no-repeat;height: 52px;line-height: 52px;padding: 0 12px;font-weight: bold;color: #ffffff;font-size: 14px\">Proy: 2 &#8211; 18 &#8211; 26<\/div>\n","protected":false},"featured_media":2550,"menu_order":0,"template":"","meta":{"_acf_changed":false,"_et_pb_use_builder":"","_et_pb_old_content":"","_et_gb_content_width":""},"destacado":[],"localidad":[38],"matriz-productiva":[24],"class_list":["post-3385","oferta-formativa","type-oferta-formativa","status-publish","has-post-thumbnail","hentry","localidad-esperanza","matriz-productiva-siderurgia-y-metalurgia"],"acf":{"matriz_productiva":[24],"institucion_oferente":"ITEC INSTITUTO TECNOLOGICO EL MOLINO","horas_catedra":"","horas_reloj":50,"modalidad":"Presencial","requisitos_de_ingreso":"\"Mayores de 18 a\u00f1os, Primario completo, preferentemente con capacidades de lectoescritura comprensiva y dominio de las cuatro operaciones matem\u00e1ticas b\u00e1sicas. Dirigido al grupo que aprob\u00f3 el curso de Auxiliar en Operaciones de Torno Paralelo Nivel B\u00e1sico en 2025.\"","localidades_de_dictado":[38],"fecha_de_ingreso":"20260820","link_a_inscripcion":"","destacado":false},"_links":{"self":[{"href":"https:\/\/www.santafe.gob.ar\/ms\/impulsa\/wp-json\/wp\/v2\/oferta-formativa\/3385","targetHints":{"allow":["GET"]}}],"collection":[{"href":"https:\/\/www.santafe.gob.ar\/ms\/impulsa\/wp-json\/wp\/v2\/oferta-formativa"}],"about":[{"href":"https:\/\/www.santafe.gob.ar\/ms\/impulsa\/wp-json\/wp\/v2\/types\/oferta-formativa"}],"acf:term":[{"embeddable":true,"taxonomy":"localidad","href":"https:\/\/www.santafe.gob.ar\/ms\/impulsa\/wp-json\/wp\/v2\/localidad\/38"},{"embeddable":true,"taxonomy":"matriz-productiva","href":"https:\/\/www.santafe.gob.ar\/ms\/impulsa\/wp-json\/wp\/v2\/matriz-productiva\/24"}],"wp:featuredmedia":[{"embeddable":true,"href":"https:\/\/www.santafe.gob.ar\/ms\/impulsa\/wp-json\/wp\/v2\/media\/2550"}],"wp:attachment":[{"href":"https:\/\/www.santafe.gob.ar\/ms\/impulsa\/wp-json\/wp\/v2\/media?parent=3385"}],"wp:term":[{"taxonomy":"destacado","embeddable":true,"href":"https:\/\/www.santafe.gob.ar\/ms\/impulsa\/wp-json\/wp\/v2\/destacado?post=3385"},{"taxonomy":"localidad","embeddable":true,"href":"https:\/\/www.santafe.gob.ar\/ms\/impulsa\/wp-json\/wp\/v2\/localidad?post=3385"},{"taxonomy":"matriz-productiva","embeddable":true,"href":"https:\/\/www.santafe.gob.ar\/ms\/impulsa\/wp-json\/wp\/v2\/matriz-productiva?post=3385"}],"curies":[{"name":"wp","href":"https:\/\/api.w.org\/{rel}","templated":true}]}}

<p><!-- FONDO MOSAICO --></p>
<div style="position: absolute;top: 0;left: 0;right: 0;bottom: 0;background-image: url('https://www.santafe.gob.ar/ms/impulsa/wp-content/uploads/sites/67/2026/08/FondoImpulsa.png');background-repeat: repeat;background-size: 120px auto;background-position: center;opacity: 0.1;z-index: 0"></div>
<div style="background: #d32f2f;color: #ffffff;text-align: center;font-weight: bold;font-size: 18px;padding: 12px 0;letter-spacing: 0.5px"><strong>🚫 INSCRIPCIONES FINALIZADAS</strong></div>
<div></div>
<div style="font-size: 15px;line-height: 1.6"><strong>📅 Inicio: 20/8/2026</strong></div>
<div></div>
<div style="font-size: 15px;line-height: 1.6"><strong>🏁 Finalización: 29/10/2026</strong></div>
<hr />
<div style="min-height: 320px">
<p><strong>Al finalizar el curso, se espera que el participante haya<br />
desarrollado las capacidades necesarias para: Efectuar las<br />
operaciones necesarias para la fabricación de piezas torneadas<br />
complejas, y roscado, de acuerdo con el programa de producción<br />
establecido bajo requerimientos de calidad, higiene y seguridad<br />
industrial preservando el medioambiente.</strong></p>
</div>
<hr />
<div style="background: url('https://www.santafe.gob.ar/ms/impulsa/wp-content/uploads/sites/67/2026/08/franja.png') center center / cover no-repeat;height: 52px;line-height: 52px;padding: 0 12px;font-weight: bold;color: #ffffff;font-size: 14px">Proy: 2 &#8211; 18 &#8211; 26</div>

"Mayores de 18 años, Primario completo, preferentemente con capacidades de lectoescritura comprensiva y dominio de las cuatro operaciones matemáticas básicas. Dirigido al grupo que aprobó el curso de Auxiliar en Operaciones de Torno Paralelo Nivel Básico en 2025."
