{"id":3390,"date":"2026-08-11T08:37:00","date_gmt":"2026-08-11T11:37:00","guid":{"rendered":"https:\/\/www.santafe.gob.ar\/ms\/impulsa\/?post_type=oferta-formativa&#038;p=3390"},"modified":"2026-08-18T10:09:09","modified_gmt":"2026-08-18T13:09:09","slug":"auxiliar-soldador-metalmecanico-con-proceso-tig","status":"publish","type":"oferta-formativa","link":"https:\/\/www.santafe.gob.ar\/ms\/impulsa\/oferta-formativa\/auxiliar-soldador-metalmecanico-con-proceso-tig\/","title":{"rendered":"AUXILIAR SOLDADOR METALMECANICO CON PROCESO TIG"},"content":{"rendered":"<p><!-- FONDO MOSAICO --><\/p>\n<div style=\"position: absolute;top: 0;left: 0;right: 0;bottom: 0;background-image: url('https:\/\/www.santafe.gob.ar\/ms\/impulsa\/wp-content\/uploads\/sites\/67\/2026\/08\/FondoImpulsa.png');background-repeat: repeat;background-size: 120px auto;background-position: center;opacity: 0.1;z-index: 0\"><\/div>\n<div style=\"background: #d32f2f;color: #ffffff;text-align: center;font-weight: bold;font-size: 18px;padding: 12px 0;letter-spacing: 0.5px\">\ud83d\udeab INSCRIPCIONES FINALIZADAS<\/div>\n<div style=\"font-size: 15px;line-height: 1.6\">\ud83d\udcc5 <strong>Inicio: 18\/08\/2026<\/strong><br \/>\n\ud83c\udfc1 <strong>Finalizaci\u00f3n: 23\/10\/2026<\/strong><\/div>\n<hr \/>\n<div style=\"min-height: 320px\">\n<p><span data-sheets-root=\"1\">Realizar uniones de soldadura de ra\u00edz y terminaci\u00f3n en ca\u00f1o en<br \/>\ndiferentes posiciones hasta lograr una probeta con calidad<br \/>\nradiogr\u00e1fica y cumpliendo con los requisitos de los c\u00f3digos de<br \/>\nfabricaci\u00f3n ASME. \u2022 Realizar uniones soldadas en materiales de<br \/>\nacero al carbono de diferentes espesores y relleno de superficies<br \/>\nmediante equipos de soldadura por arco bajo gas protector inerte<br \/>\ny electrodo de Tugsteno (TIG), de acuerdo a la documentaci\u00f3n<br \/>\nt\u00e9cnica especificada y considerando las normas de seguridad,<br \/>\nhigiene y cuidado del medio ambiente vigentes.<\/span><\/p>\n<\/div>\n<hr \/>\n<div style=\"background: url('https:\/\/www.santafe.gob.ar\/ms\/impulsa\/wp-content\/uploads\/sites\/67\/2026\/08\/franja.png') center center \/ cover no-repeat;height: 52px;line-height: 52px;padding: 0 12px;font-weight: bold;color: #ffffff;font-size: 14px\">Proy: 2 &#8211; 33 &#8211; 26<\/div>\n","protected":false},"featured_media":1544,"menu_order":0,"template":"","meta":{"_acf_changed":false,"_et_pb_use_builder":"","_et_pb_old_content":"","_et_gb_content_width":""},"destacado":[],"localidad":[38],"matriz-productiva":[24],"class_list":["post-3390","oferta-formativa","type-oferta-formativa","status-publish","has-post-thumbnail","hentry","localidad-esperanza","matriz-productiva-siderurgia-y-metalurgia"],"acf":{"matriz_productiva":[24],"institucion_oferente":"ITEC INSTITUTO TECNOLOGICO EL MOLINO","horas_catedra":"","horas_reloj":80,"modalidad":"Presencial","requisitos_de_ingreso":"\"Mayores de 18 a\u00f1os, Primario completo, preferentemente con un m\u00ednimo conocimiento en lectura e interpretaci\u00f3n de planos y cuestiones b\u00e1sicas de higiene y seguridad.\"","localidades_de_dictado":[38],"fecha_de_ingreso":"20260818","link_a_inscripcion":"","destacado":false},"_links":{"self":[{"href":"https:\/\/www.santafe.gob.ar\/ms\/impulsa\/wp-json\/wp\/v2\/oferta-formativa\/3390","targetHints":{"allow":["GET"]}}],"collection":[{"href":"https:\/\/www.santafe.gob.ar\/ms\/impulsa\/wp-json\/wp\/v2\/oferta-formativa"}],"about":[{"href":"https:\/\/www.santafe.gob.ar\/ms\/impulsa\/wp-json\/wp\/v2\/types\/oferta-formativa"}],"acf:term":[{"embeddable":true,"taxonomy":"localidad","href":"https:\/\/www.santafe.gob.ar\/ms\/impulsa\/wp-json\/wp\/v2\/localidad\/38"},{"embeddable":true,"taxonomy":"matriz-productiva","href":"https:\/\/www.santafe.gob.ar\/ms\/impulsa\/wp-json\/wp\/v2\/matriz-productiva\/24"}],"wp:featuredmedia":[{"embeddable":true,"href":"https:\/\/www.santafe.gob.ar\/ms\/impulsa\/wp-json\/wp\/v2\/media\/1544"}],"wp:attachment":[{"href":"https:\/\/www.santafe.gob.ar\/ms\/impulsa\/wp-json\/wp\/v2\/media?parent=3390"}],"wp:term":[{"taxonomy":"destacado","embeddable":true,"href":"https:\/\/www.santafe.gob.ar\/ms\/impulsa\/wp-json\/wp\/v2\/destacado?post=3390"},{"taxonomy":"localidad","embeddable":true,"href":"https:\/\/www.santafe.gob.ar\/ms\/impulsa\/wp-json\/wp\/v2\/localidad?post=3390"},{"taxonomy":"matriz-productiva","embeddable":true,"href":"https:\/\/www.santafe.gob.ar\/ms\/impulsa\/wp-json\/wp\/v2\/matriz-productiva?post=3390"}],"curies":[{"name":"wp","href":"https:\/\/api.w.org\/{rel}","templated":true}]}}

<p><!-- FONDO MOSAICO --></p>
<div style="position: absolute;top: 0;left: 0;right: 0;bottom: 0;background-image: url('https://www.santafe.gob.ar/ms/impulsa/wp-content/uploads/sites/67/2026/08/FondoImpulsa.png');background-repeat: repeat;background-size: 120px auto;background-position: center;opacity: 0.1;z-index: 0"></div>
<div style="background: #d32f2f;color: #ffffff;text-align: center;font-weight: bold;font-size: 18px;padding: 12px 0;letter-spacing: 0.5px">🚫 INSCRIPCIONES FINALIZADAS</div>
<div style="font-size: 15px;line-height: 1.6">📅 <strong>Inicio: 18/08/2026</strong><br />
🏁 <strong>Finalización: 23/10/2026</strong></div>
<hr />
<div style="min-height: 320px">
<p><span data-sheets-root="1">Realizar uniones de soldadura de raíz y terminación en caño en<br />
diferentes posiciones hasta lograr una probeta con calidad<br />
radiográfica y cumpliendo con los requisitos de los códigos de<br />
fabricación ASME. • Realizar uniones soldadas en materiales de<br />
acero al carbono de diferentes espesores y relleno de superficies<br />
mediante equipos de soldadura por arco bajo gas protector inerte<br />
y electrodo de Tugsteno (TIG), de acuerdo a la documentación<br />
técnica especificada y considerando las normas de seguridad,<br />
higiene y cuidado del medio ambiente vigentes.</span></p>
</div>
<hr />
<div style="background: url('https://www.santafe.gob.ar/ms/impulsa/wp-content/uploads/sites/67/2026/08/franja.png') center center / cover no-repeat;height: 52px;line-height: 52px;padding: 0 12px;font-weight: bold;color: #ffffff;font-size: 14px">Proy: 2 &#8211; 33 &#8211; 26</div>

"Mayores de 18 años, Primario completo, preferentemente con un mínimo conocimiento en lectura e interpretación de planos y cuestiones básicas de higiene y seguridad."
