{"id":3392,"date":"2026-08-24T13:43:48","date_gmt":"2026-08-24T16:43:48","guid":{"rendered":"https:\/\/www.santafe.gob.ar\/ms\/impulsa\/?post_type=oferta-formativa&#038;p=3392"},"modified":"2026-08-24T13:43:48","modified_gmt":"2026-08-24T16:43:48","slug":"capacitacion-laboral-en-jardineria-y-arbolado-urbano","status":"publish","type":"oferta-formativa","link":"https:\/\/www.santafe.gob.ar\/ms\/impulsa\/oferta-formativa\/capacitacion-laboral-en-jardineria-y-arbolado-urbano\/","title":{"rendered":"CAPACITACION LABORAL EN JARDINERIA Y ARBOLADO URBANO"},"content":{"rendered":"<p><!-- FONDO MOSAICO --><\/p>\n<div style=\"position: absolute;top: 0;left: 0;right: 0;bottom: 0;background-image: url('https:\/\/www.santafe.gob.ar\/ms\/impulsa\/wp-content\/uploads\/sites\/67\/2026\/08\/FondoImpulsa.png');background-repeat: repeat;background-size: 120px auto;background-position: center;opacity: 0.1;z-index: 0\"><\/div>\n<div style=\"font-size: 15px;line-height: 1.6\">\ud83d\udcc5 <strong>Inicio:\u00a021\/9\/2026<\/strong><br \/>\n\ud83c\udfc1 <strong>Finalizaci\u00f3n: 7\/12\/2026<\/strong><\/div>\n<hr \/>\n<div style=\"min-height: 320px\">\n<p><span data-sheets-root=\"1\">El egresado podr\u00e1 aplicar sus conocimientos para realizar,<br \/>\ntrabajos de embellecimiento de jardines y patios ,podas,<br \/>\nmantenimiento, trabajar en viveros o iniciar su propia producci\u00f3n<br \/>\nde plantas.<br \/>\n<\/span><\/p>\n<\/div>\n<hr \/>\n<div style=\"background: url('https:\/\/www.santafe.gob.ar\/ms\/impulsa\/wp-content\/uploads\/sites\/67\/2026\/08\/franja.png') center center \/ cover no-repeat;height: 52px;line-height: 52px;padding: 0 12px;font-weight: bold;color: #ffffff;font-size: 14px\">Proy: 2 &#8211; 36 &#8211; 26<\/div>\n","protected":false},"featured_media":1632,"menu_order":0,"template":"","meta":{"_acf_changed":false,"_et_pb_use_builder":"","_et_pb_old_content":"","_et_gb_content_width":""},"destacado":[],"localidad":[118],"matriz-productiva":[],"class_list":["post-3392","oferta-formativa","type-oferta-formativa","status-publish","has-post-thumbnail","hentry","localidad-helvecia"],"acf":{"matriz_productiva":false,"institucion_oferente":"COMUNA DE HELVECIA","horas_catedra":"","horas_reloj":85,"modalidad":"Presencial","requisitos_de_ingreso":"\"Los beneficiarios deber\u00e1n ser mayores de 16 a\u00f1os, encontrarse trabajando en actividad a fin o que tenga inter\u00e9s en capacitarse para una salida laboral en base a la capacitaci\u00f3n.\"","localidades_de_dictado":[118],"fecha_de_ingreso":"20260921","link_a_inscripcion":"https:\/\/docs.google.com\/forms\/d\/11kymgnLaXESQgg2lBZoIrSxmVxyT4woU4K5YNNlEa_w\/viewform","destacado":false},"_links":{"self":[{"href":"https:\/\/www.santafe.gob.ar\/ms\/impulsa\/wp-json\/wp\/v2\/oferta-formativa\/3392","targetHints":{"allow":["GET"]}}],"collection":[{"href":"https:\/\/www.santafe.gob.ar\/ms\/impulsa\/wp-json\/wp\/v2\/oferta-formativa"}],"about":[{"href":"https:\/\/www.santafe.gob.ar\/ms\/impulsa\/wp-json\/wp\/v2\/types\/oferta-formativa"}],"acf:term":[{"embeddable":true,"taxonomy":"localidad","href":"https:\/\/www.santafe.gob.ar\/ms\/impulsa\/wp-json\/wp\/v2\/localidad\/118"}],"wp:featuredmedia":[{"embeddable":true,"href":"https:\/\/www.santafe.gob.ar\/ms\/impulsa\/wp-json\/wp\/v2\/media\/1632"}],"wp:attachment":[{"href":"https:\/\/www.santafe.gob.ar\/ms\/impulsa\/wp-json\/wp\/v2\/media?parent=3392"}],"wp:term":[{"taxonomy":"destacado","embeddable":true,"href":"https:\/\/www.santafe.gob.ar\/ms\/impulsa\/wp-json\/wp\/v2\/destacado?post=3392"},{"taxonomy":"localidad","embeddable":true,"href":"https:\/\/www.santafe.gob.ar\/ms\/impulsa\/wp-json\/wp\/v2\/localidad?post=3392"},{"taxonomy":"matriz-productiva","embeddable":true,"href":"https:\/\/www.santafe.gob.ar\/ms\/impulsa\/wp-json\/wp\/v2\/matriz-productiva?post=3392"}],"curies":[{"name":"wp","href":"https:\/\/api.w.org\/{rel}","templated":true}]}}

<p><!-- FONDO MOSAICO --></p>
<div style="position: absolute;top: 0;left: 0;right: 0;bottom: 0;background-image: url('https://www.santafe.gob.ar/ms/impulsa/wp-content/uploads/sites/67/2026/08/FondoImpulsa.png');background-repeat: repeat;background-size: 120px auto;background-position: center;opacity: 0.1;z-index: 0"></div>
<div style="font-size: 15px;line-height: 1.6">📅 <strong>Inicio: 21/9/2026</strong><br />
🏁 <strong>Finalización: 7/12/2026</strong></div>
<hr />
<div style="min-height: 320px">
<p><span data-sheets-root="1">El egresado podrá aplicar sus conocimientos para realizar,<br />
trabajos de embellecimiento de jardines y patios ,podas,<br />
mantenimiento, trabajar en viveros o iniciar su propia producción<br />
de plantas.<br />
</span></p>
</div>
<hr />
<div style="background: url('https://www.santafe.gob.ar/ms/impulsa/wp-content/uploads/sites/67/2026/08/franja.png') center center / cover no-repeat;height: 52px;line-height: 52px;padding: 0 12px;font-weight: bold;color: #ffffff;font-size: 14px">Proy: 2 &#8211; 36 &#8211; 26</div>

"Los beneficiarios deberán ser mayores de 16 años, encontrarse trabajando en actividad a fin o que tenga interés en capacitarse para una salida laboral en base a la capacitación."
