{"id":3394,"date":"2026-08-11T08:39:57","date_gmt":"2026-08-11T11:39:57","guid":{"rendered":"https:\/\/www.santafe.gob.ar\/ms\/impulsa\/?post_type=oferta-formativa&#038;p=3394"},"modified":"2026-08-24T10:03:10","modified_gmt":"2026-08-24T13:03:10","slug":"tapiceria-nivel-basico-3","status":"publish","type":"oferta-formativa","link":"https:\/\/www.santafe.gob.ar\/ms\/impulsa\/oferta-formativa\/tapiceria-nivel-basico-3\/","title":{"rendered":"TAPICERIA NIVEL B\u00c1SICO"},"content":{"rendered":"<p><!-- FONDO MOSAICO --><\/p>\n<div style=\"position: absolute;top: 0;left: 0;right: 0;bottom: 0;background-image: url('https:\/\/www.santafe.gob.ar\/ms\/impulsa\/wp-content\/uploads\/sites\/67\/2026\/08\/FondoImpulsa.png');background-repeat: repeat;background-size: 120px auto;background-position: center;opacity: 0.1;z-index: 0\"><\/div>\n<div style=\"background: #d32f2f;color: #ffffff;text-align: center;font-weight: bold;font-size: 18px;padding: 12px 0;letter-spacing: 0.5px\">\ud83d\udeab INSCRIPCIONES FINALIZADAS<\/div>\n<div style=\"font-size: 15px;line-height: 1.6\">\ud83d\udcc5 <strong>Inicio: 24\/08\/2026<\/strong><br \/>\n\ud83c\udfc1 <strong>Finalizaci\u00f3n: 16\/11\/2026<\/strong><\/div>\n<hr \/>\n<div style=\"min-height: 320px\">\n<p><strong>\u00abConocer las competencias del tapicero para desarrollar sus<br \/>\nactividades y contribuir a la mejora continua de la organizaci\u00f3n.<br \/>\n\u2022 Organizar el espacio de trabajo teniendo en cuenta las<br \/>\nnecesidades de insumos, herramientas y equipos seg\u00fan la orden de<br \/>\ntrabajo o pedido. \u2022 Evaluar el estado de la estructura, relleno y<br \/>\nresortes para decidir la realizaci\u00f3n del tapizado sin perder<br \/>\ncalidad en el producto final. \u2022 Evaluar el estado de los<br \/>\nmateriales y los insumos aplicando criterios de calidad para la<br \/>\nelaboraci\u00f3n del producto solicitado. \u2022 Elaborar croquis o dibujos<br \/>\npara solicitar el armado de la estructura seg\u00fan orden de trabajo.\u00bb<\/strong><\/p>\n<\/div>\n<hr \/>\n<div style=\"background: url('https:\/\/www.santafe.gob.ar\/ms\/impulsa\/wp-content\/uploads\/sites\/67\/2026\/08\/franja.png') center center \/ cover no-repeat;height: 52px;line-height: 52px;padding: 0 12px;font-weight: bold;color: #ffffff;font-size: 14px\">Proy: 2 &#8211; 42 &#8211; 26<\/div>\n","protected":false},"featured_media":2551,"menu_order":0,"template":"","meta":{"_acf_changed":false,"_et_pb_use_builder":"","_et_pb_old_content":"","_et_gb_content_width":""},"destacado":[],"localidad":[38],"matriz-productiva":[171],"class_list":["post-3394","oferta-formativa","type-oferta-formativa","status-publish","has-post-thumbnail","hentry","localidad-esperanza","matriz-productiva-industria-manufacturera"],"acf":{"matriz_productiva":[171],"institucion_oferente":"ITEC INSTITUTO TECNOLOGICO EL MOLINO","horas_catedra":"","horas_reloj":60,"modalidad":"Presencial","requisitos_de_ingreso":"\"J\u00f3venes mayores de 18 a\u00f1os y adultos con lecto-comprensi\u00f3n y c\u00e1lculos matem\u00e1ticos b\u00e1sicos, con o sin experiencia laboral en el campo.\"","localidades_de_dictado":[38],"fecha_de_ingreso":"20260824","link_a_inscripcion":"","destacado":false},"_links":{"self":[{"href":"https:\/\/www.santafe.gob.ar\/ms\/impulsa\/wp-json\/wp\/v2\/oferta-formativa\/3394","targetHints":{"allow":["GET"]}}],"collection":[{"href":"https:\/\/www.santafe.gob.ar\/ms\/impulsa\/wp-json\/wp\/v2\/oferta-formativa"}],"about":[{"href":"https:\/\/www.santafe.gob.ar\/ms\/impulsa\/wp-json\/wp\/v2\/types\/oferta-formativa"}],"acf:term":[{"embeddable":true,"taxonomy":"localidad","href":"https:\/\/www.santafe.gob.ar\/ms\/impulsa\/wp-json\/wp\/v2\/localidad\/38"},{"embeddable":true,"taxonomy":"matriz-productiva","href":"https:\/\/www.santafe.gob.ar\/ms\/impulsa\/wp-json\/wp\/v2\/matriz-productiva\/171"}],"wp:featuredmedia":[{"embeddable":true,"href":"https:\/\/www.santafe.gob.ar\/ms\/impulsa\/wp-json\/wp\/v2\/media\/2551"}],"wp:attachment":[{"href":"https:\/\/www.santafe.gob.ar\/ms\/impulsa\/wp-json\/wp\/v2\/media?parent=3394"}],"wp:term":[{"taxonomy":"destacado","embeddable":true,"href":"https:\/\/www.santafe.gob.ar\/ms\/impulsa\/wp-json\/wp\/v2\/destacado?post=3394"},{"taxonomy":"localidad","embeddable":true,"href":"https:\/\/www.santafe.gob.ar\/ms\/impulsa\/wp-json\/wp\/v2\/localidad?post=3394"},{"taxonomy":"matriz-productiva","embeddable":true,"href":"https:\/\/www.santafe.gob.ar\/ms\/impulsa\/wp-json\/wp\/v2\/matriz-productiva?post=3394"}],"curies":[{"name":"wp","href":"https:\/\/api.w.org\/{rel}","templated":true}]}}

TAPICERIA NIVEL BÁSICO

<p><!-- FONDO MOSAICO --></p>
<div style="position: absolute;top: 0;left: 0;right: 0;bottom: 0;background-image: url('https://www.santafe.gob.ar/ms/impulsa/wp-content/uploads/sites/67/2026/08/FondoImpulsa.png');background-repeat: repeat;background-size: 120px auto;background-position: center;opacity: 0.1;z-index: 0"></div>
<div style="background: #d32f2f;color: #ffffff;text-align: center;font-weight: bold;font-size: 18px;padding: 12px 0;letter-spacing: 0.5px">🚫 INSCRIPCIONES FINALIZADAS</div>
<div style="font-size: 15px;line-height: 1.6">📅 <strong>Inicio: 24/08/2026</strong><br />
🏁 <strong>Finalización: 16/11/2026</strong></div>
<hr />
<div style="min-height: 320px">
<p><strong>«Conocer las competencias del tapicero para desarrollar sus<br />
actividades y contribuir a la mejora continua de la organización.<br />
• Organizar el espacio de trabajo teniendo en cuenta las<br />
necesidades de insumos, herramientas y equipos según la orden de<br />
trabajo o pedido. • Evaluar el estado de la estructura, relleno y<br />
resortes para decidir la realización del tapizado sin perder<br />
calidad en el producto final. • Evaluar el estado de los<br />
materiales y los insumos aplicando criterios de calidad para la<br />
elaboración del producto solicitado. • Elaborar croquis o dibujos<br />
para solicitar el armado de la estructura según orden de trabajo.»</strong></p>
</div>
<hr />
<div style="background: url('https://www.santafe.gob.ar/ms/impulsa/wp-content/uploads/sites/67/2026/08/franja.png') center center / cover no-repeat;height: 52px;line-height: 52px;padding: 0 12px;font-weight: bold;color: #ffffff;font-size: 14px">Proy: 2 &#8211; 42 &#8211; 26</div>

"Jóvenes mayores de 18 años y adultos con lecto-comprensión y cálculos matemáticos básicos, con o sin experiencia laboral en el campo."
